{"id":1019,"date":"2020-02-17T14:17:10","date_gmt":"2020-02-17T14:17:10","guid":{"rendered":"https:\/\/vetomshop.hu\/?page_id=1019"},"modified":"2024-05-23T10:56:21","modified_gmt":"2024-05-23T08:56:21","slug":"a-vetom-probiotikum-tortenete","status":"publish","type":"page","link":"https:\/\/vetomshop.hu\/da\/a-vetom-probiotikum-tortenete\/","title":{"rendered":"Historien om Vetom probiotic"},"content":{"rendered":"<h3>A <em>Bacillus<\/em> bakt\u00e9riumok ut\u00e1n t\u00f6rt\u00e9n\u0151 kutat\u00e1sok \u00e9s azok alapj\u00e1n l\u00e9trehozott els\u0151 \u201e\u00e9l\u0151\u201d k\u00e9sz\u00edtm\u00e9nyek az 1930-as \u00e9vekre tehet\u0151.<\/h3>\n<p><img loading=\"lazy\" decoding=\"async\" class=\"wp-image-3790 alignleft\" src=\"https:\/\/vetomshop.hu\/wp-content\/uploads\/2023\/02\/bacterio.jpg\" alt=\"\" width=\"655\" height=\"326\" srcset=\"https:\/\/vetomshop.hu\/wp-content\/uploads\/2023\/02\/bacterio.jpg 1500w, https:\/\/vetomshop.hu\/wp-content\/uploads\/2023\/02\/bacterio-300x149.jpg 300w, https:\/\/vetomshop.hu\/wp-content\/uploads\/2023\/02\/bacterio-1024x509.jpg 1024w, https:\/\/vetomshop.hu\/wp-content\/uploads\/2023\/02\/bacterio-768x382.jpg 768w, https:\/\/vetomshop.hu\/wp-content\/uploads\/2023\/02\/bacterio-1320x656.jpg 1320w, https:\/\/vetomshop.hu\/wp-content\/uploads\/2023\/02\/bacterio-600x298.jpg 600w\" sizes=\"auto, (max-width: 655px) 100vw, 655px\" \/>1939-ben a Wermacht seregei Afrik\u00e1ban tal\u00e1lkoztak a v\u00e9rhas probl\u00e9m\u00e1j\u00e1val. A megbeteged\u00e9s \u00e9rintette mindk\u00e9t f\u00e9l sereg\u00e9t. A bajt els\u0151nek az arabok sz\u00fcntett\u00e9k meg. Hat\u00e9kony gy\u00f3gy k\u00e9sz\u00edtm\u00e9nyk\u00e9nt a tev\u00e9k tr\u00e1gy\u00e1j\u00e1t alkalmazt\u00e1k. A n\u00e9metek a tevetr\u00e1gy\u00e1t nem voltak hajland\u00f3k fogyasztani, viszont r\u00e1j\u00f6ttek, miben rejlik ezen gy\u00f3gy k\u00e9sz\u00edtm\u00e9ny kit\u0171n\u0151 hat\u00e9konys\u00e1ga. Hat\u00f3anyagk\u00e9nt a\u00a0 <em>Bacillus subtilis<\/em> mikroorganizmus bizonyult, mely k\u00e9pes elnyomni a v\u00e9rhas okoz\u00f3inak kifejl\u0151d\u00e9s\u00e9t \u00e9s szaporod\u00e1s\u00e1t. Ezen bakt\u00e9rium alapj\u00e1n a n\u00e9met tud\u00f3sok l\u00e9trehoztak egy probiotikum k\u00e9sz\u00edtm\u00e9nyt, melyet a tov\u00e1bbiakban sz\u00e9les k\u00f6rben alkalmaztak a hadseregben a v\u00e9rhas megel\u0151z\u00e9s\u00e9re. A hitleri N\u00e9metorsz\u00e1g sz\u00e9tz\u00faz\u00e1s\u00e1t k\u00f6vet\u0151en a probiotikum gy\u00e1rt\u00e1s\u00e1nak technol\u00f3gi\u00e1j\u00e1t az amerikaiak szerezt\u00e9k meg.<\/p>\n<h3>Viszont a Szovjetuni\u00f3ban sem hagyt\u00e1k t\u00e9tlen\u00fcl az esem\u00e9nyt.<\/h3>\n<p>A M\u00e1sodik Vil\u00e1gh\u00e1bor\u00fa v\u00e9gezt\u00e9vel nagy er\u0151k lettek mozg\u00f3s\u00edtva a modern fegyverek, k\u00f6zt\u00fck a biol\u00f3giai fegyverek elleni v\u00e9dekez\u00e9sre. Az embereknek a biog\u00e9n jelleg\u0171 katasztr\u00f3f\u00e1k, ezen bel\u00fcl a biol\u00f3giai fegyverek elleni v\u00e9dekez\u00e9sre szolg\u00e1l\u00f3 k\u00e9sz\u00edtm\u00e9nyek kidolgoz\u00e1sa c\u00e9lj\u00e1b\u00f3l 1974-ben egy hatalmas titkos szervezet lett alap\u00edtva &#8211; a Mikrobioprom. A Mikrobioprom rendszer\u00e9be beletartoztak a m\u00e1r akkor l\u00e9tez\u0151 tudom\u00e1nyos int\u00e9zetek, mint az \u00fajonnan l\u00e9trehozott specializ\u00e1lt tudom\u00e1nyos mikrobiol\u00f3giai k\u00f6zpontok \u00e9s a biok\u00e9sz\u00edtm\u00e9nyeket legy\u00e1rt\u00f3 gy\u00e1rak. A Mikrobioprom vezet\u0151 int\u00e9zm\u00e9nye a \u201eVektor\u201d v\u00e1llalat volt, mely a Novoszibirszk melletti Kolcovo k\u00f6zs\u00e9gben m\u0171k\u00f6d\u00f6tt. Ezen int\u00e9zm\u00e9ny m\u00e9retei m\u00e9g manaps\u00e1g is leny\u0171g\u00f6z\u0151ek. A \u201eVektor\u201d int\u00e9zm\u00e9nnyel p\u00e1rhuzamosan, m\u00e9g \u00f6t m\u00e1sik int\u00e9zm\u00e9ny is \u00e9p\u00fclt \u00e9s fejl\u0151d\u00f6tt. Ez\u00e9rt a Szovjetuni\u00f3 viszonylag nagyon r\u00f6vid id\u0151n bel\u00fcl a vezet\u0151 helyet foglalta el vil\u00e1gviszonylatban a mikrobiol\u00f3gia ter\u00fclet\u00e9n.<\/p>\n<p><img loading=\"lazy\" decoding=\"async\" class=\"alignright wp-image-5499\" src=\"https:\/\/vetomshop.hu\/wp-content\/uploads\/2024\/04\/biotechnology.jpg\" alt=\"\" width=\"660\" height=\"369\" srcset=\"https:\/\/vetomshop.hu\/wp-content\/uploads\/2024\/04\/biotechnology.jpg 1000w, https:\/\/vetomshop.hu\/wp-content\/uploads\/2024\/04\/biotechnology-300x168.jpg 300w, https:\/\/vetomshop.hu\/wp-content\/uploads\/2024\/04\/biotechnology-768x429.jpg 768w, https:\/\/vetomshop.hu\/wp-content\/uploads\/2024\/04\/biotechnology-600x335.jpg 600w\" sizes=\"auto, (max-width: 660px) 100vw, 660px\" \/>Nevezetesen az 1990-es \u00e9vek elej\u00e9n a \u201eVektorban\u201d az emberis\u00e9g t\u00f6rt\u00e9nelm\u00e9ben els\u0151k\u00e9nt sikeresen hozt\u00e1k l\u00e9tre egy mesters\u00e9ges \u00e9l\u0151 objektumot \u2013 \u201e plazmidot \u201e , mely az emberi leukocit\u00e1ris interferon-alfa-2 l\u00e9trehoz\u00f3ja, ami az immunrendszer alapvet\u0151 feh\u00e9rj\u00e9je, s amit sikeresen be\u00e9p\u00edtettek a \u00a0<em>Bacillus subtilis<\/em> mikr\u00f3ba sejtj\u00e9be. Ennek eredm\u00e9nyek\u00e9nt megjelent a \u00a0rekombin\u00e1t v\u00e1ltozat, mely k\u00e9pes el\u0151\u00e1ll\u00edtani mintegy 70 antibiotikumot, valamint a fermentumok \u00e9s interferonok sz\u00e9les sk\u00e1l\u00e1j\u00e1t. Ezen t\u00f6rzs sp\u00f3ra k\u00e9p\u00e9ben s\u00e9r\u00fcl\u00e9s n\u00e9lk\u00fcl \u00e1thatol a gyomorsavon \u00e9s a nyomb\u00e9l l\u00fagj\u00e1n \u00e9s a vastagb\u00e9lben aktiviz\u00e1l\u00f3dik.<\/p>\n<p>Ezen probiotikum-k\u00e9sz\u00edtm\u00e9nyt, mely az eml\u00edtett probiotikum alapj\u00e1n k\u00e9sz\u00fclt, \u201eSubalin\u201d n\u00e9ven nevezt\u00e9k el. \u00c9s mi t\u00f6rt\u00e9nt ezut\u00e1n, mindenki tudja. A Szovjetuni\u00f3 rossz dolgot m\u0171velt, elkezd\u0151dtek a piaci reformok \u00e9s a Mikrobioprom nem kellett a hat\u00f3s\u00e1goknak. Viszont a \u201eVektor\u201d kellett az USA \u00e1llami szerveinek. H\u00e1rom \u00e9ven kereszt\u00fcl a \u201eVektor\u201d ter\u00fclet\u00e9n a k\u00fclf\u00f6ldi szakemberek tanulm\u00e1nyozt\u00e1k, ellen\u0151rizt\u00e9k, adatokat gy\u0171jt\u00f6ttek. Term\u00e9szetesen a \u201eSubalin\u201d nem tudott bet\u00f6rni a piacra. Annak \u00e9rdek\u00e9ben, hogy a \u201eVektor\u201d kutat\u00e1sainak legal\u00e1bb egy r\u00e9sze ne vesszen el, ez nagyr\u00e9szt annak l\u00e9trehoz\u00f3ja, Lev Sztepanovics Szanhahcsiev \u00e9rdeme \u2013 a \u201eSubalin\u201d egyik l\u00e9trehoz\u00f3ja. A \u201eVektor\u201d k\u00fcl\u00f6n\u00e1ll\u00f3 egys\u00e9geib\u0151l Szanhahcsiev l\u00e9trehozott j\u00f3 n\u00e9h\u00e1ny priv\u00e1t c\u00e9get, melyek megtanultak a priv\u00e1t vonalon t\u00fal\u00e9lni. Nagyj\u00e1b\u00f3l a fel\u00e9nek ez siker\u00fclt is.<\/p>\n<h3>Ezek k\u00f6z\u00e9 tartozik a K\u00f6zponti Tudom\u00e1nyos &#8211; \u201eKutat\u00f3 k\u00f6zpont\u201d, mely t\u00f6bbek k\u00f6z\u00f6tt a mikrobiol\u00f3giai \u00e9s genetikai t\u00e9m\u00e1ban a t\u00f6bb mint 50 feltal\u00e1l\u00e1st regisztr\u00e1l\u00f3 Alekszandr Ivanovics Leljak mikrobiol\u00f3gus \u00e9s genetikus jegyzett.<\/h3>\n<p>\u00c9ppens\u00e9ggel ezen v\u00e1llalatra h\u00e1rult az \u00e9l\u0151 k\u00e9sz\u00edtm\u00e9nyek t\u00e9m\u00e1ja, ezek tov\u00e1bbi tanulm\u00e1nyoz\u00e1sa, l\u00e9trehoz\u00e1suk megszervez\u00e9se. Az elm\u00falt 20 \u00e9v sor\u00e1n a Kutat\u00f3 k\u00f6zpont, melyben jelenleg t\u00f6bb mint k\u00e9tsz\u00e1z szakember dolgozik, kidolgozta a jelen piaci felt\u00e9telekhez val\u00f3 alkalmazkod\u00e1st.<\/p>\n<p><img loading=\"lazy\" decoding=\"async\" class=\"wp-image-5500  alignleft\" src=\"https:\/\/vetomshop.hu\/wp-content\/uploads\/2024\/04\/probioticum.jpg\" alt=\"\" width=\"656\" height=\"378\" srcset=\"https:\/\/vetomshop.hu\/wp-content\/uploads\/2024\/04\/probioticum.jpg 1024w, https:\/\/vetomshop.hu\/wp-content\/uploads\/2024\/04\/probioticum-300x173.jpg 300w, https:\/\/vetomshop.hu\/wp-content\/uploads\/2024\/04\/probioticum-768x443.jpg 768w, https:\/\/vetomshop.hu\/wp-content\/uploads\/2024\/04\/probioticum-600x346.jpg 600w\" sizes=\"auto, (max-width: 656px) 100vw, 656px\" \/>Bolyg\u00f3nk biomassz\u00e1j\u00e1nak 90 sz\u00e1zal\u00e9k\u00e1t a mikr\u00f3b\u00e1k teszik ki \u2013 magyar\u00e1zza Alekszandr Ivanovics Leljak. &#8211; Nyugodtan kijelenthetj\u00fck, hogy az a vil\u00e1g, melyben \u00e9l\u00fcnk, tulajdonk\u00e9ppen az \u00f6v\u00e9k. A mikroorganizmusok t\u00f6bbs\u00e9ge \u2013 emberi, \u00e1llati \u00e9s n\u00f6v\u00e9nyi fert\u0151z\u00e9sek. Mi magunk is 2-3 sz\u00e1zal\u00e9kban mikr\u00f3b\u00e1kb\u00f3l \u00e1llunk. Ha megvizsg\u00e1ljuk szervezet\u00fcnk b\u00e1rmely r\u00e9sz\u00e9t, l\u00e1thatjuk, hogy ott bizonyos mikroorganizmusok l\u00e9teznek \u2013 a test minden r\u00e9sz\u00e9ben saj\u00e1t mikr\u00f3b\u00e1s \u00f6korendszer l\u00e9tezik. Ezek seg\u00edtik a szervezetnek a k\u00f6rnyezet k\u00e1ros hat\u00e1sai elleni v\u00e9dekez\u00e9s\u00e9t. Amennyiben ezt megs\u00e9rtj\u00fck &#8211; megbetegsz\u00fcnk. Viszont olyan optim\u00e1lis esetben, amikor minden saj\u00e1t mikr\u00f3b\u00e1nk vel\u00fcnk marad, k\u00e9pesek vagyunk megv\u00e9deni magunkat minden fert\u0151z\u00e9st\u0151l!<\/p>","protected":false},"excerpt":{"rendered":"<p>A Bacillus bakt\u00e9riumok ut\u00e1n t\u00f6rt\u00e9n\u0151 kutat\u00e1sok \u00e9s azok alapj\u00e1n l\u00e9trehozott els\u0151 \u201e\u00e9l\u0151\u201d k\u00e9sz\u00edtm\u00e9nyek az 1930-as \u00e9vekre tehet\u0151. 1939-ben a Wermacht seregei Afrik\u00e1ban tal\u00e1lkoztak a v\u00e9rhas probl\u00e9m\u00e1j\u00e1val. A megbeteged\u00e9s \u00e9rintette mindk\u00e9t f\u00e9l sereg\u00e9t. A bajt els\u0151nek az arabok sz\u00fcntett\u00e9k meg. Hat\u00e9kony gy\u00f3gy k\u00e9sz\u00edtm\u00e9nyk\u00e9nt a tev\u00e9k tr\u00e1gy\u00e1j\u00e1t alkalmazt\u00e1k. A n\u00e9metek a tevetr\u00e1gy\u00e1t nem voltak hajland\u00f3k fogyasztani, viszont [&hellip;]<\/p>\n","protected":false},"author":1,"featured_media":0,"parent":0,"menu_order":0,"comment_status":"closed","ping_status":"closed","template":"","meta":{"footnotes":""},"class_list":["post-1019","page","type-page","status-publish","hentry"],"_links":{"self":[{"href":"https:\/\/vetomshop.hu\/da\/wp-json\/wp\/v2\/pages\/1019","targetHints":{"allow":["GET"]}}],"collection":[{"href":"https:\/\/vetomshop.hu\/da\/wp-json\/wp\/v2\/pages"}],"about":[{"href":"https:\/\/vetomshop.hu\/da\/wp-json\/wp\/v2\/types\/page"}],"author":[{"embeddable":true,"href":"https:\/\/vetomshop.hu\/da\/wp-json\/wp\/v2\/users\/1"}],"replies":[{"embeddable":true,"href":"https:\/\/vetomshop.hu\/da\/wp-json\/wp\/v2\/comments?post=1019"}],"version-history":[{"count":0,"href":"https:\/\/vetomshop.hu\/da\/wp-json\/wp\/v2\/pages\/1019\/revisions"}],"wp:attachment":[{"href":"https:\/\/vetomshop.hu\/da\/wp-json\/wp\/v2\/media?parent=1019"}],"curies":[{"name":"wp","href":"https:\/\/api.w.org\/{rel}","templated":true}]}}

<h3>A <em>Bacillus</em> baktériumok után történő kutatások és azok alapján létrehozott első „élő” készítmények az 1930-as évekre tehető.</h3>
<p><img loading="lazy" decoding="async" class="wp-image-3790 alignleft" src="https://vetomshop.hu/wp-content/uploads/2023/02/bacterio.jpg" alt="" width="655" height="326" srcset="https://vetomshop.hu/wp-content/uploads/2023/02/bacterio.jpg 1500w, https://vetomshop.hu/wp-content/uploads/2023/02/bacterio-300x149.jpg 300w, https://vetomshop.hu/wp-content/uploads/2023/02/bacterio-1024x509.jpg 1024w, https://vetomshop.hu/wp-content/uploads/2023/02/bacterio-768x382.jpg 768w, https://vetomshop.hu/wp-content/uploads/2023/02/bacterio-1320x656.jpg 1320w, https://vetomshop.hu/wp-content/uploads/2023/02/bacterio-600x298.jpg 600w" sizes="auto, (max-width: 655px) 100vw, 655px" />1939-ben a Wermacht seregei Afrikában találkoztak a vérhas problémájával. A megbetegedés érintette mindkét fél seregét. A bajt elsőnek az arabok szüntették meg. Hatékony gyógy készítményként a tevék trágyáját alkalmazták. A németek a tevetrágyát nem voltak hajlandók fogyasztani, viszont rájöttek, miben rejlik ezen gyógy készítmény kitűnő hatékonysága. Hatóanyagként a  <em>Bacillus subtilis</em> mikroorganizmus bizonyult, mely képes elnyomni a vérhas okozóinak kifejlődését és szaporodását. Ezen baktérium alapján a német tudósok létrehoztak egy probiotikum készítményt, melyet a továbbiakban széles körben alkalmaztak a hadseregben a vérhas megelőzésére. A hitleri Németország szétzúzását követően a probiotikum gyártásának technológiáját az amerikaiak szerezték meg.</p>
<h3>Viszont a Szovjetunióban sem hagyták tétlenül az eseményt.</h3>
<p>A Második Világháború végeztével nagy erők lettek mozgósítva a modern fegyverek, köztük a biológiai fegyverek elleni védekezésre. Az embereknek a biogén jellegű katasztrófák, ezen belül a biológiai fegyverek elleni védekezésre szolgáló készítmények kidolgozása céljából 1974-ben egy hatalmas titkos szervezet lett alapítva &#8211; a Mikrobioprom. A Mikrobioprom rendszerébe beletartoztak a már akkor létező tudományos intézetek, mint az újonnan létrehozott specializált tudományos mikrobiológiai központok és a biokészítményeket legyártó gyárak. A Mikrobioprom vezető intézménye a „Vektor” vállalat volt, mely a Novoszibirszk melletti Kolcovo községben működött. Ezen intézmény méretei még manapság is lenyűgözőek. A „Vektor” intézménnyel párhuzamosan, még öt másik intézmény is épült és fejlődött. Ezért a Szovjetunió viszonylag nagyon rövid időn belül a vezető helyet foglalta el világviszonylatban a mikrobiológia területén.</p>
<p><img loading="lazy" decoding="async" class="alignright wp-image-5499" src="https://vetomshop.hu/wp-content/uploads/2024/04/biotechnology.jpg" alt="" width="660" height="369" srcset="https://vetomshop.hu/wp-content/uploads/2024/04/biotechnology.jpg 1000w, https://vetomshop.hu/wp-content/uploads/2024/04/biotechnology-300x168.jpg 300w, https://vetomshop.hu/wp-content/uploads/2024/04/biotechnology-768x429.jpg 768w, https://vetomshop.hu/wp-content/uploads/2024/04/biotechnology-600x335.jpg 600w" sizes="auto, (max-width: 660px) 100vw, 660px" />Nevezetesen az 1990-es évek elején a „Vektorban” az emberiség történelmében elsőként sikeresen hozták létre egy mesterséges élő objektumot – „ plazmidot „ , mely az emberi leukocitáris interferon-alfa-2 létrehozója, ami az immunrendszer alapvető fehérjéje, s amit sikeresen beépítettek a  <em>Bacillus subtilis</em> mikróba sejtjébe. Ennek eredményeként megjelent a  rekombinát változat, mely képes előállítani mintegy 70 antibiotikumot, valamint a fermentumok és interferonok széles skáláját. Ezen törzs spóra képében sérülés nélkül áthatol a gyomorsavon és a nyombél lúgján és a vastagbélben aktivizálódik.</p>
<p>Ezen probiotikum-készítményt, mely az említett probiotikum alapján készült, „Subalin” néven nevezték el. És mi történt ezután, mindenki tudja. A Szovjetunió rossz dolgot művelt, elkezdődtek a piaci reformok és a Mikrobioprom nem kellett a hatóságoknak. Viszont a „Vektor” kellett az USA állami szerveinek. Három éven keresztül a „Vektor” területén a külföldi szakemberek tanulmányozták, ellenőrizték, adatokat gyűjtöttek. Természetesen a „Subalin” nem tudott betörni a piacra. Annak érdekében, hogy a „Vektor” kutatásainak legalább egy része ne vesszen el, ez nagyrészt annak létrehozója, Lev Sztepanovics Szanhahcsiev érdeme – a „Subalin” egyik létrehozója. A „Vektor” különálló egységeiből Szanhahcsiev létrehozott jó néhány privát céget, melyek megtanultak a privát vonalon túlélni. Nagyjából a felének ez sikerült is.</p>
<h3>Ezek közé tartozik a Központi Tudományos &#8211; „Kutató központ”, mely többek között a mikrobiológiai és genetikai témában a több mint 50 feltalálást regisztráló Alekszandr Ivanovics Leljak mikrobiológus és genetikus jegyzett.</h3>
<p>Éppenséggel ezen vállalatra hárult az élő készítmények témája, ezek további tanulmányozása, létrehozásuk megszervezése. Az elmúlt 20 év során a Kutató központ, melyben jelenleg több mint kétszáz szakember dolgozik, kidolgozta a jelen piaci feltételekhez való alkalmazkodást.</p>
<p><img loading="lazy" decoding="async" class="wp-image-5500  alignleft" src="https://vetomshop.hu/wp-content/uploads/2024/04/probioticum.jpg" alt="" width="656" height="378" srcset="https://vetomshop.hu/wp-content/uploads/2024/04/probioticum.jpg 1024w, https://vetomshop.hu/wp-content/uploads/2024/04/probioticum-300x173.jpg 300w, https://vetomshop.hu/wp-content/uploads/2024/04/probioticum-768x443.jpg 768w, https://vetomshop.hu/wp-content/uploads/2024/04/probioticum-600x346.jpg 600w" sizes="auto, (max-width: 656px) 100vw, 656px" />Bolygónk biomasszájának 90 százalékát a mikróbák teszik ki – magyarázza Alekszandr Ivanovics Leljak. &#8211; Nyugodtan kijelenthetjük, hogy az a világ, melyben élünk, tulajdonképpen az övék. A mikroorganizmusok többsége – emberi, állati és növényi fertőzések. Mi magunk is 2-3 százalékban mikróbákból állunk. Ha megvizsgáljuk szervezetünk bármely részét, láthatjuk, hogy ott bizonyos mikroorganizmusok léteznek – a test minden részében saját mikróbás ökorendszer létezik. Ezek segítik a szervezetnek a környezet káros hatásai elleni védekezését. Amennyiben ezt megsértjük &#8211; megbetegszünk. Viszont olyan optimális esetben, amikor minden saját mikróbánk velünk marad, képesek vagyunk megvédeni magunkat minden fertőzéstől!</p>

<p>A Bacillus baktériumok után történő kutatások és azok alapján létrehozott első „élő” készítmények az 1930-as évekre tehető. 1939-ben a Wermacht seregei Afrikában találkoztak a vérhas problémájával. A megbetegedés érintette mindkét fél seregét. A bajt elsőnek az arabok szüntették meg. Hatékony gyógy készítményként a tevék trágyáját alkalmazták. A németek a tevetrágyát nem voltak hajlandók fogyasztani, viszont [&hellip;]</p>
