{"id":4668,"date":"2023-11-11T14:33:46","date_gmt":"2023-11-11T13:33:46","guid":{"rendered":"https:\/\/vetomshop.hu\/termek\/ambrozia-medal\/"},"modified":"2023-11-11T14:33:46","modified_gmt":"2023-11-11T13:33:46","slug":"ambrozia-medal","status":"publish","type":"product","link":"https:\/\/vetomshop.hu\/es\/producto\/ambrozia-medal\/","title":{"rendered":"Medalla Ambros\u00eda"},"content":{"rendered":"<h4>Medalla Ambros\u00eda<\/h4>\n<p>La ambros\u00eda, o simplemente ambros\u00eda (Ambrosia artemisiifolia), err\u00f3neamente llamada c\u00e1\u00f1amo silvestre, es una especie de mala hierba de la familia Asteraceae, en la tribu Helianthinae. Cada a\u00f1o se encuentra en grandes cantidades en los campos de cultivo de Hungr\u00eda y en otras zonas perturbadas.<\/p>\n<p>Es una de nuestras malas hierbas m\u00e1s conocidas y controvertidas: algunos la reconocen s\u00f3lo por sus propiedades malas y alerg\u00e9nicas, y otros la veneran como planta medicinal, consumi\u00e9ndola regularmente.<\/p>\n<div class=\"su-spoiler su-spoiler-style-defoult su-spoiler-icon-caret su-spoiler-closed\" data-scroll-offset=\"0\" data-anchor-in-url=\"no\"><div class=\"su-spoiler-title\" tabindex=\"0\" role=\"button\"><span class=\"su-spoiler-icon\"><\/span>Todos<\/div><div class=\"su-spoiler-content su-u-clearfix su-u-trim\">\n\u00bfPor qu\u00e9 esta planta provoca s\u00edntomas de alergia en algunas personas? Una cosa es segura: los agricultores nunca han tenido alergia al polen ni a la ambros\u00eda. Puede que tengamos que esperar d\u00e9cadas para obtener una respuesta clara, pero los desagradables s\u00edntomas de la alergia pueden volver a\u00f1o tras a\u00f1o y ser\u00eda bueno encontrar una soluci\u00f3n. Hasta que conozcamos las respuestas a estas preguntas, recordemos el postulado de la naturopat\u00eda: cura una mordedura de perro con el pelo del perro, es decir, c\u00farate a ti mismo con lo que te aqueja. El Medall\u00f3n Ambrosia tiene el espectro electromagn\u00e9tico de la ambros\u00eda viva captado mediante la tecnolog\u00eda especial BioTrEm.<br \/>\n<\/div><\/div>","protected":false},"excerpt":{"rendered":"<p>Ambr\u00f3zia Med\u00e1l Az \u00fcr\u00f6mlevel\u0171 parlagf\u0171, vagy egyszer\u0171en parlagf\u0171 (Ambrosia artemisiifolia), t\u00e9vesen vadkender a f\u00e9szkesek (Asteraceae) csal\u00e1dj\u00e1ba tartozik, annak Helianthinae tribusz\u00e1ba tartoz\u00f3 gyomn\u00f6v\u00e9nyfaj. A parlagf\u0171 Magyarorsz\u00e1g sz\u00e1nt\u00f3f\u00f6ldjein \u00e9s egy\u00e9b bolygatott ter\u00fcletein \u00e9vr\u0151l \u00e9vre \u00f3ri\u00e1si sz\u00e1mban jelenik meg. Egyik legismertebb \u00e9s legellentmond\u00e1sosabb meg\u00edt\u00e9l\u00e9s\u0171 gyomn\u00f6v\u00e9ny\u00fcnk: vannak, akik kiz\u00e1r\u00f3lag rossz, allergiz\u00e1l\u00f3 tulajdons\u00e1gait ismerik el, \u00e9s vannak, akik gy\u00f3gyn\u00f6v\u00e9nyk\u00e9nt tisztelik, [&hellip;]<\/p>\n","protected":false},"featured_media":4667,"comment_status":"open","ping_status":"closed","template":"","meta":[],"product_brand":[],"product_cat":[33,32],"product_tag":[],"class_list":{"0":"post-4668","1":"product","2":"type-product","3":"status-publish","4":"has-post-thumbnail","6":"product_cat-egeszseg-medalok","7":"product_cat-triomed","9":"first","10":"instock","11":"taxable","12":"shipping-taxable","13":"purchasable","14":"product-type-simple"},"_links":{"self":[{"href":"https:\/\/vetomshop.hu\/es\/wp-json\/wp\/v2\/product\/4668","targetHints":{"allow":["GET"]}}],"collection":[{"href":"https:\/\/vetomshop.hu\/es\/wp-json\/wp\/v2\/product"}],"about":[{"href":"https:\/\/vetomshop.hu\/es\/wp-json\/wp\/v2\/types\/product"}],"replies":[{"embeddable":true,"href":"https:\/\/vetomshop.hu\/es\/wp-json\/wp\/v2\/comments?post=4668"}],"wp:featuredmedia":[{"embeddable":true,"href":"https:\/\/vetomshop.hu\/es\/wp-json\/wp\/v2\/media\/4667"}],"wp:attachment":[{"href":"https:\/\/vetomshop.hu\/es\/wp-json\/wp\/v2\/media?parent=4668"}],"wp:term":[{"taxonomy":"product_brand","embeddable":true,"href":"https:\/\/vetomshop.hu\/es\/wp-json\/wp\/v2\/product_brand?post=4668"},{"taxonomy":"product_cat","embeddable":true,"href":"https:\/\/vetomshop.hu\/es\/wp-json\/wp\/v2\/product_cat?post=4668"},{"taxonomy":"product_tag","embeddable":true,"href":"https:\/\/vetomshop.hu\/es\/wp-json\/wp\/v2\/product_tag?post=4668"}],"curies":[{"name":"wp","href":"https:\/\/api.w.org\/{rel}","templated":true}]}}

Medalla Ambrosía

<h4>Medalla Ambrosía</h4>
<p>La ambrosía, o simplemente ambrosía (Ambrosia artemisiifolia), erróneamente llamada cáñamo silvestre, es una especie de mala hierba de la familia Asteraceae, en la tribu Helianthinae. Cada año se encuentra en grandes cantidades en los campos de cultivo de Hungría y en otras zonas perturbadas.</p>
<p>Es una de nuestras malas hierbas más conocidas y controvertidas: algunos la reconocen sólo por sus propiedades malas y alergénicas, y otros la veneran como planta medicinal, consumiéndola regularmente.</p>
<div class="su-spoiler su-spoiler-style-defoult su-spoiler-icon-caret su-spoiler-closed" data-scroll-offset="0" data-anchor-in-url="no"><div class="su-spoiler-title" tabindex="0" role="button"><span class="su-spoiler-icon"></span>Todos</div><div class="su-spoiler-content su-u-clearfix su-u-trim">
¿Por qué esta planta provoca síntomas de alergia en algunas personas? Una cosa es segura: los agricultores nunca han tenido alergia al polen ni a la ambrosía. Puede que tengamos que esperar décadas para obtener una respuesta clara, pero los desagradables síntomas de la alergia pueden volver año tras año y sería bueno encontrar una solución. Hasta que conozcamos las respuestas a estas preguntas, recordemos el postulado de la naturopatía: cura una mordedura de perro con el pelo del perro, es decir, cúrate a ti mismo con lo que te aqueja. El Medallón Ambrosia tiene el espectro electromagnético de la ambrosía viva captado mediante la tecnología especial BioTrEm.<br />
</div></div>

<p>Ambrózia Medál Az ürömlevelű parlagfű, vagy egyszerűen parlagfű (Ambrosia artemisiifolia), tévesen vadkender a fészkesek (Asteraceae) családjába tartozik, annak Helianthinae tribuszába tartozó gyomnövényfaj. A parlagfű Magyarország szántóföldjein és egyéb bolygatott területein évről évre óriási számban jelenik meg. Egyik legismertebb és legellentmondásosabb megítélésű gyomnövényünk: vannak, akik kizárólag rossz, allergizáló tulajdonságait ismerik el, és vannak, akik gyógynövényként tisztelik, [&hellip;]</p>
