{"id":4751,"date":"2023-11-11T14:34:02","date_gmt":"2023-11-11T13:34:02","guid":{"rendered":"https:\/\/vetomshop.hu\/termek\/vita-medal\/"},"modified":"2023-11-11T14:34:02","modified_gmt":"2023-11-11T13:34:02","slug":"vita-medal","status":"publish","type":"product","link":"https:\/\/vetomshop.hu\/es\/producto\/vita-medal\/","title":{"rendered":"Medalla del Debate"},"content":{"rendered":"<h4>Medalla del Debate<\/h4>\n<p><strong>Funci\u00f3n principal:\u00a0<\/strong>Es una herramienta complementaria para la prevenci\u00f3n y el tratamiento complementario de las enfermedades digestivas y para la activaci\u00f3n de los procesos de regeneraci\u00f3n despu\u00e9s de las enfermedades.<\/p>\n<p><strong>Descripci\u00f3n breve<\/strong><\/p>\n<p>El patr\u00f3n espectral grabado en el Medall\u00f3n Vita Health corresponde a la vibraci\u00f3n de los \u00f3rganos, tejidos y \u00f3rganos del tracto digestivo. Corresponde a la<br \/>\nvibraciones de f\u00e1rmacos antihomot\u00f3xicos, que tienen efectos inmunomoduladores, antiinflamatorios, desensibilizantes (desensibilizantes).<\/p>\n<p>El aparato digestivo es el conjunto de procesos f\u00edsicos, qu\u00edmicos y fisiol\u00f3gicos mediante los cuales los alimentos consumidos se convierten en enlaces qu\u00edmicos simples y son asimilados por las c\u00e9lulas.<\/p>\n<div class=\"su-spoiler su-spoiler-style-defoult su-spoiler-icon-caret su-spoiler-closed\" data-scroll-offset=\"0\" data-anchor-in-url=\"no\"><div class=\"su-spoiler-title\" tabindex=\"0\" role=\"button\"><span class=\"su-spoiler-icon\"><\/span>Todos<\/div><div class=\"su-spoiler-content su-u-clearfix su-u-trim\">\nEstos procesos tienen lugar en un orden espec\u00edfico dentro del tubo digestivo (cavidad oral, garganta, es\u00f3fago, est\u00f3mago, intestino delgado y grueso, h\u00edgado, bilis y p\u00e1ncreas) y se llevan a cabo mediante mecanismos reguladores a distintos niveles. La progresi\u00f3n secuencial del aparato digestivo, que da lugar a la descomposici\u00f3n de los alimentos en mon\u00f3meros absorbibles, es la esencia de su funcionamiento.<br \/>\n<\/div><\/div>","protected":false},"excerpt":{"rendered":"<p>Vita Med\u00e1l F\u0151 funkci\u00f3ja:\u00a0Kieg\u00e9sz\u00edt\u0151 eszk\u00f6z a az em\u00e9szt\u0151rendszeri betegs\u00e9gek megel\u0151z\u00e9s\u00e9re \u00e9s kieg\u00e9sz\u00edt\u0151 kezel\u00e9s\u00e9re, a betegs\u00e9gek ut\u00e1ni regener\u00e1ci\u00f3s folyamatok aktiv\u00e1l\u00e1s\u00e1ra. R\u00f6vid ismertet\u0151 A spektr\u00e1lis minta, mely a Vita Eg\u00e9szs\u00e9g Med\u00e1lon van r\u00f6gz\u00edtve, megfelel az em\u00e9szt\u0151rendszer szervei, sz\u00f6vetei \u00e9s szervei rezg\u00e9s\u00e9nek. Megfelel azoknak az antihomotoxikus k\u00e9sz\u00edtm\u00e9nyek rezg\u00e9s\u00e9nek, melyek immunmodul\u00e1l\u00f3, gyullad\u00e1scs\u00f6kkent\u0151, deszenzibiliz\u00e1l\u00f3 (\u00e9rz\u00e9kenys\u00e9get cs\u00f6kkent\u0151) hat\u00e1ssal b\u00edrnak. Az em\u00e9szt\u0151rendszer [&hellip;]<\/p>\n","protected":false},"featured_media":4750,"comment_status":"open","ping_status":"closed","template":"","meta":[],"product_brand":[],"product_cat":[33,32],"product_tag":[],"class_list":{"0":"post-4751","1":"product","2":"type-product","3":"status-publish","4":"has-post-thumbnail","6":"product_cat-egeszseg-medalok","7":"product_cat-triomed","9":"first","10":"instock","11":"taxable","12":"shipping-taxable","13":"purchasable","14":"product-type-simple"},"_links":{"self":[{"href":"https:\/\/vetomshop.hu\/es\/wp-json\/wp\/v2\/product\/4751","targetHints":{"allow":["GET"]}}],"collection":[{"href":"https:\/\/vetomshop.hu\/es\/wp-json\/wp\/v2\/product"}],"about":[{"href":"https:\/\/vetomshop.hu\/es\/wp-json\/wp\/v2\/types\/product"}],"replies":[{"embeddable":true,"href":"https:\/\/vetomshop.hu\/es\/wp-json\/wp\/v2\/comments?post=4751"}],"wp:featuredmedia":[{"embeddable":true,"href":"https:\/\/vetomshop.hu\/es\/wp-json\/wp\/v2\/media\/4750"}],"wp:attachment":[{"href":"https:\/\/vetomshop.hu\/es\/wp-json\/wp\/v2\/media?parent=4751"}],"wp:term":[{"taxonomy":"product_brand","embeddable":true,"href":"https:\/\/vetomshop.hu\/es\/wp-json\/wp\/v2\/product_brand?post=4751"},{"taxonomy":"product_cat","embeddable":true,"href":"https:\/\/vetomshop.hu\/es\/wp-json\/wp\/v2\/product_cat?post=4751"},{"taxonomy":"product_tag","embeddable":true,"href":"https:\/\/vetomshop.hu\/es\/wp-json\/wp\/v2\/product_tag?post=4751"}],"curies":[{"name":"wp","href":"https:\/\/api.w.org\/{rel}","templated":true}]}}

<h4>Medalla del Debate</h4>
<p><strong>Función principal: </strong>Es una herramienta complementaria para la prevención y el tratamiento complementario de las enfermedades digestivas y para la activación de los procesos de regeneración después de las enfermedades.</p>
<p><strong>Descripción breve</strong></p>
<p>El patrón espectral grabado en el Medallón Vita Health corresponde a la vibración de los órganos, tejidos y órganos del tracto digestivo. Corresponde a la<br />
vibraciones de fármacos antihomotóxicos, que tienen efectos inmunomoduladores, antiinflamatorios, desensibilizantes (desensibilizantes).</p>
<p>El aparato digestivo es el conjunto de procesos físicos, químicos y fisiológicos mediante los cuales los alimentos consumidos se convierten en enlaces químicos simples y son asimilados por las células.</p>
<div class="su-spoiler su-spoiler-style-defoult su-spoiler-icon-caret su-spoiler-closed" data-scroll-offset="0" data-anchor-in-url="no"><div class="su-spoiler-title" tabindex="0" role="button"><span class="su-spoiler-icon"></span>Todos</div><div class="su-spoiler-content su-u-clearfix su-u-trim">
Estos procesos tienen lugar en un orden específico dentro del tubo digestivo (cavidad oral, garganta, esófago, estómago, intestino delgado y grueso, hígado, bilis y páncreas) y se llevan a cabo mediante mecanismos reguladores a distintos niveles. La progresión secuencial del aparato digestivo, que da lugar a la descomposición de los alimentos en monómeros absorbibles, es la esencia de su funcionamiento.<br />
</div></div>

<p>Vita Medál Fő funkciója: Kiegészítő eszköz a az emésztőrendszeri betegségek megelőzésére és kiegészítő kezelésére, a betegségek utáni regenerációs folyamatok aktiválására. Rövid ismertető A spektrális minta, mely a Vita Egészség Medálon van rögzítve, megfelel az emésztőrendszer szervei, szövetei és szervei rezgésének. Megfelel azoknak az antihomotoxikus készítmények rezgésének, melyek immunmoduláló, gyulladáscsökkentő, deszenzibilizáló (érzékenységet csökkentő) hatással bírnak. Az emésztőrendszer [&hellip;]</p>
