{"id":1019,"date":"2020-02-17T14:17:10","date_gmt":"2020-02-17T14:17:10","guid":{"rendered":"https:\/\/vetomshop.hu\/?page_id=1019"},"modified":"2024-05-23T10:56:21","modified_gmt":"2024-05-23T08:56:21","slug":"a-vetom-probiotikum-tortenete","status":"publish","type":"page","link":"https:\/\/vetomshop.hu\/et\/a-vetom-probiotikum-tortenete\/","title":{"rendered":"Vetom probiootikumide ajalugu"},"content":{"rendered":"<h3>A <em>Bacillus<\/em> Bakterite uurimine ja esimesed nendel p\u00f5hinevad \u201eelusad\u201d preparaadid p\u00e4rinevad 1930ndatest aastatest.<\/h3>\n<p><img loading=\"lazy\" decoding=\"async\" class=\"wp-image-3790 alignleft\" src=\"https:\/\/vetomshop.hu\/wp-content\/uploads\/2023\/02\/bacterio.jpg\" alt=\"\" width=\"655\" height=\"326\" srcset=\"https:\/\/vetomshop.hu\/wp-content\/uploads\/2023\/02\/bacterio.jpg 1500w, https:\/\/vetomshop.hu\/wp-content\/uploads\/2023\/02\/bacterio-300x149.jpg 300w, https:\/\/vetomshop.hu\/wp-content\/uploads\/2023\/02\/bacterio-1024x509.jpg 1024w, https:\/\/vetomshop.hu\/wp-content\/uploads\/2023\/02\/bacterio-768x382.jpg 768w, https:\/\/vetomshop.hu\/wp-content\/uploads\/2023\/02\/bacterio-1320x656.jpg 1320w, https:\/\/vetomshop.hu\/wp-content\/uploads\/2023\/02\/bacterio-600x298.jpg 600w\" sizes=\"auto, (max-width: 655px) 100vw, 655px\" \/>1939. aastal puutusid Wermachti v\u00e4ed Aafrikas kokku d\u00fcsenteeriaprobleemiga. Haigus m\u00f5jutas m\u00f5lema poole armeed. Esimesena likvideerisid haiguse araablased. Kaameli s\u00f5nnikut kasutati t\u00f5husa ravimina. Sakslased keeldusid kaameli s\u00f5nnikut tarbimast, kuid avastasid selle ravimi suurep\u00e4rase t\u00f5hususe. Toimeaine on\u00a0 <em>Bacillus subtilis<\/em> mikroorganism, mis on v\u00f5imeline p\u00e4rssima d\u00fcsenteeria patogeenide arengut ja paljunemist. Selle bakteri p\u00f5hjal l\u00f5id Saksa teadlased probiootilise preparaadi, mida hiljem kasutati s\u00f5jav\u00e4es laialdaselt d\u00fcsenteeria ennetamiseks. P\u00e4rast Hitleri Saksamaa lagunemist omandasid probiootikumide tootmise tehnoloogia ameeriklased.<\/p>\n<h3>N\u00f5ukogude Liit ei j\u00e4\u00e4nud siiski tegevusetult seisma.<\/h3>\n<p>Teise maailmas\u00f5ja l\u00f5pus mobiliseeriti suured v\u00e4ed, et kaitsta end kaasaegsete relvade, sealhulgas bioloogiliste relvade eest. 1974. aastal asutati suur salajane organisatsioon - Microbioprom -, et t\u00f6\u00f6tada v\u00e4lja ettevalmistusi inimeste kaitsmiseks biogeensete katastroofide, sealhulgas bioloogiliste relvade eest. Microbiopromi s\u00fcsteemi kuulusid nii tollased teadusinstituudid kui ka \u00e4sja loodud spetsiaalsed teaduslikud mikrobioloogiakeskused ja biot\u00f6\u00f6stusettev\u00f5tted. Mikrobiopromi juhtivaks asutuseks oli ettev\u00f5te \u201eVektor\u201d, mis asus Novosibirski l\u00e4hedal Koltsovo k\u00fclas. Selle asutuse suurus on t\u00e4nap\u00e4evalgi muljetavaldav. Vektoriga paralleelselt ehitati ja arendati veel viit asutust. Nii sai N\u00f5ukogude Liit suhteliselt l\u00fchikese aja jooksul maailma juhtivaks mikrobioloogiaks.<\/p>\n<p><img loading=\"lazy\" decoding=\"async\" class=\"alignright wp-image-5499\" src=\"https:\/\/vetomshop.hu\/wp-content\/uploads\/2024\/04\/biotechnology.jpg\" alt=\"\" width=\"660\" height=\"369\" srcset=\"https:\/\/vetomshop.hu\/wp-content\/uploads\/2024\/04\/biotechnology.jpg 1000w, https:\/\/vetomshop.hu\/wp-content\/uploads\/2024\/04\/biotechnology-300x168.jpg 300w, https:\/\/vetomshop.hu\/wp-content\/uploads\/2024\/04\/biotechnology-768x429.jpg 768w, https:\/\/vetomshop.hu\/wp-content\/uploads\/2024\/04\/biotechnology-600x335.jpg 600w\" sizes=\"auto, (max-width: 660px) 100vw, 660px\" \/>Eelk\u00f5ige sai \u201eVektor\u201d 1990ndate alguses esimesena inimajaloos edukalt luua kunstliku elusobjekti - \u201eplasmiidi\u201e -, mis genereerib inimese leukots\u00fc\u00fctide interferoon-alfa-2, immuuns\u00fcsteemi olulist valku, mis oli edukalt inkorporeeritud immuuns\u00fcsteemi \u00a0<em>Bacillus subtilis<\/em> mikrolaineelemendis. Tulemuseks on rekombinantsed versioonid, mis suudavad toota umbes 70 antibiootikumi, samuti mitmesuguseid fermente ja interferoone. See t\u00fcvi on sporulatiivne, tungib kahjustamata mao ja kaksteists\u00f5rmiksoole limaskesta ning aktiveerub j\u00e4mesooles.<\/p>\n<p>Seda probiootilist preparaati, mis p\u00f5hineb eespool nimetatud probiootikumil, nimetatakse \u201eSubalin\u201d. Ja mis edasi juhtus, seda teab iga\u00fcks. N\u00f5ukogude Liit tegi valesti, algasid turureformid ja v\u00f5imud ei tahtnud Microbiopromi. Aga USA valitsus vajas k\u00fcll \u201eVektor\u201d. Kolm aastat uurisid, kontrollisid ja kogusid v\u00e4lismaa eksperdid \u201eVektori\u201d alal andmeid. Loomulikult ei suutnud Subalin turule tungida. Et v\u00e4hemalt osa \u201eVektori\u201d uuringutest ei l\u00e4inud kaduma, on suuresti t\u00e4nu selle loojale Lev Stepanovit\u0161 Sanahhievile - \u00fchele \u201eSubalini\u201d loojatest. Vektori eraldi \u00fcksustest l\u00f5i Sanhakhchiev mitmeid eraettev\u00f5tteid, mis on \u00f5ppinud ellu j\u00e4\u00e4ma eraviisiliselt. Umbes pooltel neist see \u00f5nnestus.<\/p>\n<h3>Nende hulka kuulub Keskne Teaduslik - \u201eUurimiskeskus\u201d, mis on tuntud muu hulgas mikrobioloogia ja geneetika alal, kus on registreeritud \u00fcle 50 leiutise, mille autoriks on mikrobioloog ja geneetik Aleksandr Ivanovit\u0161 Leljak.<\/h3>\n<p>See oli just see seltskond, kes oli vastutav elavate preparaatide teema, nende edasise uurimise ja nende loomise korraldamise eest. Viimase 20 aasta jooksul on uurimiskeskus, kus praegu t\u00f6\u00f6tab \u00fcle 200 spetsialisti, t\u00f6\u00f6tanud v\u00e4lja strateegia, et kohaneda praeguste turutingimustega.<\/p>\n<p><img loading=\"lazy\" decoding=\"async\" class=\"wp-image-5500  alignleft\" src=\"https:\/\/vetomshop.hu\/wp-content\/uploads\/2024\/04\/probioticum.jpg\" alt=\"\" width=\"656\" height=\"378\" srcset=\"https:\/\/vetomshop.hu\/wp-content\/uploads\/2024\/04\/probioticum.jpg 1024w, https:\/\/vetomshop.hu\/wp-content\/uploads\/2024\/04\/probioticum-300x173.jpg 300w, https:\/\/vetomshop.hu\/wp-content\/uploads\/2024\/04\/probioticum-768x443.jpg 768w, https:\/\/vetomshop.hu\/wp-content\/uploads\/2024\/04\/probioticum-600x346.jpg 600w\" sizes=\"auto, (max-width: 656px) 100vw, 656px\" \/>Mikroobid moodustavad 90 protsenti meie planeedi biomassist, selgitab Aleksandr Ivanovit\u0161 Leljak. - V\u00f5ime julgelt \u00f6elda, et maailm, kus me elame, on tegelikult nende oma. Enamik mikroorganisme - inimeste, loomade ja taimede infektsioonid. Me ise oleme 2-3 protsenti mikroobidest. Kui me vaatame mis tahes kehaosa, n\u00e4eme, et seal on olemas teatud mikroorganismid - igal kehaosal on oma mikroobne \u00f6kos\u00fcsteem. Need aitavad kehal end kaitsta keskkonna kahjulike m\u00f5jude eest. Kui me seda rikume - me haigestume. Kuid optimaalsel juhul, kui k\u00f5ik meie enda mikroobid j\u00e4\u00e4vad meiega koos, suudame end kaitsta k\u00f5ikide infektsioonide eest!<\/p>","protected":false},"excerpt":{"rendered":"<p>A Bacillus bakt\u00e9riumok ut\u00e1n t\u00f6rt\u00e9n\u0151 kutat\u00e1sok \u00e9s azok alapj\u00e1n l\u00e9trehozott els\u0151 \u201e\u00e9l\u0151\u201d k\u00e9sz\u00edtm\u00e9nyek az 1930-as \u00e9vekre tehet\u0151. 1939-ben a Wermacht seregei Afrik\u00e1ban tal\u00e1lkoztak a v\u00e9rhas probl\u00e9m\u00e1j\u00e1val. A megbeteged\u00e9s \u00e9rintette mindk\u00e9t f\u00e9l sereg\u00e9t. A bajt els\u0151nek az arabok sz\u00fcntett\u00e9k meg. Hat\u00e9kony gy\u00f3gy k\u00e9sz\u00edtm\u00e9nyk\u00e9nt a tev\u00e9k tr\u00e1gy\u00e1j\u00e1t alkalmazt\u00e1k. A n\u00e9metek a tevetr\u00e1gy\u00e1t nem voltak hajland\u00f3k fogyasztani, viszont [&hellip;]<\/p>\n","protected":false},"author":1,"featured_media":0,"parent":0,"menu_order":0,"comment_status":"closed","ping_status":"closed","template":"","meta":{"footnotes":""},"class_list":["post-1019","page","type-page","status-publish","hentry"],"_links":{"self":[{"href":"https:\/\/vetomshop.hu\/et\/wp-json\/wp\/v2\/pages\/1019","targetHints":{"allow":["GET"]}}],"collection":[{"href":"https:\/\/vetomshop.hu\/et\/wp-json\/wp\/v2\/pages"}],"about":[{"href":"https:\/\/vetomshop.hu\/et\/wp-json\/wp\/v2\/types\/page"}],"author":[{"embeddable":true,"href":"https:\/\/vetomshop.hu\/et\/wp-json\/wp\/v2\/users\/1"}],"replies":[{"embeddable":true,"href":"https:\/\/vetomshop.hu\/et\/wp-json\/wp\/v2\/comments?post=1019"}],"version-history":[{"count":0,"href":"https:\/\/vetomshop.hu\/et\/wp-json\/wp\/v2\/pages\/1019\/revisions"}],"wp:attachment":[{"href":"https:\/\/vetomshop.hu\/et\/wp-json\/wp\/v2\/media?parent=1019"}],"curies":[{"name":"wp","href":"https:\/\/api.w.org\/{rel}","templated":true}]}}

<h3>A <em>Bacillus</em> Bakterite uurimine ja esimesed nendel põhinevad „elusad” preparaadid pärinevad 1930ndatest aastatest.</h3>
<p><img loading="lazy" decoding="async" class="wp-image-3790 alignleft" src="https://vetomshop.hu/wp-content/uploads/2023/02/bacterio.jpg" alt="" width="655" height="326" srcset="https://vetomshop.hu/wp-content/uploads/2023/02/bacterio.jpg 1500w, https://vetomshop.hu/wp-content/uploads/2023/02/bacterio-300x149.jpg 300w, https://vetomshop.hu/wp-content/uploads/2023/02/bacterio-1024x509.jpg 1024w, https://vetomshop.hu/wp-content/uploads/2023/02/bacterio-768x382.jpg 768w, https://vetomshop.hu/wp-content/uploads/2023/02/bacterio-1320x656.jpg 1320w, https://vetomshop.hu/wp-content/uploads/2023/02/bacterio-600x298.jpg 600w" sizes="auto, (max-width: 655px) 100vw, 655px" />1939. aastal puutusid Wermachti väed Aafrikas kokku düsenteeriaprobleemiga. Haigus mõjutas mõlema poole armeed. Esimesena likvideerisid haiguse araablased. Kaameli sõnnikut kasutati tõhusa ravimina. Sakslased keeldusid kaameli sõnnikut tarbimast, kuid avastasid selle ravimi suurepärase tõhususe. Toimeaine on  <em>Bacillus subtilis</em> mikroorganism, mis on võimeline pärssima düsenteeria patogeenide arengut ja paljunemist. Selle bakteri põhjal lõid Saksa teadlased probiootilise preparaadi, mida hiljem kasutati sõjaväes laialdaselt düsenteeria ennetamiseks. Pärast Hitleri Saksamaa lagunemist omandasid probiootikumide tootmise tehnoloogia ameeriklased.</p>
<h3>Nõukogude Liit ei jäänud siiski tegevusetult seisma.</h3>
<p>Teise maailmasõja lõpus mobiliseeriti suured väed, et kaitsta end kaasaegsete relvade, sealhulgas bioloogiliste relvade eest. 1974. aastal asutati suur salajane organisatsioon - Microbioprom -, et töötada välja ettevalmistusi inimeste kaitsmiseks biogeensete katastroofide, sealhulgas bioloogiliste relvade eest. Microbiopromi süsteemi kuulusid nii tollased teadusinstituudid kui ka äsja loodud spetsiaalsed teaduslikud mikrobioloogiakeskused ja biotööstusettevõtted. Mikrobiopromi juhtivaks asutuseks oli ettevõte „Vektor”, mis asus Novosibirski lähedal Koltsovo külas. Selle asutuse suurus on tänapäevalgi muljetavaldav. Vektoriga paralleelselt ehitati ja arendati veel viit asutust. Nii sai Nõukogude Liit suhteliselt lühikese aja jooksul maailma juhtivaks mikrobioloogiaks.</p>
<p><img loading="lazy" decoding="async" class="alignright wp-image-5499" src="https://vetomshop.hu/wp-content/uploads/2024/04/biotechnology.jpg" alt="" width="660" height="369" srcset="https://vetomshop.hu/wp-content/uploads/2024/04/biotechnology.jpg 1000w, https://vetomshop.hu/wp-content/uploads/2024/04/biotechnology-300x168.jpg 300w, https://vetomshop.hu/wp-content/uploads/2024/04/biotechnology-768x429.jpg 768w, https://vetomshop.hu/wp-content/uploads/2024/04/biotechnology-600x335.jpg 600w" sizes="auto, (max-width: 660px) 100vw, 660px" />Eelkõige sai „Vektor” 1990ndate alguses esimesena inimajaloos edukalt luua kunstliku elusobjekti - „plasmiidi„ -, mis genereerib inimese leukotsüütide interferoon-alfa-2, immuunsüsteemi olulist valku, mis oli edukalt inkorporeeritud immuunsüsteemi  <em>Bacillus subtilis</em> mikrolaineelemendis. Tulemuseks on rekombinantsed versioonid, mis suudavad toota umbes 70 antibiootikumi, samuti mitmesuguseid fermente ja interferoone. See tüvi on sporulatiivne, tungib kahjustamata mao ja kaksteistsõrmiksoole limaskesta ning aktiveerub jämesooles.</p>
<p>Seda probiootilist preparaati, mis põhineb eespool nimetatud probiootikumil, nimetatakse „Subalin”. Ja mis edasi juhtus, seda teab igaüks. Nõukogude Liit tegi valesti, algasid turureformid ja võimud ei tahtnud Microbiopromi. Aga USA valitsus vajas küll „Vektor”. Kolm aastat uurisid, kontrollisid ja kogusid välismaa eksperdid „Vektori” alal andmeid. Loomulikult ei suutnud Subalin turule tungida. Et vähemalt osa „Vektori” uuringutest ei läinud kaduma, on suuresti tänu selle loojale Lev Stepanovitš Sanahhievile - ühele „Subalini” loojatest. Vektori eraldi üksustest lõi Sanhakhchiev mitmeid eraettevõtteid, mis on õppinud ellu jääma eraviisiliselt. Umbes pooltel neist see õnnestus.</p>
<h3>Nende hulka kuulub Keskne Teaduslik - „Uurimiskeskus”, mis on tuntud muu hulgas mikrobioloogia ja geneetika alal, kus on registreeritud üle 50 leiutise, mille autoriks on mikrobioloog ja geneetik Aleksandr Ivanovitš Leljak.</h3>
<p>See oli just see seltskond, kes oli vastutav elavate preparaatide teema, nende edasise uurimise ja nende loomise korraldamise eest. Viimase 20 aasta jooksul on uurimiskeskus, kus praegu töötab üle 200 spetsialisti, töötanud välja strateegia, et kohaneda praeguste turutingimustega.</p>
<p><img loading="lazy" decoding="async" class="wp-image-5500  alignleft" src="https://vetomshop.hu/wp-content/uploads/2024/04/probioticum.jpg" alt="" width="656" height="378" srcset="https://vetomshop.hu/wp-content/uploads/2024/04/probioticum.jpg 1024w, https://vetomshop.hu/wp-content/uploads/2024/04/probioticum-300x173.jpg 300w, https://vetomshop.hu/wp-content/uploads/2024/04/probioticum-768x443.jpg 768w, https://vetomshop.hu/wp-content/uploads/2024/04/probioticum-600x346.jpg 600w" sizes="auto, (max-width: 656px) 100vw, 656px" />Mikroobid moodustavad 90 protsenti meie planeedi biomassist, selgitab Aleksandr Ivanovitš Leljak. - Võime julgelt öelda, et maailm, kus me elame, on tegelikult nende oma. Enamik mikroorganisme - inimeste, loomade ja taimede infektsioonid. Me ise oleme 2-3 protsenti mikroobidest. Kui me vaatame mis tahes kehaosa, näeme, et seal on olemas teatud mikroorganismid - igal kehaosal on oma mikroobne ökosüsteem. Need aitavad kehal end kaitsta keskkonna kahjulike mõjude eest. Kui me seda rikume - me haigestume. Kuid optimaalsel juhul, kui kõik meie enda mikroobid jäävad meiega koos, suudame end kaitsta kõikide infektsioonide eest!</p>

<p>A Bacillus baktériumok után történő kutatások és azok alapján létrehozott első „élő” készítmények az 1930-as évekre tehető. 1939-ben a Wermacht seregei Afrikában találkoztak a vérhas problémájával. A megbetegedés érintette mindkét fél seregét. A bajt elsőnek az arabok szüntették meg. Hatékony gyógy készítményként a tevék trágyáját alkalmazták. A németek a tevetrágyát nem voltak hajlandók fogyasztani, viszont [&hellip;]</p>
