{"id":4718,"date":"2023-11-11T14:33:56","date_gmt":"2023-11-11T13:33:56","guid":{"rendered":"https:\/\/vetomshop.hu\/termek\/antidiabetikus-jelado\/"},"modified":"2023-11-11T14:33:56","modified_gmt":"2023-11-11T13:33:56","slug":"antidiabetikus-jelado","status":"publish","type":"product","link":"https:\/\/vetomshop.hu\/fr\/produit\/antidiabetikus-jelado\/","title":{"rendered":"Balise antidiab\u00e9tique"},"content":{"rendered":"<h4>Radiateur antidiab\u00e9tique \u21167.<\/h4>\n<p>Dur\u00e9e de fonctionnement : 13 minutes.<\/p>\n<p>Sa fr\u00e9quence correspond \u00e0 la fr\u00e9quence des champs r\u00e9cepteurs dans les cellules pancr\u00e9atiques et les tissus d\u00e9pendants de l'insuline.<\/p>\n<p>Il peut \u00eatre utilis\u00e9 dans des programmes complexes de pr\u00e9vention du diab\u00e8te et de traitement du diab\u00e8te de type I et de type II afin de pr\u00e9venir l'apparition de complications.<\/p>\n<ul>\n<li>Favorise l'optimisation des processus m\u00e9taboliques (glucides, lipides, prot\u00e9ines, min\u00e9raux).<\/li>\n<li>Am\u00e9liore le m\u00e9tabolisme (processus m\u00e9taboliques) dans les cellules du pancr\u00e9as.<\/li>\n<li>Optimise la production d'insuline par les cellules du pancr\u00e9as.<\/li>\n<li>Augmente la sensibilit\u00e9 des tissus \u00e0 l'insuline.<\/li>\n<li>Am\u00e9liore le statut des r\u00e9cepteurs des cellules dans les tissus insulino-d\u00e9pendants<\/li>\n<li>Pr\u00e9vient les \u0153d\u00e8mes<\/li>\n<li>Il acc\u00e9l\u00e8re la r\u00e9g\u00e9n\u00e9ration et la r\u00e9paration des cellules pancr\u00e9atiques.<\/li>\n<li>Il a un effet pro-inflammatoire.<\/li>\n<li>Am\u00e9liore la circulation sanguine.<\/li>\n<li>Pr\u00e9vient le d\u00e9veloppement du diab\u00e8te.<\/li>\n<li>Pr\u00e9vient le d\u00e9veloppement des complications du diab\u00e8te.<\/li>\n<\/ul>\n<div class=\"su-spoiler su-spoiler-style-defoult su-spoiler-icon-caret su-spoiler-closed\" data-scroll-offset=\"0\" data-anchor-in-url=\"no\"><div class=\"su-spoiler-title\" tabindex=\"0\" role=\"button\"><span class=\"su-spoiler-icon\"><\/span>Tous<\/div><div class=\"su-spoiler-content su-u-clearfix su-u-trim\">\nZones de traitement recommand\u00e9es : dans les points et zones biologiquement actifs. Les traitements recommand\u00e9s peuvent \u00eatre r\u00e9p\u00e9t\u00e9s 2 \u00e0 3 fois par an, apr\u00e8s un minimum de 3 mois, jusqu'\u00e0 ce que l'\u00e9tat s'am\u00e9liore, et peuvent \u00eatre compl\u00e9t\u00e9s par d'autres traitements bioinformatiques.<\/p>\n<\/div><\/div>","protected":false},"excerpt":{"rendered":"<p>Antidiabetikus sug\u00e1rz\u00f3 \u21167. M\u0171k\u00f6d\u00e9si ideje: 13 perc. Frekvenci\u00e1ja a hasny\u00e1lmirigy sejtjei \u00e9s az inzulinf\u00fcgg\u0151 sz\u00f6vetek receptormez\u0151i frekvenci\u00e1j\u00e1nak felel meg. A cukorbetegs\u00e9g megel\u0151z\u00e9s\u00e9nek, valamint az I. \u00e9s II. tipus\u00fa cukorbetegs\u00e9g kezel\u00e9s\u00e9nek komplex programjaiban, a sz\u00f6v\u0151dm\u00e9nyek kialakul\u00e1sa megel\u0151z\u00e9s\u00e9nek c\u00e9lj\u00e1b\u00f3l alkalmazhat\u00f3. Az anyagcsere folyamatok (sz\u00e9nhidr\u00e1t, lipid, feh\u00e9rje, \u00e1sv\u00e1nyi anyagok) optimaliz\u00e1ci\u00f3j\u00e1t seg\u00edti el\u0151. Jav\u00edtja a metabolizmus (anyagcsere) folyamatait a [&hellip;]<\/p>\n","protected":false},"featured_media":4717,"comment_status":"open","ping_status":"closed","template":"","meta":[],"product_brand":[],"product_cat":[35,32],"product_tag":[],"class_list":{"0":"post-4718","1":"product","2":"type-product","3":"status-publish","4":"has-post-thumbnail","6":"product_cat-csatlakoztathato-jeladok","7":"product_cat-triomed","9":"first","10":"instock","11":"taxable","12":"shipping-taxable","13":"purchasable","14":"product-type-simple"},"_links":{"self":[{"href":"https:\/\/vetomshop.hu\/fr\/wp-json\/wp\/v2\/product\/4718","targetHints":{"allow":["GET"]}}],"collection":[{"href":"https:\/\/vetomshop.hu\/fr\/wp-json\/wp\/v2\/product"}],"about":[{"href":"https:\/\/vetomshop.hu\/fr\/wp-json\/wp\/v2\/types\/product"}],"replies":[{"embeddable":true,"href":"https:\/\/vetomshop.hu\/fr\/wp-json\/wp\/v2\/comments?post=4718"}],"wp:featuredmedia":[{"embeddable":true,"href":"https:\/\/vetomshop.hu\/fr\/wp-json\/wp\/v2\/media\/4717"}],"wp:attachment":[{"href":"https:\/\/vetomshop.hu\/fr\/wp-json\/wp\/v2\/media?parent=4718"}],"wp:term":[{"taxonomy":"product_brand","embeddable":true,"href":"https:\/\/vetomshop.hu\/fr\/wp-json\/wp\/v2\/product_brand?post=4718"},{"taxonomy":"product_cat","embeddable":true,"href":"https:\/\/vetomshop.hu\/fr\/wp-json\/wp\/v2\/product_cat?post=4718"},{"taxonomy":"product_tag","embeddable":true,"href":"https:\/\/vetomshop.hu\/fr\/wp-json\/wp\/v2\/product_tag?post=4718"}],"curies":[{"name":"wp","href":"https:\/\/api.w.org\/{rel}","templated":true}]}}

Balise antidiabétique

<h4>Radiateur antidiabétique №7.</h4>
<p>Durée de fonctionnement : 13 minutes.</p>
<p>Sa fréquence correspond à la fréquence des champs récepteurs dans les cellules pancréatiques et les tissus dépendants de l'insuline.</p>
<p>Il peut être utilisé dans des programmes complexes de prévention du diabète et de traitement du diabète de type I et de type II afin de prévenir l'apparition de complications.</p>
<ul>
<li>Favorise l'optimisation des processus métaboliques (glucides, lipides, protéines, minéraux).</li>
<li>Améliore le métabolisme (processus métaboliques) dans les cellules du pancréas.</li>
<li>Optimise la production d'insuline par les cellules du pancréas.</li>
<li>Augmente la sensibilité des tissus à l'insuline.</li>
<li>Améliore le statut des récepteurs des cellules dans les tissus insulino-dépendants</li>
<li>Prévient les œdèmes</li>
<li>Il accélère la régénération et la réparation des cellules pancréatiques.</li>
<li>Il a un effet pro-inflammatoire.</li>
<li>Améliore la circulation sanguine.</li>
<li>Prévient le développement du diabète.</li>
<li>Prévient le développement des complications du diabète.</li>
</ul>
<div class="su-spoiler su-spoiler-style-defoult su-spoiler-icon-caret su-spoiler-closed" data-scroll-offset="0" data-anchor-in-url="no"><div class="su-spoiler-title" tabindex="0" role="button"><span class="su-spoiler-icon"></span>Tous</div><div class="su-spoiler-content su-u-clearfix su-u-trim">
Zones de traitement recommandées : dans les points et zones biologiquement actifs. Les traitements recommandés peuvent être répétés 2 à 3 fois par an, après un minimum de 3 mois, jusqu'à ce que l'état s'améliore, et peuvent être complétés par d'autres traitements bioinformatiques.</p>
</div></div>

<p>Antidiabetikus sugárzó №7. Működési ideje: 13 perc. Frekvenciája a hasnyálmirigy sejtjei és az inzulinfüggő szövetek receptormezői frekvenciájának felel meg. A cukorbetegség megelőzésének, valamint az I. és II. tipusú cukorbetegség kezelésének komplex programjaiban, a szövődmények kialakulása megelőzésének céljából alkalmazható. Az anyagcsere folyamatok (szénhidrát, lipid, fehérje, ásványi anyagok) optimalizációját segíti elő. Javítja a metabolizmus (anyagcsere) folyamatait a [&hellip;]</p>
