{"id":4690,"date":"2023-11-11T14:33:49","date_gmt":"2023-11-11T13:33:49","guid":{"rendered":"https:\/\/vetomshop.hu\/termek\/elast-medal\/"},"modified":"2023-11-11T14:33:49","modified_gmt":"2023-11-11T13:33:49","slug":"elast-medal","status":"publish","type":"product","link":"https:\/\/vetomshop.hu\/ga\/product\/elast-medal\/","title":{"rendered":"Monn\u00e1n Leaisteach"},"content":{"rendered":"<p>Feiste ch\u00fanta chun neamhoird leas\u00e1n a chosc agus a ch\u00f3ire\u00e1il, chun pr\u00f3isis athghini\u00fana a ghn\u00edomhacht\u00fa, agus chun c\u00f3ire\u00e1il ch\u00fanta a chur ar neamhoird leas\u00e1n ainsealacha.<\/p>\n<p>T\u00e1 \u00e9ifeacht Mhuince\u00e1in \u201eELAST\u201d d\u00edrithe ar ghn\u00e1thphr\u00f3isis mheitibileacha a athbhun\u00fa i gcealla agus i bhf\u00edoch\u00e1in na nasc\u00e1n, agus ar an gcaoi sin an pr\u00f3iseas aosaithe a mhoilli\u00fa.<\/p>\n<p>T\u00e1 \u00e9ifeacht dhearfach ag an bhfeiste seo ar staid fheidhmeanna an choirp agus is f\u00e9idir \u00ed a \u00fas\u00e1id i gcomhar le modhanna eile mar mhodh optamaithe agus ceart\u00fach\u00e1in:<\/p>\n<ul>\n<li>M\u00e9ada\u00edonn s\u00e9 leaisteachas na lig\u00e9ar agus m\u00e9ada\u00edonn s\u00e9 raon gluaisne na n-alt mar fhreagra ar athruithe a bhaineann le haois.<\/li>\n<li>Laghda\u00edonn s\u00e9 an d\u00f3ch\u00falacht go dtarl\u00f3idh gortuithe teann\u00e1in agus leasna.<\/li>\n<li>ag laghd\u00fa an ama t\u00e9arnaimh tar \u00e9is gortuithe leasna (s\u00e1iteanna, str\u00f3ict\u00ed)<\/li>\n<li>Moilli\u00fa a chur ar athruithe a bhaineann le haois sna hailt<\/li>\n<li>neart\u00fa naisc\u00ed na n-org\u00e1n inmhe\u00e1nach, ag cosc a bpr\u00f3iseapsa (an \u00fataras, an st\u00e9ig, na du\u00e1in, an st\u00e9ig m\u00f3r)<\/li>\n<\/ul>\n<div class=\"su-spoiler su-spoiler-style-defoult su-spoiler-icon-caret su-spoiler-closed\" data-scroll-offset=\"0\" data-anchor-in-url=\"no\"><div class=\"su-spoiler-title\" tabindex=\"0\" role=\"button\"><span class=\"su-spoiler-icon\"><\/span>Gach<\/div><div class=\"su-spoiler-content su-u-clearfix su-u-trim\">\n<strong>Iarmhairt\u00ed:<\/strong><\/p>\n<ul>\n<li>feabhas ar phr\u00f3isis mheitibileacha sna f\u00edoch\u00e1in cheangailt\u00edochta sna hailt agus sna horg\u00e1in inmhe\u00e1nacha, lena n-\u00e1ir\u00edtear conraitheacht Dupuytren. (conraitheacht: giorr\u00fa agus\/n\u00f3 crapadh ar shn\u00e9idhn\u00ed agus\/n\u00f3 ar mhat\u00e1in a chrutha\u00edonn d\u00edchuma agus\/n\u00f3 staidi\u00fair \u00e9igeantach)<\/li>\n<li>Maol\u00fa a chur ar athruithe \u201ea bhaineann le haois\u201d sa ch\u00f3ras mhat\u00e1nchn\u00e1mharlaigh<\/li>\n<li>Feabhsa\u00edonn s\u00e9 leaisteachas na mat\u00e1n agus na nasc\u00e1n.<\/li>\n<li>Luatha\u00edonn s\u00e9 an athghini\u00faint i ndiaidh gortuithe agus n\u00f3sanna imeachta m\u00e1inliachta, agus cuireann s\u00e9 cosc ar chruth\u00fa coilm gharbh.<\/li>\n<\/ul>\n<\/div><\/div>","protected":false},"excerpt":{"rendered":"<p>Kieg\u00e9sz\u00edt\u0151 eszk\u00f6z a ligamentum betegs\u00e9geinek megel\u0151z\u00e9s\u00e9re \u00e9s kezel\u00e9s\u00e9re, regener\u00e1ci\u00f3s folyamatok aktiv\u00e1l\u00e1s\u00e1ra \u00e9s a ligamentum kr\u00f3nikus betegs\u00e9geinek kieg\u00e9sz\u00edt\u0151 kezel\u00e9s\u00e9re. A &#8222;ELAST&#8221; Med\u00e1l hat\u00e1sa a norm\u00e1lis anyagcsere-folyamatok helyre\u00e1ll\u00edt\u00e1s\u00e1ra ir\u00e1nyul a ligamentumok sejtjeiben \u00e9s sz\u00f6veteiben, lass\u00edtva az \u00f6reged\u00e9si folyamatokat is. Ez az eszk\u00f6z pozit\u00edv hat\u00e1ssal van a testfunkci\u00f3k \u00e1llapot\u00e1ra, az optimaliz\u00e1l\u00e1s \u00e9s korrekci\u00f3 eszk\u00f6zek\u00e9nt haszn\u00e1lhat\u00f3 egy\u00e9b m\u00f3dszerekkel is [&hellip;]<\/p>\n","protected":false},"featured_media":4689,"comment_status":"open","ping_status":"closed","template":"","meta":[],"product_brand":[],"product_cat":[33,32],"product_tag":[],"class_list":{"0":"post-4690","1":"product","2":"type-product","3":"status-publish","4":"has-post-thumbnail","6":"product_cat-egeszseg-medalok","7":"product_cat-triomed","9":"first","10":"instock","11":"taxable","12":"shipping-taxable","13":"purchasable","14":"product-type-simple"},"_links":{"self":[{"href":"https:\/\/vetomshop.hu\/ga\/wp-json\/wp\/v2\/product\/4690","targetHints":{"allow":["GET"]}}],"collection":[{"href":"https:\/\/vetomshop.hu\/ga\/wp-json\/wp\/v2\/product"}],"about":[{"href":"https:\/\/vetomshop.hu\/ga\/wp-json\/wp\/v2\/types\/product"}],"replies":[{"embeddable":true,"href":"https:\/\/vetomshop.hu\/ga\/wp-json\/wp\/v2\/comments?post=4690"}],"wp:featuredmedia":[{"embeddable":true,"href":"https:\/\/vetomshop.hu\/ga\/wp-json\/wp\/v2\/media\/4689"}],"wp:attachment":[{"href":"https:\/\/vetomshop.hu\/ga\/wp-json\/wp\/v2\/media?parent=4690"}],"wp:term":[{"taxonomy":"product_brand","embeddable":true,"href":"https:\/\/vetomshop.hu\/ga\/wp-json\/wp\/v2\/product_brand?post=4690"},{"taxonomy":"product_cat","embeddable":true,"href":"https:\/\/vetomshop.hu\/ga\/wp-json\/wp\/v2\/product_cat?post=4690"},{"taxonomy":"product_tag","embeddable":true,"href":"https:\/\/vetomshop.hu\/ga\/wp-json\/wp\/v2\/product_tag?post=4690"}],"curies":[{"name":"uair an chloig","href":"https:\/\/api.w.org\/{rel}","templated":true}]}}

Monnán Leaisteach

<p>Feiste chúnta chun neamhoird leasán a chosc agus a chóireáil, chun próisis athghiniúna a ghníomhachtú, agus chun cóireáil chúnta a chur ar neamhoird leasán ainsealacha.</p>
<p>Tá éifeacht Mhuinceáin „ELAST” dírithe ar ghnáthphróisis mheitibileacha a athbhunú i gcealla agus i bhfíocháin na nascán, agus ar an gcaoi sin an próiseas aosaithe a mhoilliú.</p>
<p>Tá éifeacht dhearfach ag an bhfeiste seo ar staid fheidhmeanna an choirp agus is féidir í a úsáid i gcomhar le modhanna eile mar mhodh optamaithe agus ceartúcháin:</p>
<ul>
<li>Méadaíonn sé leaisteachas na ligéar agus méadaíonn sé raon gluaisne na n-alt mar fhreagra ar athruithe a bhaineann le haois.</li>
<li>Laghdaíonn sé an dóchúlacht go dtarlóidh gortuithe teannáin agus leasna.</li>
<li>ag laghdú an ama téarnaimh tar éis gortuithe leasna (sáiteanna, stróictí)</li>
<li>Moilliú a chur ar athruithe a bhaineann le haois sna hailt</li>
<li>neartú naiscí na n-orgán inmheánach, ag cosc a bpróiseapsa (an útaras, an stéig, na duáin, an stéig mór)</li>
</ul>
<div class="su-spoiler su-spoiler-style-defoult su-spoiler-icon-caret su-spoiler-closed" data-scroll-offset="0" data-anchor-in-url="no"><div class="su-spoiler-title" tabindex="0" role="button"><span class="su-spoiler-icon"></span>Gach</div><div class="su-spoiler-content su-u-clearfix su-u-trim">
<strong>Iarmhairtí:</strong></p>
<ul>
<li>feabhas ar phróisis mheitibileacha sna fíocháin cheangailtíochta sna hailt agus sna horgáin inmheánacha, lena n-áirítear conraitheacht Dupuytren. (conraitheacht: giorrú agus/nó crapadh ar shnéidhní agus/nó ar mhatáin a chruthaíonn díchuma agus/nó staidiúir éigeantach)</li>
<li>Maolú a chur ar athruithe „a bhaineann le haois” sa chóras mhatánchnámharlaigh</li>
<li>Feabhsaíonn sé leaisteachas na matán agus na nascán.</li>
<li>Luathaíonn sé an athghiniúint i ndiaidh gortuithe agus nósanna imeachta máinliachta, agus cuireann sé cosc ar chruthú coilm gharbh.</li>
</ul>
</div></div>

<p>Kiegészítő eszköz a ligamentum betegségeinek megelőzésére és kezelésére, regenerációs folyamatok aktiválására és a ligamentum krónikus betegségeinek kiegészítő kezelésére. A &#8222;ELAST&#8221; Medál hatása a normális anyagcsere-folyamatok helyreállítására irányul a ligamentumok sejtjeiben és szöveteiben, lassítva az öregedési folyamatokat is. Ez az eszköz pozitív hatással van a testfunkciók állapotára, az optimalizálás és korrekció eszközeként használható egyéb módszerekkel is [&hellip;]</p>
