{"id":4706,"date":"2023-11-11T14:33:52","date_gmt":"2023-11-11T13:33:52","guid":{"rendered":"https:\/\/vetomshop.hu\/termek\/odont-medal\/"},"modified":"2024-08-07T16:07:27","modified_gmt":"2024-08-07T14:07:27","slug":"odont-medal","status":"publish","type":"product","link":"https:\/\/vetomshop.hu\/ga\/product\/odont-medal\/","title":{"rendered":"Bonn fiacla"},"content":{"rendered":"<h4>Bonn fiacla<\/h4>\n<p>C\u00fanamh chun galar period\u00f3ntach a chosc agus a athshl\u00e1n\u00fa, agus chun pr\u00f3isis athghini\u00fanacha a fheabhs\u00fa.<\/p>\n<p>An tr\u00e9ifre \u2013 an coimpl\u00e9asc f\u00edoch\u00e1n timpeall na bhfiacla.<\/p>\n<p>Timpealla\u00edonn agus taca\u00edonn an tr\u00e9imhfhiacl\u00f3ireacht leis na fiacla. Sol\u00e1thra\u00edonn an tr\u00e9imhfhiacl\u00f3ireacht daingni\u00fa sol\u00fabtha do fhr\u00e9amhacha na bhfiacla. Is iad na pr\u00edomhchodanna den tr\u00e9imhfhiacl\u00f3ireacht n\u00e1: an guma, an ligamant tr\u00e9imhfhiaclach, an ts\u00e9imintim, agus an chn\u00e1mh alve\u00f3lach. T\u00e1 bun\u00fas agus feidhm choiteann acu.<\/p>\n<p>Is \u00e9 \u00e9ifeacht an mhonn\u00e1in \u201eODONT\u201d n\u00e1 cosaint\u00ed an choirp a ghn\u00edomhacht\u00fa, pr\u00f3isis fhisioil\u00edocha gn\u00e1thaimh a athbhun\u00fa i gcealla agus i bhf\u00edoch\u00e1in an tr\u00e9id\u00edon\u00f3im, agus friota\u00edocht in aghaidh facht\u00f3ir\u00ed comhshaoil d\u00edobh\u00e1lacha a mh\u00e9ad\u00fa.<\/p>\n<p>T\u00e1 \u00e9ifeacht dhearfach ag an bhfeiste seo ar staid fheidhmeanna an choirp agus is f\u00e9idir \u00e9 a \u00fas\u00e1id mar uirlis optamach agus cheartaitheach do riochta\u00ed eile amhail ging\u00edobait\u00eds, peiriad\u00f3int\u00edteas, galar peiriad\u00f3ntach, loit pheiriad\u00f3ntacha, Siondr\u00f3m Itsenko-Cushing, Siondr\u00f3m Elers-Danlos, Siondr\u00f3m Shediak Higashi, Siondr\u00f3m Down, neamhoird fola, srl.<\/p>\n<div class=\"su-spoiler su-spoiler-style-defoult su-spoiler-icon-caret su-spoiler-closed\" data-scroll-offset=\"0\" data-anchor-in-url=\"no\"><div class=\"su-spoiler-title\" tabindex=\"0\" role=\"button\"><span class=\"su-spoiler-icon\"><\/span>Gach<\/div><div class=\"su-spoiler-content su-u-clearfix su-u-trim\">\n<strong>Iarmhairt\u00ed:<\/strong><\/p>\n<ul>\n<li>Normal\u00fa ar shreabhadh fola, ar st\u00e1das imdh\u00edonachta agus ar phr\u00f3isis mheitibileacha periadontacha, ag cosc fhorbairt galar;<\/li>\n<li>cuid\u00edonn le feabhas a chur ar fheidhm periadontach;<\/li>\n<li>laghda\u00edonn s\u00e9 d\u00e9ine feinim\u00e9in athlastach agus d\u00edghr\u00e1dach i ngalar periont\u00f3ideach;<\/li>\n<li>cuid\u00edonn s\u00e9 le pr\u00f3isis athghini\u00fana agus deisi\u00fach\u00e1in tr\u00e9id\u00edneacha a luath\u00fa;<\/li>\n<li>cuid\u00edonn le droch-an\u00e1il a dh\u00edoth\u00fa;<\/li>\n<li>Cuid\u00edonn s\u00e9 le gluaisne paiteola\u00edoch fiacla a chosc.<\/li>\n<\/ul>\n<\/div><\/div>","protected":false},"excerpt":{"rendered":"<p>Odont Med\u00e1l Seg\u00e9deszk\u00f6z a periodont\u00e1lis betegs\u00e9gek megel\u0151z\u00e9s\u00e9re \u00e9s rehabilit\u00e1ci\u00f3j\u00e1ra, a regenerat\u00edv folyamatok fokoz\u00e1s\u00e1ra. A fog\u00e1gy (parodontium) &#8211; a fogakat k\u00f6r\u00fclvev\u0151 sz\u00f6vetek komplexuma. A parodontium k\u00f6r\u00fclveszi \u00e9s megt\u00e1masztja a fogakat. A fog\u00e1gy a fogak gy\u00f6ker\u00e9nek rugalmas elhorgonyz\u00e1s\u00e1t biztos\u00edtja. A parodontium f\u0151 r\u00e9szei: \u00edny, gy\u00f6k\u00e9rh\u00e1rtya, cement, fogmederny\u00falv\u00e1ny. Eredet\u00fck \u00e9s funkci\u00f3juk k\u00f6z\u00f6s. Az &#8222;ODONT&#8221; med\u00e1l hat\u00e1sa arra ir\u00e1nyul, [&hellip;]<\/p>\n","protected":false},"featured_media":4705,"comment_status":"open","ping_status":"closed","template":"","meta":[],"product_brand":[],"product_cat":[33,32],"product_tag":[],"class_list":{"0":"post-4706","1":"product","2":"type-product","3":"status-publish","4":"has-post-thumbnail","6":"product_cat-egeszseg-medalok","7":"product_cat-triomed","9":"first","10":"instock","11":"taxable","12":"shipping-taxable","13":"purchasable","14":"product-type-simple"},"_links":{"self":[{"href":"https:\/\/vetomshop.hu\/ga\/wp-json\/wp\/v2\/product\/4706","targetHints":{"allow":["GET"]}}],"collection":[{"href":"https:\/\/vetomshop.hu\/ga\/wp-json\/wp\/v2\/product"}],"about":[{"href":"https:\/\/vetomshop.hu\/ga\/wp-json\/wp\/v2\/types\/product"}],"replies":[{"embeddable":true,"href":"https:\/\/vetomshop.hu\/ga\/wp-json\/wp\/v2\/comments?post=4706"}],"wp:featuredmedia":[{"embeddable":true,"href":"https:\/\/vetomshop.hu\/ga\/wp-json\/wp\/v2\/media\/4705"}],"wp:attachment":[{"href":"https:\/\/vetomshop.hu\/ga\/wp-json\/wp\/v2\/media?parent=4706"}],"wp:term":[{"taxonomy":"product_brand","embeddable":true,"href":"https:\/\/vetomshop.hu\/ga\/wp-json\/wp\/v2\/product_brand?post=4706"},{"taxonomy":"product_cat","embeddable":true,"href":"https:\/\/vetomshop.hu\/ga\/wp-json\/wp\/v2\/product_cat?post=4706"},{"taxonomy":"product_tag","embeddable":true,"href":"https:\/\/vetomshop.hu\/ga\/wp-json\/wp\/v2\/product_tag?post=4706"}],"curies":[{"name":"uair an chloig","href":"https:\/\/api.w.org\/{rel}","templated":true}]}}

<h4>Bonn fiacla</h4>
<p>Cúnamh chun galar periodóntach a chosc agus a athshlánú, agus chun próisis athghiniúnacha a fheabhsú.</p>
<p>An tréifre – an coimpléasc fíochán timpeall na bhfiacla.</p>
<p>Timpeallaíonn agus tacaíonn an tréimhfhiaclóireacht leis na fiacla. Soláthraíonn an tréimhfhiaclóireacht daingniú solúbtha do fhréamhacha na bhfiacla. Is iad na príomhchodanna den tréimhfhiaclóireacht ná: an guma, an ligamant tréimhfhiaclach, an tséimintim, agus an chnámh alveólach. Tá bunús agus feidhm choiteann acu.</p>
<p>Is é éifeacht an mhonnáin „ODONT” ná cosaintí an choirp a ghníomhachtú, próisis fhisioilíocha gnáthaimh a athbhunú i gcealla agus i bhfíocháin an tréidíonóim, agus friotaíocht in aghaidh fachtóirí comhshaoil díobhálacha a mhéadú.</p>
<p>Tá éifeacht dhearfach ag an bhfeiste seo ar staid fheidhmeanna an choirp agus is féidir é a úsáid mar uirlis optamach agus cheartaitheach do riochtaí eile amhail gingíobaitís, peiriadóintíteas, galar peiriadóntach, loit pheiriadóntacha, Siondróm Itsenko-Cushing, Siondróm Elers-Danlos, Siondróm Shediak Higashi, Siondróm Down, neamhoird fola, srl.</p>
<div class="su-spoiler su-spoiler-style-defoult su-spoiler-icon-caret su-spoiler-closed" data-scroll-offset="0" data-anchor-in-url="no"><div class="su-spoiler-title" tabindex="0" role="button"><span class="su-spoiler-icon"></span>Gach</div><div class="su-spoiler-content su-u-clearfix su-u-trim">
<strong>Iarmhairtí:</strong></p>
<ul>
<li>Normalú ar shreabhadh fola, ar stádas imdhíonachta agus ar phróisis mheitibileacha periadontacha, ag cosc fhorbairt galar;</li>
<li>cuidíonn le feabhas a chur ar fheidhm periadontach;</li>
<li>laghdaíonn sé déine feiniméin athlastach agus díghrádach i ngalar periontóideach;</li>
<li>cuidíonn sé le próisis athghiniúna agus deisiúcháin tréidíneacha a luathú;</li>
<li>cuidíonn le droch-anáil a dhíothú;</li>
<li>Cuidíonn sé le gluaisne paiteolaíoch fiacla a chosc.</li>
</ul>
</div></div>

<p>Odont Medál Segédeszköz a periodontális betegségek megelőzésére és rehabilitációjára, a regeneratív folyamatok fokozására. A fogágy (parodontium) &#8211; a fogakat körülvevő szövetek komplexuma. A parodontium körülveszi és megtámasztja a fogakat. A fogágy a fogak gyökerének rugalmas elhorgonyzását biztosítja. A parodontium fő részei: íny, gyökérhártya, cement, fogmedernyúlvány. Eredetük és funkciójuk közös. Az &#8222;ODONT&#8221; medál hatása arra irányul, [&hellip;]</p>
