{"id":4718,"date":"2023-11-11T14:33:56","date_gmt":"2023-11-11T13:33:56","guid":{"rendered":"https:\/\/vetomshop.hu\/termek\/antidiabetikus-jelado\/"},"modified":"2023-11-11T14:33:56","modified_gmt":"2023-11-11T13:33:56","slug":"antidiabetikus-jelado","status":"publish","type":"product","link":"https:\/\/vetomshop.hu\/ga\/product\/antidiabetikus-jelado\/","title":{"rendered":"Tarchurad\u00f3ir frithdhiaib\u00e9iteach"},"content":{"rendered":"<h4>Raid\u00e9ad\u00f3ir frithdhiaib\u00e9iteach Uimh. 7.<\/h4>\n<p>Am oibri\u00fach\u00e1in: 13 n\u00f3im\u00e9ad.<\/p>\n<p>Freagra\u00edonn a mhinic\u00edocht do mhinic\u00edocht na gceall pancreasach agus na r\u00e9ims\u00ed gabhd\u00f3ir\u00ed f\u00edoch\u00e1n a bhraitheann ar insline.<\/p>\n<p>Is f\u00e9idir \u00e9 a \u00fas\u00e1id i gcl\u00e1ir chasta chun an diaib\u00e9iteas a chosc agus chun diaib\u00e9iteas de chine\u00e1l I agus II a ch\u00f3ire\u00e1il, d'fhonn forbairt aimhr\u00e9id\u00ed a chosc.<\/p>\n<ul>\n<li>Cuireann s\u00e9 feabhas ar phr\u00f3isis mheitibileacha (carbaihiodr\u00e1it\u00ed, lipit\u00ed, pr\u00f3it\u00e9in\u00ed, mianra\u00ed).<\/li>\n<li>Feabhsa\u00edonn s\u00e9 pr\u00f3isis mheitibileacha i gcealla an phaincr\u00e9is.<\/li>\n<li>Feabhsa\u00edonn s\u00e9 t\u00e1irgeadh insline ag cealla na pancreasa.<\/li>\n<li>M\u00e9ada\u00edonn s\u00e9 \u00edogaireacht insline na bhf\u00edoch\u00e1n.<\/li>\n<li>Feabhsa\u00edonn s\u00e9 riocht r\u00e9imse na nglacad\u00f3ir\u00ed i gcealla f\u00edoch\u00e1n insline-sple\u00e1ch<\/li>\n<li>Coscann s\u00e9 oideam<\/li>\n<li>Cuireann s\u00e9 dl\u00fas le hathghini\u00faint agus le deisi\u00fa na gceall pancreasa.<\/li>\n<li>T\u00e1 \u00e9ifeacht frith-athlastach aige.<\/li>\n<li>Feabhsa\u00edonn s\u00e9 c\u00farsa\u00edocht na fola.<\/li>\n<li>Coscann s\u00e9 forbairt an diaib\u00e9itis.<\/li>\n<li>Coscann s\u00e9 forbairt fhiacla\u00ed an diaib\u00e9itis.<\/li>\n<\/ul>\n<div class=\"su-spoiler su-spoiler-style-defoult su-spoiler-icon-caret su-spoiler-closed\" data-scroll-offset=\"0\" data-anchor-in-url=\"no\"><div class=\"su-spoiler-title\" tabindex=\"0\" role=\"button\"><span class=\"su-spoiler-icon\"><\/span>Gach<\/div><div class=\"su-spoiler-content su-u-clearfix su-u-trim\">\nLimist\u00e9ir ch\u00f3ire\u00e1la mholta: point\u00ed agus criosanna bithghn\u00edomhacha. Is f\u00e9idir na c\u00f3ire\u00e1lacha molta a athdh\u00e9anamh 2-3 huaire sa bhliain \u2013 ar feadh 3 mh\u00ed ar a laghad \u2013 go dt\u00ed go dtagann feabhas ar an riocht, agus is f\u00e9idir c\u00f3ire\u00e1lacha bithfhaisn\u00e9ise eile a chur leo.<\/p>\n<\/div><\/div>","protected":false},"excerpt":{"rendered":"<p>Antidiabetikus sug\u00e1rz\u00f3 \u21167. M\u0171k\u00f6d\u00e9si ideje: 13 perc. Frekvenci\u00e1ja a hasny\u00e1lmirigy sejtjei \u00e9s az inzulinf\u00fcgg\u0151 sz\u00f6vetek receptormez\u0151i frekvenci\u00e1j\u00e1nak felel meg. A cukorbetegs\u00e9g megel\u0151z\u00e9s\u00e9nek, valamint az I. \u00e9s II. tipus\u00fa cukorbetegs\u00e9g kezel\u00e9s\u00e9nek komplex programjaiban, a sz\u00f6v\u0151dm\u00e9nyek kialakul\u00e1sa megel\u0151z\u00e9s\u00e9nek c\u00e9lj\u00e1b\u00f3l alkalmazhat\u00f3. Az anyagcsere folyamatok (sz\u00e9nhidr\u00e1t, lipid, feh\u00e9rje, \u00e1sv\u00e1nyi anyagok) optimaliz\u00e1ci\u00f3j\u00e1t seg\u00edti el\u0151. Jav\u00edtja a metabolizmus (anyagcsere) folyamatait a [&hellip;]<\/p>\n","protected":false},"featured_media":4717,"comment_status":"open","ping_status":"closed","template":"","meta":[],"product_brand":[],"product_cat":[35,32],"product_tag":[],"class_list":{"0":"post-4718","1":"product","2":"type-product","3":"status-publish","4":"has-post-thumbnail","6":"product_cat-csatlakoztathato-jeladok","7":"product_cat-triomed","9":"first","10":"instock","11":"taxable","12":"shipping-taxable","13":"purchasable","14":"product-type-simple"},"_links":{"self":[{"href":"https:\/\/vetomshop.hu\/ga\/wp-json\/wp\/v2\/product\/4718","targetHints":{"allow":["GET"]}}],"collection":[{"href":"https:\/\/vetomshop.hu\/ga\/wp-json\/wp\/v2\/product"}],"about":[{"href":"https:\/\/vetomshop.hu\/ga\/wp-json\/wp\/v2\/types\/product"}],"replies":[{"embeddable":true,"href":"https:\/\/vetomshop.hu\/ga\/wp-json\/wp\/v2\/comments?post=4718"}],"wp:featuredmedia":[{"embeddable":true,"href":"https:\/\/vetomshop.hu\/ga\/wp-json\/wp\/v2\/media\/4717"}],"wp:attachment":[{"href":"https:\/\/vetomshop.hu\/ga\/wp-json\/wp\/v2\/media?parent=4718"}],"wp:term":[{"taxonomy":"product_brand","embeddable":true,"href":"https:\/\/vetomshop.hu\/ga\/wp-json\/wp\/v2\/product_brand?post=4718"},{"taxonomy":"product_cat","embeddable":true,"href":"https:\/\/vetomshop.hu\/ga\/wp-json\/wp\/v2\/product_cat?post=4718"},{"taxonomy":"product_tag","embeddable":true,"href":"https:\/\/vetomshop.hu\/ga\/wp-json\/wp\/v2\/product_tag?post=4718"}],"curies":[{"name":"uair an chloig","href":"https:\/\/api.w.org\/{rel}","templated":true}]}}

Tarchuradóir frithdhiaibéiteach

<h4>Raidéadóir frithdhiaibéiteach Uimh. 7.</h4>
<p>Am oibriúcháin: 13 nóiméad.</p>
<p>Freagraíonn a mhinicíocht do mhinicíocht na gceall pancreasach agus na réimsí gabhdóirí fíochán a bhraitheann ar insline.</p>
<p>Is féidir é a úsáid i gcláir chasta chun an diaibéiteas a chosc agus chun diaibéiteas de chineál I agus II a chóireáil, d'fhonn forbairt aimhréidí a chosc.</p>
<ul>
<li>Cuireann sé feabhas ar phróisis mheitibileacha (carbaihiodráití, lipití, próitéiní, mianraí).</li>
<li>Feabhsaíonn sé próisis mheitibileacha i gcealla an phaincréis.</li>
<li>Feabhsaíonn sé táirgeadh insline ag cealla na pancreasa.</li>
<li>Méadaíonn sé íogaireacht insline na bhfíochán.</li>
<li>Feabhsaíonn sé riocht réimse na nglacadóirí i gcealla fíochán insline-spleách</li>
<li>Coscann sé oideam</li>
<li>Cuireann sé dlús le hathghiniúint agus le deisiú na gceall pancreasa.</li>
<li>Tá éifeacht frith-athlastach aige.</li>
<li>Feabhsaíonn sé cúrsaíocht na fola.</li>
<li>Coscann sé forbairt an diaibéitis.</li>
<li>Coscann sé forbairt fhiaclaí an diaibéitis.</li>
</ul>
<div class="su-spoiler su-spoiler-style-defoult su-spoiler-icon-caret su-spoiler-closed" data-scroll-offset="0" data-anchor-in-url="no"><div class="su-spoiler-title" tabindex="0" role="button"><span class="su-spoiler-icon"></span>Gach</div><div class="su-spoiler-content su-u-clearfix su-u-trim">
Limistéir chóireála mholta: pointí agus criosanna bithghníomhacha. Is féidir na cóireálacha molta a athdhéanamh 2-3 huaire sa bhliain – ar feadh 3 mhí ar a laghad – go dtí go dtagann feabhas ar an riocht, agus is féidir cóireálacha bithfhaisnéise eile a chur leo.</p>
</div></div>

<p>Antidiabetikus sugárzó №7. Működési ideje: 13 perc. Frekvenciája a hasnyálmirigy sejtjei és az inzulinfüggő szövetek receptormezői frekvenciájának felel meg. A cukorbetegség megelőzésének, valamint az I. és II. tipusú cukorbetegség kezelésének komplex programjaiban, a szövődmények kialakulása megelőzésének céljából alkalmazható. Az anyagcsere folyamatok (szénhidrát, lipid, fehérje, ásványi anyagok) optimalizációját segíti elő. Javítja a metabolizmus (anyagcsere) folyamatait a [&hellip;]</p>
