{"id":4720,"date":"2023-11-11T14:33:56","date_gmt":"2023-11-11T13:33:56","guid":{"rendered":"https:\/\/vetomshop.hu\/termek\/egeszseges-maj-jelado\/"},"modified":"2024-10-29T21:36:20","modified_gmt":"2024-10-29T20:36:20","slug":"egeszseges-maj-jelado","status":"publish","type":"product","link":"https:\/\/vetomshop.hu\/ga\/product\/egeszseges-maj-jelado\/","title":{"rendered":"Comhartha ae sl\u00e1inti\u00fail"},"content":{"rendered":"<h4>\u00abAduain Shl\u00e1inti\u00fail\u00bb raidid\u00e9atar Uimh. 14<\/h4>\n<p>Freagra\u00edonn a mhinic\u00edocht do mhinic\u00edocht f\u00edoch\u00e1in an ae, agus is \u00e9 12 n\u00f3im\u00e9ad an t-am oibri\u00fach\u00e1in.<\/p>\n<p>Is f\u00e9idir \u00e9 a \u00fas\u00e1id i gcl\u00e1ir ch\u00f3ire\u00e1la chasta don ae, don bhile agus do na conair\u00ed bile.<\/p>\n<ul>\n<li>Spreagann s\u00e9 pr\u00f3isis mheitibileacha in heipiteasait\u00ed (cealla ae).<\/li>\n<li>Feabhsa\u00edonn s\u00e9 feidhmeanna sint\u00e9ise agus d\u00edthocsainithe an ae.<\/li>\n<li>Laghda\u00edonn s\u00e9 oideam.<\/li>\n<li>Spreagann s\u00e9 pr\u00f3isis athghini\u00fana agus deisi\u00fach\u00e1in na heipiticeat\u00f3in\u00ed.<\/li>\n<li>T\u00e1 \u00e9ifeacht frithspasmach aige.<\/li>\n<li>\u00c9ifeacht analgesic.<\/li>\n<li>\u00c9ifeacht frith-athlastach.<\/li>\n<li>Feabhsa\u00edonn s\u00e9 c\u00farsa\u00edocht na fola.<\/li>\n<li>Feabhsa\u00edonn s\u00e9 foirmi\u00fa agus eisfhearadh an t-ae-s\u00fa.<\/li>\n<li>Coscann s\u00e9 athruithe cirotacha san ae.<\/li>\n<\/ul>\n<div class=\"su-spoiler su-spoiler-style-defoult su-spoiler-icon-caret su-spoiler-closed\" data-scroll-offset=\"0\" data-anchor-in-url=\"no\"><div class=\"su-spoiler-title\" tabindex=\"0\" role=\"button\"><span class=\"su-spoiler-icon\"><\/span>Gach<\/div><div class=\"su-spoiler-content su-u-clearfix su-u-trim\">\n<p>Limist\u00e9ir ch\u00f3ire\u00e1la mholta: point\u00ed agus criosanna bithghn\u00edomhacha, 12 n\u00f3im\u00e9ad in aghaidh an phointe. Is f\u00e9idir na c\u00f3ire\u00e1lacha molta a athdh\u00e9anamh 2-3 huaire sa bhliain \u2013 ar feadh 3 mh\u00ed ar a laghad \u2013 go dt\u00ed go dtagann feabhas ar an riocht, agus is f\u00e9idir c\u00f3ire\u00e1lacha bithfhaisn\u00e9ise eile a chur leo.<\/p>\n<\/div><\/div>","protected":false},"excerpt":{"rendered":"<p>\u00abEg\u00e9szs\u00e9ges m\u00e1j\u00bb sug\u00e1rz\u00f3 \u211614 Frekvenci\u00e1ja megfelel a m\u00e1jsz\u00f6vet frekvenci\u00e1j\u00e1nak, m\u0171k\u00f6d\u00e9si ideje 12 perc. A m\u00e1j, az epe \u00e9s az epevezet\u00e9kek komplex kezel\u00e9si programjaiban alkalmazhat\u00f3. Serkenti a metabolizmus (anyagcsere) folyamatait a hepatocit\u00e1kban (a m\u00e1jsejtekben). Jav\u00edtja a m\u00e1j szintetikus \u00e9s dezintoxik\u00e1ci\u00f3s funkci\u00f3it. Cs\u00f6kkenti az \u00f6d\u00e9m\u00e1sod\u00e1st. Serkenti a hepatocit\u00e1k regener\u00e1ci\u00f3s \u00e9s repar\u00e1ci\u00f3s folyamatait. G\u00f6rcsold\u00f3 hat\u00e1sa van. F\u00e1jdalomcsillap\u00edt\u00f3 hat\u00e1s. [&hellip;]<\/p>\n","protected":false},"featured_media":4719,"comment_status":"open","ping_status":"closed","template":"","meta":[],"product_brand":[],"product_cat":[35,32],"product_tag":[],"class_list":{"0":"post-4720","1":"product","2":"type-product","3":"status-publish","4":"has-post-thumbnail","6":"product_cat-csatlakoztathato-jeladok","7":"product_cat-triomed","9":"first","10":"instock","11":"taxable","12":"shipping-taxable","13":"purchasable","14":"product-type-simple"},"_links":{"self":[{"href":"https:\/\/vetomshop.hu\/ga\/wp-json\/wp\/v2\/product\/4720","targetHints":{"allow":["GET"]}}],"collection":[{"href":"https:\/\/vetomshop.hu\/ga\/wp-json\/wp\/v2\/product"}],"about":[{"href":"https:\/\/vetomshop.hu\/ga\/wp-json\/wp\/v2\/types\/product"}],"replies":[{"embeddable":true,"href":"https:\/\/vetomshop.hu\/ga\/wp-json\/wp\/v2\/comments?post=4720"}],"wp:featuredmedia":[{"embeddable":true,"href":"https:\/\/vetomshop.hu\/ga\/wp-json\/wp\/v2\/media\/4719"}],"wp:attachment":[{"href":"https:\/\/vetomshop.hu\/ga\/wp-json\/wp\/v2\/media?parent=4720"}],"wp:term":[{"taxonomy":"product_brand","embeddable":true,"href":"https:\/\/vetomshop.hu\/ga\/wp-json\/wp\/v2\/product_brand?post=4720"},{"taxonomy":"product_cat","embeddable":true,"href":"https:\/\/vetomshop.hu\/ga\/wp-json\/wp\/v2\/product_cat?post=4720"},{"taxonomy":"product_tag","embeddable":true,"href":"https:\/\/vetomshop.hu\/ga\/wp-json\/wp\/v2\/product_tag?post=4720"}],"curies":[{"name":"uair an chloig","href":"https:\/\/api.w.org\/{rel}","templated":true}]}}

Comhartha ae sláintiúil

<h4>«Aduain Shláintiúil» raididéatar Uimh. 14</h4>
<p>Freagraíonn a mhinicíocht do mhinicíocht fíocháin an ae, agus is é 12 nóiméad an t-am oibriúcháin.</p>
<p>Is féidir é a úsáid i gcláir chóireála chasta don ae, don bhile agus do na conairí bile.</p>
<ul>
<li>Spreagann sé próisis mheitibileacha in heipiteasaití (cealla ae).</li>
<li>Feabhsaíonn sé feidhmeanna sintéise agus díthocsainithe an ae.</li>
<li>Laghdaíonn sé oideam.</li>
<li>Spreagann sé próisis athghiniúna agus deisiúcháin na heipiticeatóiní.</li>
<li>Tá éifeacht frithspasmach aige.</li>
<li>Éifeacht analgesic.</li>
<li>Éifeacht frith-athlastach.</li>
<li>Feabhsaíonn sé cúrsaíocht na fola.</li>
<li>Feabhsaíonn sé foirmiú agus eisfhearadh an t-ae-sú.</li>
<li>Coscann sé athruithe cirotacha san ae.</li>
</ul>
<div class="su-spoiler su-spoiler-style-defoult su-spoiler-icon-caret su-spoiler-closed" data-scroll-offset="0" data-anchor-in-url="no"><div class="su-spoiler-title" tabindex="0" role="button"><span class="su-spoiler-icon"></span>Gach</div><div class="su-spoiler-content su-u-clearfix su-u-trim">
<p>Limistéir chóireála mholta: pointí agus criosanna bithghníomhacha, 12 nóiméad in aghaidh an phointe. Is féidir na cóireálacha molta a athdhéanamh 2-3 huaire sa bhliain – ar feadh 3 mhí ar a laghad – go dtí go dtagann feabhas ar an riocht, agus is féidir cóireálacha bithfhaisnéise eile a chur leo.</p>
</div></div>

<p>«Egészséges máj» sugárzó №14 Frekvenciája megfelel a májszövet frekvenciájának, működési ideje 12 perc. A máj, az epe és az epevezetékek komplex kezelési programjaiban alkalmazható. Serkenti a metabolizmus (anyagcsere) folyamatait a hepatocitákban (a májsejtekben). Javítja a máj szintetikus és dezintoxikációs funkcióit. Csökkenti az ödémásodást. Serkenti a hepatociták regenerációs és reparációs folyamatait. Görcsoldó hatása van. Fájdalomcsillapító hatás. [&hellip;]</p>
