{"id":4726,"date":"2023-11-11T14:33:58","date_gmt":"2023-11-11T13:33:58","guid":{"rendered":"https:\/\/vetomshop.hu\/termek\/infravoros-jelado\/"},"modified":"2023-11-11T14:33:58","modified_gmt":"2023-11-11T13:33:58","slug":"infravoros-jelado","status":"publish","type":"product","link":"https:\/\/vetomshop.hu\/ga\/product\/infravoros-jelado\/","title":{"rendered":"Tarchurad\u00f3ir infridhearg"},"content":{"rendered":"<h4>Raidi\u00f3id\u00edr infridhearg IV<\/h4>\n<p>Is ionrada\u00edocht leictreamaighn\u00e9adach \u00ed an infridhearg (ionrada\u00edocht IR), cuid de ghhathanna na Gr\u00e9ine. T\u00e1 \u00e9ifeachta\u00ed frith-athlastacha, frithspasmacha, scaiptheacha (a chuireann s\u00fan\u00fa chun cinn) agus analgaiseacha ag gathanna IR.<\/p>\n<p><strong>Bunt\u00e1ist\u00ed an radaitheora uil\u00edoch IV Triomed:<\/strong><\/p>\n<p>A bhu\u00ed le h\u00e1bhair agus teicneola\u00edochta\u00ed nua, d'\u00e9irigh linn eisiad\u00f3ir IV modhnaithe b\u00edogach \u00edsealdian a chruth\u00fa a oibr\u00edonn i gcl\u00e1r speisialta, rud a ligeann d\u00fainn \u00e9ifeacht fuinnimh-faisn\u00e9ise a imirt go pr\u00edomha ar leibh\u00e9al na gceall agus a gcomhph\u00e1irteanna.<\/p>\n<p>Cinnt\u00edonn s\u00e9 ions\u00fa fuinnimh tr\u00ed athshond\u00e1il cheallach, a ghn\u00edomha\u00edonn pr\u00f3isis mheitibileacha agus a mh\u00e9ada\u00edonn leibh\u00e9il fuinnimh i gc\u00e1s easnaimh ocsaigine.<br \/>\nSa bhreis ar a dt\u00e1bhacht dhearfach iontu f\u00e9in, \u00e9asca\u00edonn na pr\u00f3isis seo teiripe millim\u00e9adair agus, i go leor c\u00e1sanna, m\u00e9ada\u00edonn siad a h\u00e9ifeachtacht.<\/p>\n<p>T\u00e1 \u00fas\u00e1id na rada\u00edochta infh\u00e9itheach (IV) intuartha sna c\u00e1sanna seo a leanas: galar athlastach ainsealach agus g\u00e9ar neamhph\u00fair\u00e9ach ar na horg\u00e1in inmhe\u00e1nacha, cr\u00e9achta\u00ed a leigheasann go mall agus cr\u00e9achta\u00ed de bharr thromb\u00f3ise, galar pianmhar an ch\u00f3rais n\u00e9ar\u00f3gha fho-imeallaigh, c\u00f3ire\u00e1il leantach ar dh\u00f3ite\u00e1in agus ar ghortuithe reoite, m\u00edfheidhm veigeatach, comhbh\u00e1-phian.<\/p>\n<p>Frithl\u00e9irithe d'\u00fas\u00e1id rada\u00edochta infh\u00e9ithe: meallta neamhurch\u00f3ideacha n\u00f3 urch\u00f3ideacha, an phlubarc\u00f3is ghn\u00edomhach, hipirtheannas c\u00e9im III, fuili\u00fa, agus neamhoird imshruthaithe gr\u00e1d II-III.<\/p>\n<div class=\"su-spoiler su-spoiler-style-defoult su-spoiler-icon-caret su-spoiler-closed\" data-scroll-offset=\"0\" data-anchor-in-url=\"no\"><div class=\"su-spoiler-title\" tabindex=\"0\" role=\"button\"><span class=\"su-spoiler-icon\"><\/span>Gach<\/div><div class=\"su-spoiler-content su-u-clearfix su-u-trim\"><strong>Is iad pr\u00edomh-\u00e9ifeachta\u00ed clinici\u00fala rada\u00edochta IV gl\u00e9is uil\u00edoch Triomed:<\/strong><\/p>\n<ul>\n<li>feabhsa\u00edonn s\u00e9 c\u00farsa\u00edocht na fola,<\/li>\n<li>Normal\u00fa micreashruthaithe,<\/li>\n<li>Optam\u00fa a dh\u00e9anamh ar ghn\u00edomha\u00edocht na n\u00e9arch\u00f3na\u00edochta, na c\u00f3na\u00edochta endocraine agus an ch\u00f3rais imdh\u00edonachta,<\/li>\n<li>Cuireann s\u00e9 athghini\u00faint na gceall chun cinn.<\/li>\n<\/ul>\n<p><strong>Modh iarratais:<\/strong><\/p>\n<ul>\n<li>Leis an d\u00e9-\u00f3ide solais infridhearg, c\u00f3ire\u00e1laimid na point\u00ed agus na limist\u00e9ir a gcaithfear ullmh\u00fa, n\u00f3 \u201eteas a chur iontu\u201d, sula dtugtar an ch\u00f3ire\u00e1il mhillim\u00e9adar speisialta. Mairann an ch\u00f3ire\u00e1il 5 n\u00f3im\u00e9ad in aghaidh an limist\u00e9ir.<\/li>\n<li>Is f\u00e9idir \u00e9 a \u00fas\u00e1id chun ions\u00fa coilm a chur chun cinn ar feadh 10 n\u00f3im\u00e9ad sa l\u00e1 ar feadh 2 sheachtain.<\/li>\n<li>Le haghaidh c\u00f3ire\u00e1la ar ghalair athlastacha ainsealacha a fhorbra\u00edonn go mall (ag l\u00e1thair na galair). Mairann an ch\u00f3ire\u00e1il 10 n\u00f3im\u00e9ad, ag gn\u00edomh\u00fa ar theilgean na horg\u00e1in at\u00e1 buailte, ar feadh 2 sheachtain.<\/li>\n<li>I gc\u00e1s diaib\u00e9itis de chine\u00e1l II, chun \u00edogaireacht insline agus t\u00e1irgeadh insline a chur chun cinn. C\u00f3ire\u00e1il r\u00e9amh-mheastach\u00e1n an phaincr\u00e9is ar feadh 5 n\u00f3im\u00e9ad go laeth\u00fail ar feadh 2 sheachtain.<\/li>\n<li>Chun cneas\u00fa f\u00edoch\u00e1n \u00e9ags\u00fail agus othrais throfacha a chur chun cinn, cuir teiripe millim\u00e9adar i bhfeidhm ar feadh 5 n\u00f3im\u00e9ad sa l\u00e1 ar feadh 2 sheachtain ar l\u00e1thair an ghalair. N\u00ed mholtar an limist\u00e9ar timpeall na s\u00fal n\u00e1 l\u00e1thair na n-\u00famar a ch\u00f3ire\u00e1il!<\/li>\n<\/ul>\n<\/div><\/div>","protected":false},"excerpt":{"rendered":"<p>Infrav\u00f6r\u00f6s sug\u00e1rz\u00f3 IV Az infrav\u00f6r\u00f6s sug\u00e1rz\u00e1s (IV-sug\u00e1rz\u00e1s) \u2013 elektrom\u00e1gneses sug\u00e1rz\u00e1s, a Nap sugarainak r\u00e9sze. Az IV-sugarak gyullad\u00e1scs\u00f6kkent\u0151, g\u00f6rcsold\u00f3, sz\u00e9toszlat\u00f3 (felsz\u00edv\u00f3d\u00e1st el\u0151seg\u00edt\u0151), f\u00e1jdalomcsillap\u00edt\u00f3 hat\u00e1ssal rendelkeznek. A Triomed Universal k\u00e9sz\u00fcl\u00e9k IV-sug\u00e1rz\u00f3j\u00e1nak el\u0151nyei: Az \u00faj anyagoknak \u00e9s technol\u00f3gi\u00e1knak k\u00f6sz\u00f6nhet\u0151en siker\u00fclt l\u00e9trehozni olyan speci\u00e1lis programban m\u0171k\u00f6d\u0151 alacsony intenzit\u00e1s\u00fa pulz\u00e1l\u00f3, modul\u00e1lt hat\u00e1s\u00fa IV-sug\u00e1rz\u00f3t, mely seg\u00edts\u00e9g\u00e9vel els\u0151sorban energoinform\u00e1ci\u00f3s hat\u00e1st tudunk gyakorolni [&hellip;]<\/p>\n","protected":false},"featured_media":4725,"comment_status":"open","ping_status":"closed","template":"","meta":[],"product_brand":[],"product_cat":[35,32],"product_tag":[],"class_list":{"0":"post-4726","1":"product","2":"type-product","3":"status-publish","4":"has-post-thumbnail","6":"product_cat-csatlakoztathato-jeladok","7":"product_cat-triomed","9":"first","10":"instock","11":"taxable","12":"shipping-taxable","13":"purchasable","14":"product-type-simple"},"_links":{"self":[{"href":"https:\/\/vetomshop.hu\/ga\/wp-json\/wp\/v2\/product\/4726","targetHints":{"allow":["GET"]}}],"collection":[{"href":"https:\/\/vetomshop.hu\/ga\/wp-json\/wp\/v2\/product"}],"about":[{"href":"https:\/\/vetomshop.hu\/ga\/wp-json\/wp\/v2\/types\/product"}],"replies":[{"embeddable":true,"href":"https:\/\/vetomshop.hu\/ga\/wp-json\/wp\/v2\/comments?post=4726"}],"wp:featuredmedia":[{"embeddable":true,"href":"https:\/\/vetomshop.hu\/ga\/wp-json\/wp\/v2\/media\/4725"}],"wp:attachment":[{"href":"https:\/\/vetomshop.hu\/ga\/wp-json\/wp\/v2\/media?parent=4726"}],"wp:term":[{"taxonomy":"product_brand","embeddable":true,"href":"https:\/\/vetomshop.hu\/ga\/wp-json\/wp\/v2\/product_brand?post=4726"},{"taxonomy":"product_cat","embeddable":true,"href":"https:\/\/vetomshop.hu\/ga\/wp-json\/wp\/v2\/product_cat?post=4726"},{"taxonomy":"product_tag","embeddable":true,"href":"https:\/\/vetomshop.hu\/ga\/wp-json\/wp\/v2\/product_tag?post=4726"}],"curies":[{"name":"uair an chloig","href":"https:\/\/api.w.org\/{rel}","templated":true}]}}

Tarchuradóir infridhearg

<h4>Raidióidír infridhearg IV</h4>
<p>Is ionradaíocht leictreamaighnéadach í an infridhearg (ionradaíocht IR), cuid de ghhathanna na Gréine. Tá éifeachtaí frith-athlastacha, frithspasmacha, scaiptheacha (a chuireann súnú chun cinn) agus analgaiseacha ag gathanna IR.</p>
<p><strong>Buntáistí an radaitheora uilíoch IV Triomed:</strong></p>
<p>A bhuí le hábhair agus teicneolaíochtaí nua, d'éirigh linn eisiadóir IV modhnaithe bíogach ísealdian a chruthú a oibríonn i gclár speisialta, rud a ligeann dúinn éifeacht fuinnimh-faisnéise a imirt go príomha ar leibhéal na gceall agus a gcomhpháirteanna.</p>
<p>Cinntíonn sé ionsú fuinnimh trí athshondáil cheallach, a ghníomhaíonn próisis mheitibileacha agus a mhéadaíonn leibhéil fuinnimh i gcás easnaimh ocsaigine.<br />
Sa bhreis ar a dtábhacht dhearfach iontu féin, éascaíonn na próisis seo teiripe milliméadair agus, i go leor cásanna, méadaíonn siad a héifeachtacht.</p>
<p>Tá úsáid na radaíochta infhéitheach (IV) intuartha sna cásanna seo a leanas: galar athlastach ainsealach agus géar neamhphúiréach ar na horgáin inmheánacha, créachtaí a leigheasann go mall agus créachtaí de bharr thrombóise, galar pianmhar an chórais néarógha fho-imeallaigh, cóireáil leantach ar dhóiteáin agus ar ghortuithe reoite, mífheidhm veigeatach, comhbhá-phian.</p>
<p>Frithléirithe d'úsáid radaíochta infhéithe: meallta neamhurchóideacha nó urchóideacha, an phlubarcóis ghníomhach, hipirtheannas céim III, fuiliú, agus neamhoird imshruthaithe grád II-III.</p>
<div class="su-spoiler su-spoiler-style-defoult su-spoiler-icon-caret su-spoiler-closed" data-scroll-offset="0" data-anchor-in-url="no"><div class="su-spoiler-title" tabindex="0" role="button"><span class="su-spoiler-icon"></span>Gach</div><div class="su-spoiler-content su-u-clearfix su-u-trim"><strong>Is iad príomh-éifeachtaí cliniciúla radaíochta IV gléis uilíoch Triomed:</strong></p>
<ul>
<li>feabhsaíonn sé cúrsaíocht na fola,</li>
<li>Normalú micreashruthaithe,</li>
<li>Optamú a dhéanamh ar ghníomhaíocht na néarchónaíochta, na cónaíochta endocraine agus an chórais imdhíonachta,</li>
<li>Cuireann sé athghiniúint na gceall chun cinn.</li>
</ul>
<p><strong>Modh iarratais:</strong></p>
<ul>
<li>Leis an dé-óide solais infridhearg, cóireálaimid na pointí agus na limistéir a gcaithfear ullmhú, nó „teas a chur iontu”, sula dtugtar an chóireáil mhilliméadar speisialta. Mairann an chóireáil 5 nóiméad in aghaidh an limistéir.</li>
<li>Is féidir é a úsáid chun ionsú coilm a chur chun cinn ar feadh 10 nóiméad sa lá ar feadh 2 sheachtain.</li>
<li>Le haghaidh cóireála ar ghalair athlastacha ainsealacha a fhorbraíonn go mall (ag láthair na galair). Mairann an chóireáil 10 nóiméad, ag gníomhú ar theilgean na horgáin atá buailte, ar feadh 2 sheachtain.</li>
<li>I gcás diaibéitis de chineál II, chun íogaireacht insline agus táirgeadh insline a chur chun cinn. Cóireáil réamh-mheastachán an phaincréis ar feadh 5 nóiméad go laethúil ar feadh 2 sheachtain.</li>
<li>Chun cneasú fíochán éagsúil agus othrais throfacha a chur chun cinn, cuir teiripe milliméadar i bhfeidhm ar feadh 5 nóiméad sa lá ar feadh 2 sheachtain ar láthair an ghalair. Ní mholtar an limistéar timpeall na súl ná láthair na n-úmar a chóireáil!</li>
</ul>
</div></div>

<p>Infravörös sugárzó IV Az infravörös sugárzás (IV-sugárzás) – elektromágneses sugárzás, a Nap sugarainak része. Az IV-sugarak gyulladáscsökkentő, görcsoldó, szétoszlató (felszívódást elősegítő), fájdalomcsillapító hatással rendelkeznek. A Triomed Universal készülék IV-sugárzójának előnyei: Az új anyagoknak és technológiáknak köszönhetően sikerült létrehozni olyan speciális programban működő alacsony intenzitású pulzáló, modulált hatású IV-sugárzót, mely segítségével elsősorban energoinformációs hatást tudunk gyakorolni [&hellip;]</p>
