{"id":4755,"date":"2023-11-11T14:34:03","date_gmt":"2023-11-11T13:34:03","guid":{"rendered":"https:\/\/vetomshop.hu\/termek\/menedzser-kartya\/"},"modified":"2023-11-11T14:34:03","modified_gmt":"2023-11-11T13:34:03","slug":"menedzser-kartya","status":"publish","type":"product","link":"https:\/\/vetomshop.hu\/ga\/product\/menedzser-kartya\/","title":{"rendered":"C\u00e1rta Bainisteora"},"content":{"rendered":"<h4>C\u00e9ard a \u00fas\u00e1idtear an C\u00c1RTA BAILLIAMH\u00c1IN chuige?<\/h4>\n<p><strong>C\u00c1RTA BAILL\u00cdOIR<\/strong> \u2013 gl\u00e9as chun tuirse ainsealach agus sindrom r\u00f3obair a chosc agus a ch\u00f3ire\u00e1il, chun an cumas oibre a mh\u00e9ad\u00fa, chun pr\u00f3isis athghini\u00fana a spreagadh i ndiaidh struis, agus chun an c\u00f3ras imdh\u00edonachta a neart\u00fa.<\/p>\n<p>Taca\u00edonn an C\u00c1RTA BAILITHEOIR le pr\u00f3isis chogna\u00edocha. T\u00e1 s\u00e9 mar aidhm aige pr\u00f3isis chuimhne a ghn\u00edomhacht\u00fa, cuimsi\u00fa l\u00e1ithreach faisn\u00e9ise riachtana\u00ed a chumas\u00fa, luas na smaointeoireachta a mh\u00e9ad\u00fa, gn\u00e1thch\u00farsa na bpr\u00f3iseas fiseola\u00edoch i gcealla agus i bhf\u00edoch\u00e1in an n\u00e9arch\u00f3rais l\u00e1rnaigh a athbhun\u00fa, agus a gcobhsa\u00edocht i gcoinne tionchair sheachtracha d\u00edobh\u00e1lacha a mh\u00e9ad\u00fa.<\/p>\n<p><strong>Iarmhairt\u00ed:<\/strong><\/p>\n<ul>\n<li>taca\u00edonn s\u00e9 le c\u00farsa\u00edocht fola agus le pr\u00f3isis mheitibileacha sa l\u00e1rch\u00f3ras na n\u00e9ar\u00f3g agus cuireann s\u00e9 athbhun\u00fa feidhmeanna an l\u00e1rch\u00f3rais n\u00e9ar\u00f3g chun cinn;<\/li>\n<li>Cuireann s\u00e9 feabhas ar an gcuimhne, rud a chuireann ar chumas an duine m\u00e9ideanna n\u00edos m\u00f3 faisn\u00e9ise a ions\u00fa;<\/li>\n<li>taca\u00edonn le ti\u00fachan,<\/li>\n<li>laghda\u00edonn s\u00e9 tuirse le linn gn\u00edomha\u00edochta;<\/li>\n<li>laghda\u00edonn s\u00e9 teannas n\u00e9ar\u00f3gach agus moth\u00fach\u00e1nach agus an r\u00edomhaire \u00e1 \u00fas\u00e1id;<\/li>\n<li>comhchuibh\u00edonn dearctha\u00ed moth\u00fach\u00e1nacha agus s\u00edceola\u00edocha;<\/li>\n<li>feabhsa\u00edonn s\u00e9 an t-iomas,<\/li>\n<li>Cuid\u00edonn s\u00e9 le forbairt strus ainsealach agus tuirse a chosc.<\/li>\n<\/ul>\n<div class=\"su-spoiler su-spoiler-style-defoult su-spoiler-icon-caret su-spoiler-closed\" data-scroll-offset=\"0\" data-anchor-in-url=\"no\"><div class=\"su-spoiler-title\" tabindex=\"0\" role=\"button\"><span class=\"su-spoiler-icon\"><\/span>Gach<\/div><div class=\"su-spoiler-content su-u-clearfix su-u-trim\">\n<strong>Leis an gcabhair uaidh:<\/strong><\/p>\n<ul>\n<li>D\u00edreoidh ar na pr\u00edomh-ruda\u00ed.,<\/li>\n<li>Cotha\u00edonn s\u00e9 forbairt dearcadh dearfach i leith na beatha agus diongbh\u00e1ilteacht,<\/li>\n<li>Cuireann s\u00e9 rath agus f\u00f3cas ar spriocanna chun cinn.,<\/li>\n<li>Cotha\u00edonn s\u00e9 braistint \u00e9achta, f\u00e9inmhuin\u00edn agus creideamh i rath an \u00e9achta ar spriocanna!<\/li>\n<\/ul>\n<\/div><\/div>","protected":false},"excerpt":{"rendered":"<p>Mire szolg\u00e1l a MENEDZSER K\u00c1RTYA? MENEDZSER K\u00c1RTYA \u2013 a kr\u00f3nikus f\u00e1rad\u00e9konys\u00e1g \u00e9s a t\u00falhajszolts\u00e1g szindr\u00f3m\u00e1ja megel\u0151z\u00e9s\u00e9re \u00e9s kezel\u00e9s\u00e9re, a munkab\u00edr\u00e1s n\u00f6vel\u00e9s\u00e9re, az \u00e1tv\u00e9szelt stressz-megterhel\u00e9seket k\u00f6vet\u0151 regener\u00e1ci\u00f3s folyamatok aktiviz\u00e1l\u00e1s\u00e1ra, az immunit\u00e1s n\u00f6vel\u00e9s\u00e9re szolg\u00e1l\u00f3 k\u00e9sz\u00fcl\u00e9k. A MENEDZSER K\u00c1RTYA m\u0171k\u00f6d\u00e9se a kognit\u00edv folyamatok m\u0171k\u00f6d\u00e9s\u00e9t t\u00e1mogatja. Az eml\u00e9kez\u00e9s folyamatainak aktiviz\u00e1l\u00e1s\u00e1ra, a sz\u00fcks\u00e9ges inform\u00e1ci\u00f3 azonnali memoriz\u00e1l\u00e1s\u00e1nak lehet\u0151s\u00e9g\u00e9re, a gondolkod\u00e1s sebess\u00e9g\u00e9nek [&hellip;]<\/p>\n","protected":false},"featured_media":4754,"comment_status":"open","ping_status":"closed","template":"","meta":[],"product_brand":[],"product_cat":[33,32],"product_tag":[],"class_list":{"0":"post-4755","1":"product","2":"type-product","3":"status-publish","4":"has-post-thumbnail","6":"product_cat-egeszseg-medalok","7":"product_cat-triomed","9":"first","10":"instock","11":"taxable","12":"shipping-taxable","13":"purchasable","14":"product-type-simple"},"_links":{"self":[{"href":"https:\/\/vetomshop.hu\/ga\/wp-json\/wp\/v2\/product\/4755","targetHints":{"allow":["GET"]}}],"collection":[{"href":"https:\/\/vetomshop.hu\/ga\/wp-json\/wp\/v2\/product"}],"about":[{"href":"https:\/\/vetomshop.hu\/ga\/wp-json\/wp\/v2\/types\/product"}],"replies":[{"embeddable":true,"href":"https:\/\/vetomshop.hu\/ga\/wp-json\/wp\/v2\/comments?post=4755"}],"wp:featuredmedia":[{"embeddable":true,"href":"https:\/\/vetomshop.hu\/ga\/wp-json\/wp\/v2\/media\/4754"}],"wp:attachment":[{"href":"https:\/\/vetomshop.hu\/ga\/wp-json\/wp\/v2\/media?parent=4755"}],"wp:term":[{"taxonomy":"product_brand","embeddable":true,"href":"https:\/\/vetomshop.hu\/ga\/wp-json\/wp\/v2\/product_brand?post=4755"},{"taxonomy":"product_cat","embeddable":true,"href":"https:\/\/vetomshop.hu\/ga\/wp-json\/wp\/v2\/product_cat?post=4755"},{"taxonomy":"product_tag","embeddable":true,"href":"https:\/\/vetomshop.hu\/ga\/wp-json\/wp\/v2\/product_tag?post=4755"}],"curies":[{"name":"uair an chloig","href":"https:\/\/api.w.org\/{rel}","templated":true}]}}

Cárta Bainisteora

<h4>Céard a úsáidtear an CÁRTA BAILLIAMHÁIN chuige?</h4>
<p><strong>CÁRTA BAILLÍOIR</strong> – gléas chun tuirse ainsealach agus sindrom róobair a chosc agus a chóireáil, chun an cumas oibre a mhéadú, chun próisis athghiniúna a spreagadh i ndiaidh struis, agus chun an córas imdhíonachta a neartú.</p>
<p>Tacaíonn an CÁRTA BAILITHEOIR le próisis chognaíocha. Tá sé mar aidhm aige próisis chuimhne a ghníomhachtú, cuimsiú láithreach faisnéise riachtanaí a chumasú, luas na smaointeoireachta a mhéadú, gnáthchúrsa na bpróiseas fiseolaíoch i gcealla agus i bhfíocháin an néarchórais lárnaigh a athbhunú, agus a gcobhsaíocht i gcoinne tionchair sheachtracha díobhálacha a mhéadú.</p>
<p><strong>Iarmhairtí:</strong></p>
<ul>
<li>tacaíonn sé le cúrsaíocht fola agus le próisis mheitibileacha sa lárchóras na néaróg agus cuireann sé athbhunú feidhmeanna an lárchórais néaróg chun cinn;</li>
<li>Cuireann sé feabhas ar an gcuimhne, rud a chuireann ar chumas an duine méideanna níos mó faisnéise a ionsú;</li>
<li>tacaíonn le tiúchan,</li>
<li>laghdaíonn sé tuirse le linn gníomhaíochta;</li>
<li>laghdaíonn sé teannas néarógach agus mothúchánach agus an ríomhaire á úsáid;</li>
<li>comhchuibhíonn dearcthaí mothúchánacha agus síceolaíocha;</li>
<li>feabhsaíonn sé an t-iomas,</li>
<li>Cuidíonn sé le forbairt strus ainsealach agus tuirse a chosc.</li>
</ul>
<div class="su-spoiler su-spoiler-style-defoult su-spoiler-icon-caret su-spoiler-closed" data-scroll-offset="0" data-anchor-in-url="no"><div class="su-spoiler-title" tabindex="0" role="button"><span class="su-spoiler-icon"></span>Gach</div><div class="su-spoiler-content su-u-clearfix su-u-trim">
<strong>Leis an gcabhair uaidh:</strong></p>
<ul>
<li>Díreoidh ar na príomh-rudaí.,</li>
<li>Cothaíonn sé forbairt dearcadh dearfach i leith na beatha agus diongbháilteacht,</li>
<li>Cuireann sé rath agus fócas ar spriocanna chun cinn.,</li>
<li>Cothaíonn sé braistint éachta, féinmhuinín agus creideamh i rath an éachta ar spriocanna!</li>
</ul>
</div></div>

<p>Mire szolgál a MENEDZSER KÁRTYA? MENEDZSER KÁRTYA – a krónikus fáradékonyság és a túlhajszoltság szindrómája megelőzésére és kezelésére, a munkabírás növelésére, az átvészelt stressz-megterheléseket követő regenerációs folyamatok aktivizálására, az immunitás növelésére szolgáló készülék. A MENEDZSER KÁRTYA működése a kognitív folyamatok működését támogatja. Az emlékezés folyamatainak aktivizálására, a szükséges információ azonnali memorizálásának lehetőségére, a gondolkodás sebességének [&hellip;]</p>
