{"id":5820,"date":"2024-06-01T18:26:31","date_gmt":"2024-06-01T16:26:31","guid":{"rendered":"https:\/\/vetomshop.hu\/?post_type=product&#038;p=5820"},"modified":"2026-04-12T08:27:56","modified_gmt":"2026-04-12T06:27:56","slug":"vetom-1-1-probiotikum-por-500-g-etrend-kiegeszito","status":"publish","type":"product","link":"https:\/\/vetomshop.hu\/ga\/product\/vetom-1-1-probiotikum-por-500-g-etrend-kiegeszito\/","title":{"rendered":"Cuirfidh m\u00e9 s\u00edol. <span style=\"color:red\">1.1<\/span> probiotach <br>p\u00fadar <span style=\"color:red\">500g<\/span> (forl\u00edonadh aiste bia)"},"content":{"rendered":"<p>Is iad a \u00e9ifeachta\u00ed tairbheacha <strong>Bacillus subtilis<\/strong> de bharr ghn\u00edomha\u00edocht baict\u00e9ar tairbheach, a iolra\u00edonn go pr\u00edomha sa st\u00e9ig mh\u00f3r agus a th\u00e1irgeann: eins\u00edm\u00ed pr\u00f3it\u00e9ola\u00edocha, aim\u00edola\u00edocha, ceallal\u00f3la\u00edocha; idirfh\u00e9ar a-2 \u00f3 leic\u00f3is\u00edt\u00ed an duine; bacsitracin mg, a choisceann f\u00e1s agus forbairt micr\u00edfhl\u00f3ra phataigineach agus choinn\u00edollach-phataigineach; agus substaint\u00ed bitheola\u00edoch gn\u00edomhacha eile.<\/p>\n<p>D\u00e1 bharr sin, tagann comhdh\u00e9anamh baict\u00e9arach \u00e1bhar an phut\u00f3ige ar ais chuig an ngn\u00e1thstaid, glantar balla\u00ed an phut\u00f3ige de iarmhair neamhdh\u00edle\u00e1ite, rud a chuid\u00edonn le tocsain\u00ed a bhaint go gn\u00edomhach as an gcorp agus le hiompar gan bhac\u00e1n a dh\u00e9anamh ar chothaithigh at\u00e1 gn\u00edomhach go bitheola\u00edoch.<\/p>\n<p>Faoi thionchar Vetom 1.1, d\u00e9antar meitibileacht, d\u00edle\u00e1 agus ions\u00fa na gcomhph\u00e1irteanna bia at\u00e1 gn\u00edomhach go bitheola\u00edoch sa chonair ghastraist\u00e9igeach a normal\u00fa.<\/p>\n<p>T\u00e1irge at\u00e1 oiri\u00fanach do ph\u00e1ist\u00ed, at\u00e1 milis go caolch\u00faiseach agus is f\u00e9idir \u00e9 a ithe leis f\u00e9in.<\/p>\n<p>M\u00e9ada\u00edonn Vetom 1.1 \u00e9ifeachtacht c\u00f3gas agus laghda\u00edonn s\u00e9 a n-\u00e9ifeachta\u00ed d\u00edobh\u00e1lacha ar chorp an duine.<\/p>\n<p>N\u00ed leigheas \u00e9.<\/p>\n<p><strong>Iarmhairt\u00ed farmacola\u00edocha<\/strong>: imdh\u00edon-mhodhn\u00fach\u00e1in, frithv\u00edreasach, frith-iolraitheach, baict\u00e9ireola\u00edoch, fungasach, frith-clamadach.<\/p>\n<h5>Air\u00edonna:<\/h5>\n<ul>\n<li>T\u00e1 gn\u00edomha\u00edocht antagonach ard aige i gcoinne fungas agus baict\u00e9ir phataigineacha agus choinn\u00edollach phataigineach, agus t\u00e1 air\u00edonna frithv\u00edreasacha, pr\u00f3it\u00e9olaitice, aimil\u00e9ilaitice agus ceallalaitice aige.<\/li>\n<li>Spreagann s\u00e9 facht\u00f3ir\u00ed imdh\u00edonachta ceallacha agus humaracha<\/li>\n<li>M\u00e9ada\u00edonn s\u00e9 frithsheasmhacht neamhshonrach an choirp<\/li>\n<li>Cobhs\u00e1ideann s\u00e9 frithsheasmhacht aill\u00e9irgeach<\/li>\n<li>Norm\u00e1la\u00edonn s\u00e9 an mheitibileacht.<\/li>\n<\/ul>\n<p>\u2022 Gan fo-iarmhairt\u00ed<br \/>\n\u2022 N\u00cdL SRIANTA AOIS<br \/>\n\u2022 N\u00e1 d\u00e9an r\u00f3dh\u00e1ileog<br \/>\n\u2022 N\u00edor fhorbair and\u00faile<\/p>\n<h5>R\u00e9imse feidhme<\/h5>\n<p>Moltar microrg\u00e1naigh phr\u00f3ibheaitheacha a \u00fas\u00e1id mar bhreise\u00e1in bia at\u00e1 gn\u00edomhach go bitheola\u00edoch chun an conair ghastraist\u00e9igeach a fheabhs\u00fa agus an micr\u00edfhunga st\u00e9igeach a athbhun\u00fa.<\/p>\n<p><em><strong>D\u00e1ileog:<\/strong><\/em> Moltar \u00e9 a \u00fas\u00e1id ar feadh 10 l\u00e1, ag glacadh 3-5 taesp\u00fan\u00f3g l\u00e1n den ph\u00fadar go laeth\u00fail roimh, le linn n\u00f3 tar \u00e9is b\u00e9il\u00ed, ina aonar (is f\u00e9idir \u00e9 a ghlacadh le huisce n\u00f3 le s\u00fa tortha\u00ed freisin). .<\/p>\n<p>N\u00ed chrutha\u00edonn Vetom 1.1 and\u00fail.<\/p>\n<p>Moltar an ch\u00f3ire\u00e1il a athdh\u00e9anamh tar \u00e9is sos 1-2 sheachtaine, agus aistri\u00fa go t\u00e1irge Vetom difri\u00fail \u00f3 am go ham. Ar an mbealach seo, is f\u00e9idir linn tac\u00fa len\u00e1r gcorp ioml\u00e1n agus len\u00e1r gc\u00f3ras put\u00f3gach.<\/p>\n<h5>Frithl\u00e9irithe<\/h5>\n<p>Hipir\u00edogaireacht d'aon cheann de na comh\u00e1bhair sa t\u00e1irge.<\/p>\n<p>N\u00edor cheart Vetom 1.1 a ghlacadh ag an am c\u00e9anna le antaibheathaigh agus ullmh\u00f3id\u00ed pr\u00f3bh\u00e1iteacha eile.<\/p>\n<h5>Treoracha speisialta<\/h5>\n<p>Le linn toirchis agus cothaithe c\u00edche, n\u00ed fh\u00e9adfar \u00e9 a \u00fas\u00e1id ach amh\u00e1in tar \u00e9is dul i gcomhairle le docht\u00fair.<\/p>\n<p>N\u00ed dh\u00e9anann an t\u00e1irge difear don chumas tiom\u00e1int n\u00e1 meais\u00edn\u00ed a d'fh\u00e9adfadh a bheith cont\u00fairteach a oibri\u00fa.<\/p>\n<h5>Pac\u00e1isti\u00fa<\/h5>\n<p><strong>I bhfoirm p\u00fadair, pac\u00e1ilte i gcanna\u00ed polaim\u00e9ire<\/strong><\/p>\n<h5><strong>Comh\u00e1bhair:<\/strong><\/h5>\n<p>\u00das\u00e1idtear an breise\u00e1n bitheola\u00edoch gn\u00edomhach Vetom 1.1 mar fhoinse bhreise de mhiocrorg\u00e1naigh phr\u00f3ibheait\u00edocha. 1 riar den fhorl\u00edonadh aiste bia \u2013 5 g, ina bhfuil ,<\/p>\n<p>\u00c1ir\u00edtear ann: east\u00f3sc\u00e1n arbhair \u2013 2000 mg; st\u00e1irse pr\u00e1ta\u00ed \u2013 1500 mg; si\u00facra p\u00fadraithe \u2013 1000 mg; cult\u00far tirim de mhiocrorg\u00e1naigh phr\u00f3ibheiseacha den str\u00e1ice Bacillus subtilis B-10641 (DSM 24613), 1\u00d710\u2078 CFU\/g \u2013 500 mg. Riarar Vetom 1.1 \u00f3 bh\u00e9al.<\/p>\n<p>\u00c1bhar in aghaidh 100 g den t\u00e1irge (me\u00e1nluachanna): saill \u2013 uas. 0.1 g, pr\u00f3it\u00e9in \u2013 uas. 1.0 g, carbaihiodr\u00e1it\u00ed \u2013 \u00edos. 98.9 g. Luach fuinnimh \u2013 uas. 400 Kcal.<\/p>\n<h5>Coinn\u00edollacha st\u00f3r\u00e1la<\/h5>\n<p>Is f\u00e9idir a st\u00f3r\u00e1il ag boga\u00edocht choibhneasta 75% agus ag teocht faoi bhun 30\u00b0C.<\/p>\n<h5>Tr\u00e9imhse an bhar\u00e1ntais<\/h5>\n<p>2 bhliain \u00f3n d\u00e1ta monara\u00edochta. N\u00e1 hith tar \u00e9is an d\u00e1ta \u00e9aga.<\/p>\n<p>Me\u00e1chan glan \u2013 500 g<\/p>\n<p>Me\u00e1chan garbh \u2013 547 g<\/p>","protected":false},"excerpt":{"rendered":"<p>Is iad a \u00e9ifeachta\u00ed tairbheacha <strong>Bacillus subtilis<\/strong> de bharr \u00e9ifeacht na mbaict\u00e9ar tairbheach, a iolra\u00edonn go pr\u00edomha sa st\u00e9ig mh\u00f3r:<\/p>\n<ul class=\"vetom-list\">\n<li>eins\u00edm\u00ed pr\u00f3it\u00e9olaitici\u00fala, aim\u00edolaitici\u00fala, ceallalaitici\u00fala;<\/li>\n<li>interferon a-2 leiceac\u00edt\u00ed daonna;<\/li>\n<li>bacitracin mg, a choisceann f\u00e1s agus forbairt micr\u00edfhl\u00f3ra phataigineach agus choinn\u00edollach phataigineach;<\/li>\n<li>agus substaint\u00ed bitheola\u00edoch ghn\u00edomhacha eile.<\/li>\n<\/ul>\n<p>D\u00e1 bharr sin, tagann comhdh\u00e9anamh baict\u00e9arach \u00e1bhar an phut\u00f3ige ar ais chuig an ngn\u00e1thstaid, glantar balla\u00ed an phut\u00f3ige de iarmhair neamhdh\u00edle\u00e1ite, rud a chuid\u00edonn le tocsain\u00ed a bhaint go gn\u00edomhach as an gcorp agus le hiompar gan bhac\u00e1n a dh\u00e9anamh ar chothaithigh at\u00e1 gn\u00edomhach go bitheola\u00edoch.<\/p>\n<div class=\"plashka\">A <strong>Cuirfidh m\u00e9 s\u00edol. <span style=\"color: red;\">1.1<\/span><\/strong> Faoi a thionchar, d\u00e9antar meitibileacht, d\u00edle\u00e1 agus ions\u00fa na gcomhph\u00e1irteanna bia at\u00e1 gn\u00edomhach go bitheola\u00edoch sa chonair ghastraist\u00e9igeach a normal\u00fa.<\/div>\n<p>T\u00e1irge at\u00e1 oiri\u00fanach do ph\u00e1ist\u00ed, at\u00e1 milis go caolch\u00faiseach agus is f\u00e9idir \u00e9 a ithe leis f\u00e9in.<\/p>\n<p>A <strong>Cuirfidh m\u00e9 s\u00edol. <span style=\"color: red;\">1.1<\/span><\/strong> M\u00e9ada\u00edonn s\u00e9 \u00e9ifeachtacht na ndruga\u00ed agus laghda\u00edonn s\u00e9 a n-\u00e9ifeachta\u00ed d\u00edobh\u00e1lacha ar chorp an duine.<\/p>\n<p>N\u00ed leigheas \u00e9.<\/p>\n<div class=\"plashka\"><strong>Iarmhairt\u00ed farmacola\u00edocha<\/strong>: imdh\u00edon-mhodhn\u00fach\u00e1in, frithv\u00edreasach, frith-iolraitheach, baict\u00e9ireola\u00edoch, fungasach, frith-clamadach.<\/div>\n<h5>Air\u00edonna:<\/h5>\n<ul class=\"vetom-list\">\n<li>T\u00e1 gn\u00edomha\u00edocht antagonach ard aige i gcoinne fungas agus baict\u00e9ir phataigineacha agus choinn\u00edollach phataigineach, agus t\u00e1 air\u00edonna frithv\u00edreasacha, pr\u00f3it\u00e9olaitice, aimil\u00e9ilaitice agus ceallalaitice aige.<\/li>\n<li>Spreagann s\u00e9 facht\u00f3ir\u00ed imdh\u00edonachta ceallacha agus humaracha<\/li>\n<li>M\u00e9ada\u00edonn s\u00e9 frithsheasmhacht neamhshonrach an choirp<\/li>\n<li>Cobhs\u00e1ideann s\u00e9 frithsheasmhacht aill\u00e9irgeach<\/li>\n<li>Norm\u00e1la\u00edonn s\u00e9 an mheitibileacht.<\/li>\n<\/ul>","protected":false},"featured_media":5821,"comment_status":"open","ping_status":"closed","template":"","meta":[],"product_brand":[],"product_cat":[22],"product_tag":[],"class_list":{"0":"post-5820","1":"product","2":"type-product","3":"status-publish","4":"has-post-thumbnail","6":"product_cat-vetom-probiotikumok","8":"first","9":"instock","10":"featured","11":"taxable","12":"shipping-taxable","13":"purchasable","14":"product-type-simple"},"_links":{"self":[{"href":"https:\/\/vetomshop.hu\/ga\/wp-json\/wp\/v2\/product\/5820","targetHints":{"allow":["GET"]}}],"collection":[{"href":"https:\/\/vetomshop.hu\/ga\/wp-json\/wp\/v2\/product"}],"about":[{"href":"https:\/\/vetomshop.hu\/ga\/wp-json\/wp\/v2\/types\/product"}],"replies":[{"embeddable":true,"href":"https:\/\/vetomshop.hu\/ga\/wp-json\/wp\/v2\/comments?post=5820"}],"wp:featuredmedia":[{"embeddable":true,"href":"https:\/\/vetomshop.hu\/ga\/wp-json\/wp\/v2\/media\/5821"}],"wp:attachment":[{"href":"https:\/\/vetomshop.hu\/ga\/wp-json\/wp\/v2\/media?parent=5820"}],"wp:term":[{"taxonomy":"product_brand","embeddable":true,"href":"https:\/\/vetomshop.hu\/ga\/wp-json\/wp\/v2\/product_brand?post=5820"},{"taxonomy":"product_cat","embeddable":true,"href":"https:\/\/vetomshop.hu\/ga\/wp-json\/wp\/v2\/product_cat?post=5820"},{"taxonomy":"product_tag","embeddable":true,"href":"https:\/\/vetomshop.hu\/ga\/wp-json\/wp\/v2\/product_tag?post=5820"}],"curies":[{"name":"uair an chloig","href":"https:\/\/api.w.org\/{rel}","templated":true}]}}

Cuirfidh mé síol. <span style="color:red">1.1</span> probiotach <br>púdar <span style="color:red">500g</span> (forlíonadh aiste bia)

<p>Is iad a éifeachtaí tairbheacha <strong>Bacillus subtilis</strong> de bharr ghníomhaíocht baictéar tairbheach, a iolraíonn go príomha sa stéig mhór agus a tháirgeann: einsímí próitéolaíocha, aimíolaíocha, ceallalólaíocha; idirfhéar a-2 ó leicóisítí an duine; bacsitracin mg, a choisceann fás agus forbairt micrífhlóra phataigineach agus choinníollach-phataigineach; agus substaintí bitheolaíoch gníomhacha eile.</p>
<p>Dá bharr sin, tagann comhdhéanamh baictéarach ábhar an phutóige ar ais chuig an ngnáthstaid, glantar ballaí an phutóige de iarmhair neamhdhíleáite, rud a chuidíonn le tocsainí a bhaint go gníomhach as an gcorp agus le hiompar gan bhacán a dhéanamh ar chothaithigh atá gníomhach go bitheolaíoch.</p>
<p>Faoi thionchar Vetom 1.1, déantar meitibileacht, díleá agus ionsú na gcomhpháirteanna bia atá gníomhach go bitheolaíoch sa chonair ghastraistéigeach a normalú.</p>
<p>Táirge atá oiriúnach do pháistí, atá milis go caolchúiseach agus is féidir é a ithe leis féin.</p>
<p>Méadaíonn Vetom 1.1 éifeachtacht cógas agus laghdaíonn sé a n-éifeachtaí díobhálacha ar chorp an duine.</p>
<p>Ní leigheas é.</p>
<p><strong>Iarmhairtí farmacolaíocha</strong>: imdhíon-mhodhnúcháin, frithvíreasach, frith-iolraitheach, baictéireolaíoch, fungasach, frith-clamadach.</p>
<h5>Airíonna:</h5>
<ul>
<li>Tá gníomhaíocht antagonach ard aige i gcoinne fungas agus baictéir phataigineacha agus choinníollach phataigineach, agus tá airíonna frithvíreasacha, próitéolaitice, aimiléilaitice agus ceallalaitice aige.</li>
<li>Spreagann sé fachtóirí imdhíonachta ceallacha agus humaracha</li>
<li>Méadaíonn sé frithsheasmhacht neamhshonrach an choirp</li>
<li>Cobhsáideann sé frithsheasmhacht ailléirgeach</li>
<li>Normálaíonn sé an mheitibileacht.</li>
</ul>
<p>• Gan fo-iarmhairtí<br />
• NÍL SRIANTA AOIS<br />
• Ná déan ródháileog<br />
• Níor fhorbair andúile</p>
<h5>Réimse feidhme</h5>
<p>Moltar microrgánaigh phróibheaitheacha a úsáid mar bhreiseáin bia atá gníomhach go bitheolaíoch chun an conair ghastraistéigeach a fheabhsú agus an micrífhunga stéigeach a athbhunú.</p>
<p><em><strong>Dáileog:</strong></em> Moltar é a úsáid ar feadh 10 lá, ag glacadh 3-5 taespúnóg lán den phúdar go laethúil roimh, le linn nó tar éis béilí, ina aonar (is féidir é a ghlacadh le huisce nó le sú torthaí freisin). .</p>
<p>Ní chruthaíonn Vetom 1.1 andúil.</p>
<p>Moltar an chóireáil a athdhéanamh tar éis sos 1-2 sheachtaine, agus aistriú go táirge Vetom difriúil ó am go ham. Ar an mbealach seo, is féidir linn tacú lenár gcorp iomlán agus lenár gcóras putógach.</p>
<h5>Frithléirithe</h5>
<p>Hipiríogaireacht d'aon cheann de na comhábhair sa táirge.</p>
<p>Níor cheart Vetom 1.1 a ghlacadh ag an am céanna le antaibheathaigh agus ullmhóidí próbháiteacha eile.</p>
<h5>Treoracha speisialta</h5>
<p>Le linn toirchis agus cothaithe cíche, ní fhéadfar é a úsáid ach amháin tar éis dul i gcomhairle le dochtúir.</p>
<p>Ní dhéanann an táirge difear don chumas tiomáint ná meaisíní a d'fhéadfadh a bheith contúirteach a oibriú.</p>
<h5>Pacáistiú</h5>
<p><strong>I bhfoirm púdair, pacáilte i gcannaí polaiméire</strong></p>
<h5><strong>Comhábhair:</strong></h5>
<p>Úsáidtear an breiseán bitheolaíoch gníomhach Vetom 1.1 mar fhoinse bhreise de mhiocrorgánaigh phróibheaitíocha. 1 riar den fhorlíonadh aiste bia – 5 g, ina bhfuil ,</p>
<p>Áirítear ann: eastóscán arbhair – 2000 mg; stáirse prátaí – 1500 mg; siúcra púdraithe – 1000 mg; cultúr tirim de mhiocrorgánaigh phróibheiseacha den stráice Bacillus subtilis B-10641 (DSM 24613), 1×10⁸ CFU/g – 500 mg. Riarar Vetom 1.1 ó bhéal.</p>
<p>Ábhar in aghaidh 100 g den táirge (meánluachanna): saill – uas. 0.1 g, próitéin – uas. 1.0 g, carbaihiodráití – íos. 98.9 g. Luach fuinnimh – uas. 400 Kcal.</p>
<h5>Coinníollacha stórála</h5>
<p>Is féidir a stóráil ag bogaíocht choibhneasta 75% agus ag teocht faoi bhun 30°C.</p>
<h5>Tréimhse an bharántais</h5>
<p>2 bhliain ón dáta monaraíochta. Ná hith tar éis an dáta éaga.</p>
<p>Meáchan glan – 500 g</p>
<p>Meáchan garbh – 547 g</p>

<p>Is iad a éifeachtaí tairbheacha <strong>Bacillus subtilis</strong> de bharr éifeacht na mbaictéar tairbheach, a iolraíonn go príomha sa stéig mhór:</p>
<ul class="vetom-list">
<li>einsímí próitéolaiticiúla, aimíolaiticiúla, ceallalaiticiúla;</li>
<li>interferon a-2 leiceacítí daonna;</li>
<li>bacitracin mg, a choisceann fás agus forbairt micrífhlóra phataigineach agus choinníollach phataigineach;</li>
<li>agus substaintí bitheolaíoch ghníomhacha eile.</li>
</ul>
<p>Dá bharr sin, tagann comhdhéanamh baictéarach ábhar an phutóige ar ais chuig an ngnáthstaid, glantar ballaí an phutóige de iarmhair neamhdhíleáite, rud a chuidíonn le tocsainí a bhaint go gníomhach as an gcorp agus le hiompar gan bhacán a dhéanamh ar chothaithigh atá gníomhach go bitheolaíoch.</p>
<div class="plashka">A <strong>Cuirfidh mé síol. <span style="color: red;">1.1</span></strong> Faoi a thionchar, déantar meitibileacht, díleá agus ionsú na gcomhpháirteanna bia atá gníomhach go bitheolaíoch sa chonair ghastraistéigeach a normalú.</div>
<p>Táirge atá oiriúnach do pháistí, atá milis go caolchúiseach agus is féidir é a ithe leis féin.</p>
<p>A <strong>Cuirfidh mé síol. <span style="color: red;">1.1</span></strong> Méadaíonn sé éifeachtacht na ndrugaí agus laghdaíonn sé a n-éifeachtaí díobhálacha ar chorp an duine.</p>
<p>Ní leigheas é.</p>
<div class="plashka"><strong>Iarmhairtí farmacolaíocha</strong>: imdhíon-mhodhnúcháin, frithvíreasach, frith-iolraitheach, baictéireolaíoch, fungasach, frith-clamadach.</div>
<h5>Airíonna:</h5>
<ul class="vetom-list">
<li>Tá gníomhaíocht antagonach ard aige i gcoinne fungas agus baictéir phataigineacha agus choinníollach phataigineach, agus tá airíonna frithvíreasacha, próitéolaitice, aimiléilaitice agus ceallalaitice aige.</li>
<li>Spreagann sé fachtóirí imdhíonachta ceallacha agus humaracha</li>
<li>Méadaíonn sé frithsheasmhacht neamhshonrach an choirp</li>
<li>Cobhsáideann sé frithsheasmhacht ailléirgeach</li>
<li>Normálaíonn sé an mheitibileacht.</li>
</ul>
