{"id":6957,"date":"2025-07-26T15:40:40","date_gmt":"2025-07-26T13:40:40","guid":{"rendered":"https:\/\/vetomshop.hu\/?post_type=product&#038;p=6957"},"modified":"2025-12-31T14:57:45","modified_gmt":"2025-12-31T13:57:45","slug":"bioseptin-probiotikus-kenocs-60-g","status":"publish","type":"product","link":"https:\/\/vetomshop.hu\/ga\/product\/bioseptin-probiotikus-kenocs-60-g\/","title":{"rendered":"Ungadh probiotach Bioseptin <span style=\"color:red\">60<\/span> g"},"content":{"rendered":"<p><span style=\"font-size: x-large;\"><b>Bioseptin ointment probiotic 60 g<\/b><\/span><\/p>\n<p><span style=\"font-size: x-large;\">T\u00e1 air\u00edonna frithsheipteacha, frith-athlastacha agus pr\u00f3it\u00e9olaitice ag ointment Bioseptin. T\u00e1 na sp\u00f3ir baict\u00e9aracha Bacillus subtilis agus Bacillus licheniformis at\u00e1 ann \u00e9ifeachtach i gcoinne r\u00e9imse leathan pataigin\u00ed. Scriosann siad baict\u00e9ir phataigineacha ar dhromchla an fhuilt, b\u00edodh siad ocsaigine-sple\u00e1ch n\u00f3 anaeraib\u00ed, go h\u00e1irithe baict\u00e9ir Ghram-dheimhneacha. Cuid\u00edonn siad le f\u00edoch\u00e1n marbh agus baict\u00e9ir dh\u00edobh\u00e1lacha a bhriseadh s\u00edos, agus ar an gcaoi sin cuireann siad cosc ar thuilleadh ionfhabhtaithe agus luatha\u00edonn siad cneas\u00fa an fhuilt. N\u00ed chuireann an t-ungadh greann\u00fa faoi deara agus n\u00edl a fhios go gcuireann s\u00e9 frithghn\u00edomhartha aill\u00e9irgeacha faoi deara.<\/span><\/p>\n<p><span style=\"font-size: x-large;\"><b>Comhdh\u00e9anamh agus pac\u00e1isti\u00fa:<\/b><\/span><\/p>\n<p><span style=\"font-size: x-large;\">T\u00e1 sp\u00f3ir an d\u00e1 chine\u00e1l baict\u00e9arach sa bhun\u00fas agar\u00e1is (cos\u00fail le gl\u00f3thach) at\u00e1 san ointment, chomh maith le halc\u00f3l eitile. N\u00edl aon chomh\u00e1bhair gh\u00e9inmhodhnaithe ann. T\u00e1 ar a laghad milli\u00fan ceall baict\u00e9arach beo i ngach gram den ointment.<\/span><\/p>\n<p>Chuir roinnt t\u00edortha at\u00e1 ina mbaill den eagra\u00edocht idirn\u00e1isi\u00fanta cosc tr\u00e1d\u00e1la (cosc) i gcomhar ar th\u00e1irg\u00ed cosmaideacha, agus d\u00e1 bhr\u00ed sin cl\u00e1ra\u00edodh an t-ungadh Bioseptin san Ung\u00e1ir mar th\u00e1irge leighis tr\u00e9idliachta. .<\/p>\n<p><span style=\"font-size: x-large;\"><b>Modh iarratais:<\/b><\/span><\/p>\n<p><span style=\"font-size: x-large;\">Cuir go seachtrach, ag scaipeadh sraith thana\u00ed ar an limist\u00e9ar craicinn at\u00e1 buailte, 1\u20132 uair sa l\u00e1 go dt\u00ed go mbeidh s\u00e9 cneasaithe. N\u00edl g\u00e1 le b\u00e9im a chur ar an bhf\u00f3d a c\u00f3ire\u00e1ladh.<\/span><\/p>\n<p><span style=\"font-size: x-large;\"><b>C\u00e9n uair gan \u00e9 a \u00fas\u00e1id:<\/b><\/span><\/p>\n<p><span style=\"font-size: x-large;\">\u00a0 \u00a0M\u00e1 t\u00e1 t\u00fa \u00edogair i leith aon cheann de na comh\u00e1bhair sa t\u00e1irge seo, n\u00ed mholtar \u00e9 a \u00fas\u00e1id. Ina theannta sin, n\u00edor cheart \u00e9 a \u00fas\u00e1id i gcomhar le antaibheathaigh, sulfonam\u00eddeanna n\u00e1 t\u00e1irg\u00ed eile at\u00e1 bunaithe ar bhacht\u00e9ir.<\/span><\/p>\n<p><span style=\"font-size: x-large;\"><b>Eolas t\u00e1bhachtach:<\/b><\/span><\/p>\n<p><span style=\"font-size: x-large;\"><span style=\"color: #127622;\"><b>Feidhm an acraigh do dhaoine:<\/b><\/span><\/span><\/p>\n<p><span style=\"font-size: large;\">Cuir sraith thana\u00ed ar an limist\u00e9ar buailte 1-2 uair sa l\u00e1 go dt\u00ed go bhfuil an gortaitheas cneasaithe.<\/span><\/p>\n<p><span style=\"font-size: large;\">N\u00ed f\u00e9idir r\u00f3dh\u00e1ileog a ghlacadh.<\/span><\/p>\n<p><span style=\"font-size: x-large;\"><span style=\"color: #127622;\"><b>Cur an acra ar ainmhithe:<\/b><\/span><\/span><\/p>\n<p><span style=\"font-size: x-large;\">Tar \u00e9is an ch\u00f3ire\u00e1la, n\u00edl aon tr\u00e9imhse feithimh sula f\u00e9idir an fheoil n\u00f3 t\u00e1irg\u00ed eile (e.g. uibheacha, bainne) a \u00fas\u00e1id mar bhia \u2013 is f\u00e9idir iad a ithe l\u00e1ithreach.<\/span><\/p>\n<p><span style=\"font-size: x-large;\"><b>R\u00e9ims\u00ed feidhme:<\/b><\/span><\/p>\n<p><span style=\"font-size: x-large;\">Is f\u00e9idir \u00e9 a \u00fas\u00e1id ar speicis \u00e9ags\u00fala ainmhithe \u2013 ainmhithe cl\u00f3is, feirme, fi\u00e1ine agus fionna, chomh maith le h\u00e9in \u2013 chun c\u00f3ire\u00e1il a chur ar ghortuithe, ar ghortuithe f\u00edoch\u00e1in ionfhabhtaithe n\u00f3 neacrotach, ar dh\u00f3ite\u00e1in agus ar thionscnuithe craicinn.<\/span><\/p>\n<p><span style=\"font-size: x-large;\"><b>Fo-iarsma\u00ed:<\/b><\/span><\/p>\n<p><span style=\"font-size: x-large;\">Nuair a \u00fas\u00e1idtear i gceart \u00e9, is annamh a bh\u00edonn fo-iarsma\u00ed ann n\u00f3 n\u00ed tharla\u00edonn siad ar chor ar bith.<\/span><\/p>\n<p><span style=\"font-size: x-large;\"><b>St\u00f3r\u00e1il:<\/b><\/span><\/p>\n<p><span style=\"font-size: x-large;\">Ba ch\u00f3ir an t-ungadh a st\u00f3r\u00e1il in \u00e1it fhionnuar (0\u201310 \u00b0C), thirim, dhorcha, as aimsi\u00fa leana\u00ed agus ainmhithe. Le linn iompair, f\u00e9adfar \u00e9 a choinne\u00e1il ag 20 \u00b0C ar feadh suas le 2 sheachtain. Is f\u00e9idir \u00e9 a \u00fas\u00e1id ar feadh 2 bhliain \u00f3n d\u00e1ta monara\u00edochta.<\/span><\/p>","protected":false},"excerpt":{"rendered":"<p>A <strong>Aonadh Bioseptin<\/strong> T\u00e1 air\u00edonna frithsheipteacha, frith-athlastacha agus pr\u00f3it\u00e9in-mheathl\u00fach\u00e1in aige. T\u00e1 ann <strong>Bacillus subtilis<\/strong> agus <strong>Bacillus licheniformis<\/strong> B\u00edonn sp\u00f3ir baict\u00e9aracha \u00e9ifeachtach in aghaidh go leor cine\u00e1lacha pataigin\u00ed. Scriosann siad baict\u00e9ir phataigineacha ar dhromchla an ghoin, b\u00edodh siad ocsaigine-sple\u00e1ch n\u00f3 anaera\u00edoch, go h\u00e1irithe baict\u00e9ir Ghram-dheimhneacha. Cuid\u00edonn siad le f\u00edoch\u00e1n marbh agus baict\u00e9ir dh\u00edobh\u00e1lacha a bhriseadh s\u00edos, agus ar an gcaoi sin cuireann siad cosc ar thuilleadh ionfhabhtaithe agus luatha\u00edonn siad cneas\u00fa cr\u00e9achta\u00ed. N\u00ed chuireann an t-ungadh greann\u00fa faoi deara, agus n\u00ed tharla\u00edonn frithghn\u00edomhartha aill\u00e9irgeacha de ghn\u00e1th.<\/p>\n<div class=\"plashka\">\n<h5>Air\u00edonna agus meicn\u00edocht gn\u00edomha\u00edochta:<br \/>\nBioseptin \u2013 ointment le hair\u00ed c\u00farama\u00ed craicinn, frithsheiptici\u00fala, frith-athlastacha agus pr\u00f3it\u00e9alaitice.<\/h5>\n<\/div>","protected":false},"featured_media":6958,"comment_status":"open","ping_status":"closed","template":"","meta":[],"product_brand":[],"product_cat":[22],"product_tag":[],"class_list":{"0":"post-6957","1":"product","2":"type-product","3":"status-publish","4":"has-post-thumbnail","6":"product_cat-vetom-probiotikumok","8":"first","9":"outofstock","10":"taxable","11":"shipping-taxable","12":"purchasable","13":"product-type-simple"},"_links":{"self":[{"href":"https:\/\/vetomshop.hu\/ga\/wp-json\/wp\/v2\/product\/6957","targetHints":{"allow":["GET"]}}],"collection":[{"href":"https:\/\/vetomshop.hu\/ga\/wp-json\/wp\/v2\/product"}],"about":[{"href":"https:\/\/vetomshop.hu\/ga\/wp-json\/wp\/v2\/types\/product"}],"replies":[{"embeddable":true,"href":"https:\/\/vetomshop.hu\/ga\/wp-json\/wp\/v2\/comments?post=6957"}],"wp:featuredmedia":[{"embeddable":true,"href":"https:\/\/vetomshop.hu\/ga\/wp-json\/wp\/v2\/media\/6958"}],"wp:attachment":[{"href":"https:\/\/vetomshop.hu\/ga\/wp-json\/wp\/v2\/media?parent=6957"}],"wp:term":[{"taxonomy":"product_brand","embeddable":true,"href":"https:\/\/vetomshop.hu\/ga\/wp-json\/wp\/v2\/product_brand?post=6957"},{"taxonomy":"product_cat","embeddable":true,"href":"https:\/\/vetomshop.hu\/ga\/wp-json\/wp\/v2\/product_cat?post=6957"},{"taxonomy":"product_tag","embeddable":true,"href":"https:\/\/vetomshop.hu\/ga\/wp-json\/wp\/v2\/product_tag?post=6957"}],"curies":[{"name":"uair an chloig","href":"https:\/\/api.w.org\/{rel}","templated":true}]}}

<p><span style="font-size: x-large;"><b>Bioseptin ointment probiotic 60 g</b></span></p>
<p><span style="font-size: x-large;">Tá airíonna frithsheipteacha, frith-athlastacha agus próitéolaitice ag ointment Bioseptin. Tá na spóir baictéaracha Bacillus subtilis agus Bacillus licheniformis atá ann éifeachtach i gcoinne réimse leathan pataiginí. Scriosann siad baictéir phataigineacha ar dhromchla an fhuilt, bíodh siad ocsaigine-spleách nó anaeraibí, go háirithe baictéir Ghram-dheimhneacha. Cuidíonn siad le fíochán marbh agus baictéir dhíobhálacha a bhriseadh síos, agus ar an gcaoi sin cuireann siad cosc ar thuilleadh ionfhabhtaithe agus luathaíonn siad cneasú an fhuilt. Ní chuireann an t-ungadh greannú faoi deara agus níl a fhios go gcuireann sé frithghníomhartha ailléirgeacha faoi deara.</span></p>
<p><span style="font-size: x-large;"><b>Comhdhéanamh agus pacáistiú:</b></span></p>
<p><span style="font-size: x-large;">Tá spóir an dá chineál baictéarach sa bhunús agaráis (cosúil le glóthach) atá san ointment, chomh maith le halcól eitile. Níl aon chomhábhair ghéinmhodhnaithe ann. Tá ar a laghad milliún ceall baictéarach beo i ngach gram den ointment.</span></p>
<p>Chuir roinnt tíortha atá ina mbaill den eagraíocht idirnáisiúnta cosc trádála (cosc) i gcomhar ar tháirgí cosmaideacha, agus dá bhrí sin cláraíodh an t-ungadh Bioseptin san Ungáir mar tháirge leighis tréidliachta. .</p>
<p><span style="font-size: x-large;"><b>Modh iarratais:</b></span></p>
<p><span style="font-size: x-large;">Cuir go seachtrach, ag scaipeadh sraith thanaí ar an limistéar craicinn atá buailte, 1–2 uair sa lá go dtí go mbeidh sé cneasaithe. Níl gá le béim a chur ar an bhfód a cóireáladh.</span></p>
<p><span style="font-size: x-large;"><b>Cén uair gan é a úsáid:</b></span></p>
<p><span style="font-size: x-large;">   Má tá tú íogair i leith aon cheann de na comhábhair sa táirge seo, ní mholtar é a úsáid. Ina theannta sin, níor cheart é a úsáid i gcomhar le antaibheathaigh, sulfonamídeanna ná táirgí eile atá bunaithe ar bhachtéir.</span></p>
<p><span style="font-size: x-large;"><b>Eolas tábhachtach:</b></span></p>
<p><span style="font-size: x-large;"><span style="color: #127622;"><b>Feidhm an acraigh do dhaoine:</b></span></span></p>
<p><span style="font-size: large;">Cuir sraith thanaí ar an limistéar buailte 1-2 uair sa lá go dtí go bhfuil an gortaitheas cneasaithe.</span></p>
<p><span style="font-size: large;">Ní féidir ródháileog a ghlacadh.</span></p>
<p><span style="font-size: x-large;"><span style="color: #127622;"><b>Cur an acra ar ainmhithe:</b></span></span></p>
<p><span style="font-size: x-large;">Tar éis an chóireála, níl aon tréimhse feithimh sula féidir an fheoil nó táirgí eile (e.g. uibheacha, bainne) a úsáid mar bhia – is féidir iad a ithe láithreach.</span></p>
<p><span style="font-size: x-large;"><b>Réimsí feidhme:</b></span></p>
<p><span style="font-size: x-large;">Is féidir é a úsáid ar speicis éagsúla ainmhithe – ainmhithe clóis, feirme, fiáine agus fionna, chomh maith le héin – chun cóireáil a chur ar ghortuithe, ar ghortuithe fíocháin ionfhabhtaithe nó neacrotach, ar dhóiteáin agus ar thionscnuithe craicinn.</span></p>
<p><span style="font-size: x-large;"><b>Fo-iarsmaí:</b></span></p>
<p><span style="font-size: x-large;">Nuair a úsáidtear i gceart é, is annamh a bhíonn fo-iarsmaí ann nó ní tharlaíonn siad ar chor ar bith.</span></p>
<p><span style="font-size: x-large;"><b>Stóráil:</b></span></p>
<p><span style="font-size: x-large;">Ba chóir an t-ungadh a stóráil in áit fhionnuar (0–10 °C), thirim, dhorcha, as aimsiú leanaí agus ainmhithe. Le linn iompair, féadfar é a choinneáil ag 20 °C ar feadh suas le 2 sheachtain. Is féidir é a úsáid ar feadh 2 bhliain ón dáta monaraíochta.</span></p>

<p>A <strong>Aonadh Bioseptin</strong> Tá airíonna frithsheipteacha, frith-athlastacha agus próitéin-mheathlúcháin aige. Tá ann <strong>Bacillus subtilis</strong> agus <strong>Bacillus licheniformis</strong> Bíonn spóir baictéaracha éifeachtach in aghaidh go leor cineálacha pataiginí. Scriosann siad baictéir phataigineacha ar dhromchla an ghoin, bíodh siad ocsaigine-spleách nó anaeraíoch, go háirithe baictéir Ghram-dheimhneacha. Cuidíonn siad le fíochán marbh agus baictéir dhíobhálacha a bhriseadh síos, agus ar an gcaoi sin cuireann siad cosc ar thuilleadh ionfhabhtaithe agus luathaíonn siad cneasú créachtaí. Ní chuireann an t-ungadh greannú faoi deara, agus ní tharlaíonn frithghníomhartha ailléirgeacha de ghnáth.</p>
<div class="plashka">
<h5>Airíonna agus meicníocht gníomhaíochta:<br />
Bioseptin – ointment le hairí cúramaí craicinn, frithsheipticiúla, frith-athlastacha agus próitéalaitice.</h5>
</div>
