{"id":1019,"date":"2020-02-17T14:17:10","date_gmt":"2020-02-17T14:17:10","guid":{"rendered":"https:\/\/vetomshop.hu\/?page_id=1019"},"modified":"2024-05-23T10:56:21","modified_gmt":"2024-05-23T08:56:21","slug":"a-vetom-probiotikum-tortenete","status":"publish","type":"page","link":"https:\/\/vetomshop.hu\/it\/a-vetom-probiotikum-tortenete\/","title":{"rendered":"La storia del probiotico Vetom"},"content":{"rendered":"<h3>A <em>Bacillo<\/em> La ricerca sui batteri e le prime preparazioni \u201evive\u201d a base di essi risalgono agli anni Trenta.<\/h3>\n<p><img loading=\"lazy\" decoding=\"async\" class=\"wp-image-3790 alignleft\" src=\"https:\/\/vetomshop.hu\/wp-content\/uploads\/2023\/02\/bacterio.jpg\" alt=\"\" width=\"655\" height=\"326\" srcset=\"https:\/\/vetomshop.hu\/wp-content\/uploads\/2023\/02\/bacterio.jpg 1500w, https:\/\/vetomshop.hu\/wp-content\/uploads\/2023\/02\/bacterio-300x149.jpg 300w, https:\/\/vetomshop.hu\/wp-content\/uploads\/2023\/02\/bacterio-1024x509.jpg 1024w, https:\/\/vetomshop.hu\/wp-content\/uploads\/2023\/02\/bacterio-768x382.jpg 768w, https:\/\/vetomshop.hu\/wp-content\/uploads\/2023\/02\/bacterio-1320x656.jpg 1320w, https:\/\/vetomshop.hu\/wp-content\/uploads\/2023\/02\/bacterio-600x298.jpg 600w\" sizes=\"auto, (max-width: 655px) 100vw, 655px\" \/>Nel 1939, le truppe della Wermacht incontrarono il problema della dissenteria in Africa. La malattia colp\u00ec gli eserciti di entrambe le parti. I primi a debellare la malattia furono gli arabi. Lo sterco di cammello fu usato come medicina efficace. I tedeschi si rifiutavano di consumare lo sterco di cammello, ma scoprirono l'eccellente efficacia di questo rimedio. Il principio attivo \u00e8\u00a0 <em>Bacillus subtilis<\/em> microrganismo in grado di sopprimere lo sviluppo e la riproduzione degli agenti patogeni della dissenteria. Sulla base di questo batterio, gli scienziati tedeschi crearono un preparato probiotico che fu poi ampiamente utilizzato in ambito militare per prevenire la dissenteria. Dopo la dissoluzione della Germania hitleriana, la tecnologia per la produzione del probiotico fu acquisita dagli americani.<\/p>\n<h3>Tuttavia, l'Unione Sovietica non rimase a guardare.<\/h3>\n<p>Alla fine della Seconda guerra mondiale, vennero mobilitate grandi forze per difendersi dalle armi moderne, comprese quelle biologiche. Nel 1974 fu fondata un'enorme organizzazione segreta, il Microbioprom, per sviluppare i preparativi per proteggere le persone dai disastri biogenici, comprese le armi biologiche. Il sistema Microbioprom comprendeva gli istituti scientifici allora esistenti e i centri scientifici di microbiologia e le fabbriche di bioproduzione di nuova creazione. Il principale istituto del Mikrobioprom era la societ\u00e0 \u201eVektor\u201d, situata nel villaggio di Koltsovo, vicino a Novosibirsk. Le dimensioni di questa struttura sono ancora oggi impressionanti. Altri cinque istituti sono stati costruiti e sviluppati parallelamente a Vektor. Cos\u00ec, in un periodo di tempo relativamente breve, l'Unione Sovietica divenne il leader mondiale della microbiologia.<\/p>\n<p><img loading=\"lazy\" decoding=\"async\" class=\"alignright wp-image-5499\" src=\"https:\/\/vetomshop.hu\/wp-content\/uploads\/2024\/04\/biotechnology.jpg\" alt=\"\" width=\"660\" height=\"369\" srcset=\"https:\/\/vetomshop.hu\/wp-content\/uploads\/2024\/04\/biotechnology.jpg 1000w, https:\/\/vetomshop.hu\/wp-content\/uploads\/2024\/04\/biotechnology-300x168.jpg 300w, https:\/\/vetomshop.hu\/wp-content\/uploads\/2024\/04\/biotechnology-768x429.jpg 768w, https:\/\/vetomshop.hu\/wp-content\/uploads\/2024\/04\/biotechnology-600x335.jpg 600w\" sizes=\"auto, (max-width: 660px) 100vw, 660px\" \/>In particolare, all'inizio degli anni \u201e90, il \u201dVector\u201e \u00e8 stato il primo nella storia dell'umanit\u00e0 a creare con successo un oggetto vivente artificiale - un \u201eplasmide\" - in grado di generare l'interferone-alfa-2 dei leucociti umani, una proteina essenziale del sistema immunitario, che \u00e8 stata incorporata con successo nelle cellule del sistema immunitario. \u00a0<em>Bacillus subtilis<\/em> nella cella a microonde. Il risultato \u00e8 una versione ricombinante in grado di produrre circa 70 antibiotici, oltre a un'ampia gamma di fermenti e interferoni. Questo ceppo \u00e8 sporulato, penetra senza danni nel rivestimento dello stomaco e del duodeno e si attiva nell'intestino crasso.<\/p>\n<p>Questo preparato probiotico, basato sul probiotico di cui sopra, si chiama \u201eSubalin\u201d. Quello che \u00e8 successo dopo \u00e8 noto a tutti. L'Unione Sovietica fece la cosa sbagliata, iniziarono le riforme di mercato e le autorit\u00e0 non vollero Microbioprom. Ma il governo americano aveva bisogno di \u201eVektor\u201d. Per tre anni, esperti stranieri studiarono, controllarono e raccolsero dati nell'area di \u201eVektor\u201d. Naturalmente, Subalin non riusc\u00ec a penetrare nel mercato. Affinch\u00e9 almeno una parte della ricerca di \u201eVektor\u201d non andasse perduta, \u00e8 in gran parte merito del suo creatore, Lev Stepanovich Sanakhchiev - uno dei creatori di \u201eSubalin\u201d. Dalle unit\u00e0 separate di Vektor, Sanhakhchiev ha creato una serie di aziende private che hanno imparato a sopravvivere sulla linea privata. Circa la met\u00e0 di esse \u00e8 riuscita a farlo.<\/p>\n<h3>Tra questi, il Centro Scientifico Centrale - \u201eCentro di Ricerca\u201d, noto, tra l'altro, per la microbiologia e la genetica, con pi\u00f9 di 50 invenzioni registrate dal microbiologo e genetista Alexander Ivanovich Lelyak.<\/h3>\n<p>\u00c8 stata proprio questa azienda a occuparsi del tema dei preparati per l'abitare, del loro approfondimento e dell'organizzazione della loro creazione. Negli ultimi 20 anni, il Centro di Ricerca, che attualmente impiega pi\u00f9 di 200 specialisti, ha sviluppato una strategia per adattarsi alle attuali condizioni di mercato.<\/p>\n<p><img loading=\"lazy\" decoding=\"async\" class=\"wp-image-5500  alignleft\" src=\"https:\/\/vetomshop.hu\/wp-content\/uploads\/2024\/04\/probioticum.jpg\" alt=\"\" width=\"656\" height=\"378\" srcset=\"https:\/\/vetomshop.hu\/wp-content\/uploads\/2024\/04\/probioticum.jpg 1024w, https:\/\/vetomshop.hu\/wp-content\/uploads\/2024\/04\/probioticum-300x173.jpg 300w, https:\/\/vetomshop.hu\/wp-content\/uploads\/2024\/04\/probioticum-768x443.jpg 768w, https:\/\/vetomshop.hu\/wp-content\/uploads\/2024\/04\/probioticum-600x346.jpg 600w\" sizes=\"auto, (max-width: 656px) 100vw, 656px\" \/>I microbi costituiscono il 90% della biomassa del nostro pianeta, spiega Alexander Ivanovich Lelyak. - Possiamo dire con certezza che il mondo in cui viviamo \u00e8 in realt\u00e0 loro. La maggior parte dei microrganismi \u00e8 costituita da infezioni umane, animali e vegetali. Noi stessi siamo composti per il 2-3% da microbi. Se osserviamo una qualsiasi parte del nostro corpo, possiamo notare che vi esistono determinati microrganismi: ogni parte del corpo ha il suo ecosistema microbico. Questi aiutano il corpo a difendersi dagli effetti nocivi dell'ambiente. Se lo violiamo, ci ammaliamo. Tuttavia, in un caso ottimale, quando tutti i nostri microbi rimangono con noi, siamo in grado di proteggerci da tutte le infezioni!<\/p>","protected":false},"excerpt":{"rendered":"<p>A Bacillus bakt\u00e9riumok ut\u00e1n t\u00f6rt\u00e9n\u0151 kutat\u00e1sok \u00e9s azok alapj\u00e1n l\u00e9trehozott els\u0151 \u201e\u00e9l\u0151\u201d k\u00e9sz\u00edtm\u00e9nyek az 1930-as \u00e9vekre tehet\u0151. 1939-ben a Wermacht seregei Afrik\u00e1ban tal\u00e1lkoztak a v\u00e9rhas probl\u00e9m\u00e1j\u00e1val. A megbeteged\u00e9s \u00e9rintette mindk\u00e9t f\u00e9l sereg\u00e9t. A bajt els\u0151nek az arabok sz\u00fcntett\u00e9k meg. Hat\u00e9kony gy\u00f3gy k\u00e9sz\u00edtm\u00e9nyk\u00e9nt a tev\u00e9k tr\u00e1gy\u00e1j\u00e1t alkalmazt\u00e1k. A n\u00e9metek a tevetr\u00e1gy\u00e1t nem voltak hajland\u00f3k fogyasztani, viszont [&hellip;]<\/p>\n","protected":false},"author":1,"featured_media":0,"parent":0,"menu_order":0,"comment_status":"closed","ping_status":"closed","template":"","meta":{"footnotes":""},"class_list":["post-1019","page","type-page","status-publish","hentry"],"_links":{"self":[{"href":"https:\/\/vetomshop.hu\/it\/wp-json\/wp\/v2\/pages\/1019","targetHints":{"allow":["GET"]}}],"collection":[{"href":"https:\/\/vetomshop.hu\/it\/wp-json\/wp\/v2\/pages"}],"about":[{"href":"https:\/\/vetomshop.hu\/it\/wp-json\/wp\/v2\/types\/page"}],"author":[{"embeddable":true,"href":"https:\/\/vetomshop.hu\/it\/wp-json\/wp\/v2\/users\/1"}],"replies":[{"embeddable":true,"href":"https:\/\/vetomshop.hu\/it\/wp-json\/wp\/v2\/comments?post=1019"}],"version-history":[{"count":0,"href":"https:\/\/vetomshop.hu\/it\/wp-json\/wp\/v2\/pages\/1019\/revisions"}],"wp:attachment":[{"href":"https:\/\/vetomshop.hu\/it\/wp-json\/wp\/v2\/media?parent=1019"}],"curies":[{"name":"wp","href":"https:\/\/api.w.org\/{rel}","templated":true}]}}

<h3>A <em>Bacillo</em> La ricerca sui batteri e le prime preparazioni „vive” a base di essi risalgono agli anni Trenta.</h3>
<p><img loading="lazy" decoding="async" class="wp-image-3790 alignleft" src="https://vetomshop.hu/wp-content/uploads/2023/02/bacterio.jpg" alt="" width="655" height="326" srcset="https://vetomshop.hu/wp-content/uploads/2023/02/bacterio.jpg 1500w, https://vetomshop.hu/wp-content/uploads/2023/02/bacterio-300x149.jpg 300w, https://vetomshop.hu/wp-content/uploads/2023/02/bacterio-1024x509.jpg 1024w, https://vetomshop.hu/wp-content/uploads/2023/02/bacterio-768x382.jpg 768w, https://vetomshop.hu/wp-content/uploads/2023/02/bacterio-1320x656.jpg 1320w, https://vetomshop.hu/wp-content/uploads/2023/02/bacterio-600x298.jpg 600w" sizes="auto, (max-width: 655px) 100vw, 655px" />Nel 1939, le truppe della Wermacht incontrarono il problema della dissenteria in Africa. La malattia colpì gli eserciti di entrambe le parti. I primi a debellare la malattia furono gli arabi. Lo sterco di cammello fu usato come medicina efficace. I tedeschi si rifiutavano di consumare lo sterco di cammello, ma scoprirono l'eccellente efficacia di questo rimedio. Il principio attivo è  <em>Bacillus subtilis</em> microrganismo in grado di sopprimere lo sviluppo e la riproduzione degli agenti patogeni della dissenteria. Sulla base di questo batterio, gli scienziati tedeschi crearono un preparato probiotico che fu poi ampiamente utilizzato in ambito militare per prevenire la dissenteria. Dopo la dissoluzione della Germania hitleriana, la tecnologia per la produzione del probiotico fu acquisita dagli americani.</p>
<h3>Tuttavia, l'Unione Sovietica non rimase a guardare.</h3>
<p>Alla fine della Seconda guerra mondiale, vennero mobilitate grandi forze per difendersi dalle armi moderne, comprese quelle biologiche. Nel 1974 fu fondata un'enorme organizzazione segreta, il Microbioprom, per sviluppare i preparativi per proteggere le persone dai disastri biogenici, comprese le armi biologiche. Il sistema Microbioprom comprendeva gli istituti scientifici allora esistenti e i centri scientifici di microbiologia e le fabbriche di bioproduzione di nuova creazione. Il principale istituto del Mikrobioprom era la società „Vektor”, situata nel villaggio di Koltsovo, vicino a Novosibirsk. Le dimensioni di questa struttura sono ancora oggi impressionanti. Altri cinque istituti sono stati costruiti e sviluppati parallelamente a Vektor. Così, in un periodo di tempo relativamente breve, l'Unione Sovietica divenne il leader mondiale della microbiologia.</p>
<p><img loading="lazy" decoding="async" class="alignright wp-image-5499" src="https://vetomshop.hu/wp-content/uploads/2024/04/biotechnology.jpg" alt="" width="660" height="369" srcset="https://vetomshop.hu/wp-content/uploads/2024/04/biotechnology.jpg 1000w, https://vetomshop.hu/wp-content/uploads/2024/04/biotechnology-300x168.jpg 300w, https://vetomshop.hu/wp-content/uploads/2024/04/biotechnology-768x429.jpg 768w, https://vetomshop.hu/wp-content/uploads/2024/04/biotechnology-600x335.jpg 600w" sizes="auto, (max-width: 660px) 100vw, 660px" />In particolare, all'inizio degli anni „90, il ”Vector„ è stato il primo nella storia dell'umanità a creare con successo un oggetto vivente artificiale - un „plasmide" - in grado di generare l'interferone-alfa-2 dei leucociti umani, una proteina essenziale del sistema immunitario, che è stata incorporata con successo nelle cellule del sistema immunitario.  <em>Bacillus subtilis</em> nella cella a microonde. Il risultato è una versione ricombinante in grado di produrre circa 70 antibiotici, oltre a un'ampia gamma di fermenti e interferoni. Questo ceppo è sporulato, penetra senza danni nel rivestimento dello stomaco e del duodeno e si attiva nell'intestino crasso.</p>
<p>Questo preparato probiotico, basato sul probiotico di cui sopra, si chiama „Subalin”. Quello che è successo dopo è noto a tutti. L'Unione Sovietica fece la cosa sbagliata, iniziarono le riforme di mercato e le autorità non vollero Microbioprom. Ma il governo americano aveva bisogno di „Vektor”. Per tre anni, esperti stranieri studiarono, controllarono e raccolsero dati nell'area di „Vektor”. Naturalmente, Subalin non riuscì a penetrare nel mercato. Affinché almeno una parte della ricerca di „Vektor” non andasse perduta, è in gran parte merito del suo creatore, Lev Stepanovich Sanakhchiev - uno dei creatori di „Subalin”. Dalle unità separate di Vektor, Sanhakhchiev ha creato una serie di aziende private che hanno imparato a sopravvivere sulla linea privata. Circa la metà di esse è riuscita a farlo.</p>
<h3>Tra questi, il Centro Scientifico Centrale - „Centro di Ricerca”, noto, tra l'altro, per la microbiologia e la genetica, con più di 50 invenzioni registrate dal microbiologo e genetista Alexander Ivanovich Lelyak.</h3>
<p>È stata proprio questa azienda a occuparsi del tema dei preparati per l'abitare, del loro approfondimento e dell'organizzazione della loro creazione. Negli ultimi 20 anni, il Centro di Ricerca, che attualmente impiega più di 200 specialisti, ha sviluppato una strategia per adattarsi alle attuali condizioni di mercato.</p>
<p><img loading="lazy" decoding="async" class="wp-image-5500  alignleft" src="https://vetomshop.hu/wp-content/uploads/2024/04/probioticum.jpg" alt="" width="656" height="378" srcset="https://vetomshop.hu/wp-content/uploads/2024/04/probioticum.jpg 1024w, https://vetomshop.hu/wp-content/uploads/2024/04/probioticum-300x173.jpg 300w, https://vetomshop.hu/wp-content/uploads/2024/04/probioticum-768x443.jpg 768w, https://vetomshop.hu/wp-content/uploads/2024/04/probioticum-600x346.jpg 600w" sizes="auto, (max-width: 656px) 100vw, 656px" />I microbi costituiscono il 90% della biomassa del nostro pianeta, spiega Alexander Ivanovich Lelyak. - Possiamo dire con certezza che il mondo in cui viviamo è in realtà loro. La maggior parte dei microrganismi è costituita da infezioni umane, animali e vegetali. Noi stessi siamo composti per il 2-3% da microbi. Se osserviamo una qualsiasi parte del nostro corpo, possiamo notare che vi esistono determinati microrganismi: ogni parte del corpo ha il suo ecosistema microbico. Questi aiutano il corpo a difendersi dagli effetti nocivi dell'ambiente. Se lo violiamo, ci ammaliamo. Tuttavia, in un caso ottimale, quando tutti i nostri microbi rimangono con noi, siamo in grado di proteggerci da tutte le infezioni!</p>

<p>A Bacillus baktériumok után történő kutatások és azok alapján létrehozott első „élő” készítmények az 1930-as évekre tehető. 1939-ben a Wermacht seregei Afrikában találkoztak a vérhas problémájával. A megbetegedés érintette mindkét fél seregét. A bajt elsőnek az arabok szüntették meg. Hatékony gyógy készítményként a tevék trágyáját alkalmazták. A németek a tevetrágyát nem voltak hajlandók fogyasztani, viszont [&hellip;]</p>
