{"id":4668,"date":"2023-11-11T14:33:46","date_gmt":"2023-11-11T13:33:46","guid":{"rendered":"https:\/\/vetomshop.hu\/termek\/ambrozia-medal\/"},"modified":"2023-11-11T14:33:46","modified_gmt":"2023-11-11T13:33:46","slug":"ambrozia-medal","status":"publish","type":"product","link":"https:\/\/vetomshop.hu\/it\/prodotto\/ambrozia-medal\/","title":{"rendered":"Medaglia Ambrosia"},"content":{"rendered":"<h4>Medaglia Ambrosia<\/h4>\n<p>L'ambrosia, o semplicemente ambrosia (Ambrosia artemisiifolia), erroneamente chiamata canapa selvatica, \u00e8 una specie di erbaccia della famiglia delle Asteraceae, nella trib\u00f9 Helianthinae. Si trova ogni anno in gran numero nei campi coltivati e in altre aree disturbate dell'Ungheria.<\/p>\n<p>\u00c8 una delle nostre erbacce pi\u00f9 conosciute e controverse: c'\u00e8 chi la riconosce solo per le sue propriet\u00e0 negative e allergeniche e chi la venera come pianta medicinale, consumandola regolarmente.<\/p>\n<div class=\"su-spoiler su-spoiler-style-defoult su-spoiler-icon-caret su-spoiler-closed\" data-scroll-offset=\"0\" data-anchor-in-url=\"no\"><div class=\"su-spoiler-title\" tabindex=\"0\" role=\"button\"><span class=\"su-spoiler-icon\"><\/span>Tutti<\/div><div class=\"su-spoiler-content su-u-clearfix su-u-trim\">\nPerch\u00e9 questa pianta provoca sintomi di allergia in alcune persone? Una cosa \u00e8 certa: gli agricoltori non hanno mai avuto allergie al polline o all'ambrosia. Forse dovremo aspettare decenni per avere una risposta chiara, ma gli spiacevoli sintomi allergici possono tornare anno dopo anno e sarebbe bene trovare una soluzione. In attesa di conoscere le risposte a queste domande, ricordiamo il postulato della naturopatia: curare il morso del cane con il pelo del cane, cio\u00e8 curare se stessi con ci\u00f2 che ci affligge. Il Medaglione Ambrosia ha lo spettro elettromagnetico dell'ambrosia viva catturato con la speciale tecnologia BioTrEm.<br \/>\n<\/div><\/div>","protected":false},"excerpt":{"rendered":"<p>Ambr\u00f3zia Med\u00e1l Az \u00fcr\u00f6mlevel\u0171 parlagf\u0171, vagy egyszer\u0171en parlagf\u0171 (Ambrosia artemisiifolia), t\u00e9vesen vadkender a f\u00e9szkesek (Asteraceae) csal\u00e1dj\u00e1ba tartozik, annak Helianthinae tribusz\u00e1ba tartoz\u00f3 gyomn\u00f6v\u00e9nyfaj. A parlagf\u0171 Magyarorsz\u00e1g sz\u00e1nt\u00f3f\u00f6ldjein \u00e9s egy\u00e9b bolygatott ter\u00fcletein \u00e9vr\u0151l \u00e9vre \u00f3ri\u00e1si sz\u00e1mban jelenik meg. Egyik legismertebb \u00e9s legellentmond\u00e1sosabb meg\u00edt\u00e9l\u00e9s\u0171 gyomn\u00f6v\u00e9ny\u00fcnk: vannak, akik kiz\u00e1r\u00f3lag rossz, allergiz\u00e1l\u00f3 tulajdons\u00e1gait ismerik el, \u00e9s vannak, akik gy\u00f3gyn\u00f6v\u00e9nyk\u00e9nt tisztelik, [&hellip;]<\/p>\n","protected":false},"featured_media":4667,"comment_status":"open","ping_status":"closed","template":"","meta":[],"product_brand":[],"product_cat":[33,32],"product_tag":[],"class_list":{"0":"post-4668","1":"product","2":"type-product","3":"status-publish","4":"has-post-thumbnail","6":"product_cat-egeszseg-medalok","7":"product_cat-triomed","9":"first","10":"instock","11":"taxable","12":"shipping-taxable","13":"purchasable","14":"product-type-simple"},"_links":{"self":[{"href":"https:\/\/vetomshop.hu\/it\/wp-json\/wp\/v2\/product\/4668","targetHints":{"allow":["GET"]}}],"collection":[{"href":"https:\/\/vetomshop.hu\/it\/wp-json\/wp\/v2\/product"}],"about":[{"href":"https:\/\/vetomshop.hu\/it\/wp-json\/wp\/v2\/types\/product"}],"replies":[{"embeddable":true,"href":"https:\/\/vetomshop.hu\/it\/wp-json\/wp\/v2\/comments?post=4668"}],"wp:featuredmedia":[{"embeddable":true,"href":"https:\/\/vetomshop.hu\/it\/wp-json\/wp\/v2\/media\/4667"}],"wp:attachment":[{"href":"https:\/\/vetomshop.hu\/it\/wp-json\/wp\/v2\/media?parent=4668"}],"wp:term":[{"taxonomy":"product_brand","embeddable":true,"href":"https:\/\/vetomshop.hu\/it\/wp-json\/wp\/v2\/product_brand?post=4668"},{"taxonomy":"product_cat","embeddable":true,"href":"https:\/\/vetomshop.hu\/it\/wp-json\/wp\/v2\/product_cat?post=4668"},{"taxonomy":"product_tag","embeddable":true,"href":"https:\/\/vetomshop.hu\/it\/wp-json\/wp\/v2\/product_tag?post=4668"}],"curies":[{"name":"wp","href":"https:\/\/api.w.org\/{rel}","templated":true}]}}

<h4>Medaglia Ambrosia</h4>
<p>L'ambrosia, o semplicemente ambrosia (Ambrosia artemisiifolia), erroneamente chiamata canapa selvatica, è una specie di erbaccia della famiglia delle Asteraceae, nella tribù Helianthinae. Si trova ogni anno in gran numero nei campi coltivati e in altre aree disturbate dell'Ungheria.</p>
<p>È una delle nostre erbacce più conosciute e controverse: c'è chi la riconosce solo per le sue proprietà negative e allergeniche e chi la venera come pianta medicinale, consumandola regolarmente.</p>
<div class="su-spoiler su-spoiler-style-defoult su-spoiler-icon-caret su-spoiler-closed" data-scroll-offset="0" data-anchor-in-url="no"><div class="su-spoiler-title" tabindex="0" role="button"><span class="su-spoiler-icon"></span>Tutti</div><div class="su-spoiler-content su-u-clearfix su-u-trim">
Perché questa pianta provoca sintomi di allergia in alcune persone? Una cosa è certa: gli agricoltori non hanno mai avuto allergie al polline o all'ambrosia. Forse dovremo aspettare decenni per avere una risposta chiara, ma gli spiacevoli sintomi allergici possono tornare anno dopo anno e sarebbe bene trovare una soluzione. In attesa di conoscere le risposte a queste domande, ricordiamo il postulato della naturopatia: curare il morso del cane con il pelo del cane, cioè curare se stessi con ciò che ci affligge. Il Medaglione Ambrosia ha lo spettro elettromagnetico dell'ambrosia viva catturato con la speciale tecnologia BioTrEm.<br />
</div></div>

<p>Ambrózia Medál Az ürömlevelű parlagfű, vagy egyszerűen parlagfű (Ambrosia artemisiifolia), tévesen vadkender a fészkesek (Asteraceae) családjába tartozik, annak Helianthinae tribuszába tartozó gyomnövényfaj. A parlagfű Magyarország szántóföldjein és egyéb bolygatott területein évről évre óriási számban jelenik meg. Egyik legismertebb és legellentmondásosabb megítélésű gyomnövényünk: vannak, akik kizárólag rossz, allergizáló tulajdonságait ismerik el, és vannak, akik gyógynövényként tisztelik, [&hellip;]</p>
