{"id":4712,"date":"2023-11-11T14:33:54","date_gmt":"2023-11-11T13:33:54","guid":{"rendered":"https:\/\/vetomshop.hu\/termek\/biotrem-active\/"},"modified":"2023-11-11T14:33:54","modified_gmt":"2023-11-11T13:33:54","slug":"biotrem-active","status":"publish","type":"product","link":"https:\/\/vetomshop.hu\/it\/prodotto\/biotrem-active\/","title":{"rendered":"BioTrEM attivo"},"content":{"rendered":"<p>\u0410 <strong>\u201eBioTrEM ATTIVO\u201d<\/strong> Il dispositivo per la terapia EMF-IK Modello 1 (di seguito denominato il dispositivo) \u00e8 un dispositivo portatile per la fisioterapia e la riflessoterapia destinato alla prevenzione delle malattie articolari, al trattamento e alla riabilitazione dei pazienti affetti da disturbi muscolo-scheletrici mediante l'applicazione di campi elettromagnetici a bassa intensit\u00e0 nella gamma delle frequenze estremamente elevate a parti della superficie cutanea umana.<\/p>\n<p>Il dispositivo pu\u00f2 essere utilizzato in complessi programmi preventivi e curativi per il ripristino dei normali processi fisiologici nelle cellule e nei tessuti del sistema degli organi di supporto e di movimento in caso di malattie del sistema degli organi di supporto e di movimento, per ridurre il dolore e migliorare le funzioni di supporto e di movimento.<\/p>\n<div class=\"su-spoiler su-spoiler-style-defoult su-spoiler-icon-caret su-spoiler-closed\" data-scroll-offset=\"0\" data-anchor-in-url=\"no\"><div class=\"su-spoiler-title\" tabindex=\"0\" role=\"button\"><span class=\"su-spoiler-icon\"><\/span>Tutti<\/div><div class=\"su-spoiler-content su-u-clearfix su-u-trim\">\n<p>Gli effetti dell'utilizzo del dispositivo:<\/p>\n<ul>\n<li>normalizza la circolazione sanguigna, lo stato immunitario e i processi metabolici negli organi\/apparati locomotori, prevenendo lo sviluppo di malattie in essi;<\/li>\n<li>aiuta a migliorare le funzioni di sostegno e mobilit\u00e0;<\/li>\n<li>riduce le manifestazioni di infiammazione e congestione degli organi locomotori;<\/li>\n<li>contribuisce ad accelerare i processi di rigenerazione e riparazione dei tessuti del sistema degli organi di sostegno e di movimento;<\/li>\n<li>aiuta a eliminare l'infiammazione delle articolazioni, delle membrane e delle \u201esacche\u201d articolari, dei muscoli,<\/li>\n<li>aiuta a eliminare o compensare la deformazione e l'atrofia di ossa, legamenti e del complesso muscolo-articolare.<\/li>\n<\/ul>\n<\/div><\/div>","protected":false},"excerpt":{"rendered":"<p>\u0410 \u201eBioTrEM ACTIVE\u201d modell EMF-IK ter\u00e1pi\u00e1s k\u00e9sz\u00fcl\u00e9k (a tov\u00e1bbiakban k\u00e9sz\u00fcl\u00e9k) egy hordozhat\u00f3 fizikoter\u00e1pi\u00e1s \u00e9s reflexter\u00e1pi\u00e1s eszk\u00f6z, amelynek rendeltet\u00e9se az \u00edz\u00fcleti megbeteged\u00e9sek megel\u0151z\u00e9s\u00e9re, a t\u00e1maszt\u00e1s \u00e9s mozg\u00e1s szervrendszeri betegs\u00e9gekben szenved\u0151 p\u00e1ciensek kezel\u00e9se \u00e9s rehabilit\u00e1ci\u00f3ja az ember b\u0151rfel\u00fclet\u00e9nek r\u00e9szeire ir\u00e1nyul\u00f3 extr\u00e9m magas frekvenci\u00e1s tartom\u00e1nyban m\u0171k\u00f6d\u0151 alacsonyintenzit\u00e1s\u00fa elektrom\u00e1gneses r\u00e1hat\u00e1s r\u00e9v\u00e9n. \u0410 k\u00e9sz\u00fcl\u00e9k komplex megel\u0151z\u0151 \u00e9s gy\u00f3gyul\u00e1st el\u0151seg\u00edt\u0151 programokban [&hellip;]<\/p>\n","protected":false},"featured_media":4711,"comment_status":"open","ping_status":"closed","template":"","meta":[],"product_brand":[],"product_cat":[34,32],"product_tag":[],"class_list":{"0":"post-4712","1":"product","2":"type-product","3":"status-publish","4":"has-post-thumbnail","6":"product_cat-keszulekek","7":"product_cat-triomed","9":"first","10":"instock","11":"taxable","12":"shipping-taxable","13":"purchasable","14":"product-type-simple"},"_links":{"self":[{"href":"https:\/\/vetomshop.hu\/it\/wp-json\/wp\/v2\/product\/4712","targetHints":{"allow":["GET"]}}],"collection":[{"href":"https:\/\/vetomshop.hu\/it\/wp-json\/wp\/v2\/product"}],"about":[{"href":"https:\/\/vetomshop.hu\/it\/wp-json\/wp\/v2\/types\/product"}],"replies":[{"embeddable":true,"href":"https:\/\/vetomshop.hu\/it\/wp-json\/wp\/v2\/comments?post=4712"}],"wp:featuredmedia":[{"embeddable":true,"href":"https:\/\/vetomshop.hu\/it\/wp-json\/wp\/v2\/media\/4711"}],"wp:attachment":[{"href":"https:\/\/vetomshop.hu\/it\/wp-json\/wp\/v2\/media?parent=4712"}],"wp:term":[{"taxonomy":"product_brand","embeddable":true,"href":"https:\/\/vetomshop.hu\/it\/wp-json\/wp\/v2\/product_brand?post=4712"},{"taxonomy":"product_cat","embeddable":true,"href":"https:\/\/vetomshop.hu\/it\/wp-json\/wp\/v2\/product_cat?post=4712"},{"taxonomy":"product_tag","embeddable":true,"href":"https:\/\/vetomshop.hu\/it\/wp-json\/wp\/v2\/product_tag?post=4712"}],"curies":[{"name":"wp","href":"https:\/\/api.w.org\/{rel}","templated":true}]}}

<p>А <strong>„BioTrEM ATTIVO”</strong> Il dispositivo per la terapia EMF-IK Modello 1 (di seguito denominato il dispositivo) è un dispositivo portatile per la fisioterapia e la riflessoterapia destinato alla prevenzione delle malattie articolari, al trattamento e alla riabilitazione dei pazienti affetti da disturbi muscolo-scheletrici mediante l'applicazione di campi elettromagnetici a bassa intensità nella gamma delle frequenze estremamente elevate a parti della superficie cutanea umana.</p>
<p>Il dispositivo può essere utilizzato in complessi programmi preventivi e curativi per il ripristino dei normali processi fisiologici nelle cellule e nei tessuti del sistema degli organi di supporto e di movimento in caso di malattie del sistema degli organi di supporto e di movimento, per ridurre il dolore e migliorare le funzioni di supporto e di movimento.</p>
<div class="su-spoiler su-spoiler-style-defoult su-spoiler-icon-caret su-spoiler-closed" data-scroll-offset="0" data-anchor-in-url="no"><div class="su-spoiler-title" tabindex="0" role="button"><span class="su-spoiler-icon"></span>Tutti</div><div class="su-spoiler-content su-u-clearfix su-u-trim">
<p>Gli effetti dell'utilizzo del dispositivo:</p>
<ul>
<li>normalizza la circolazione sanguigna, lo stato immunitario e i processi metabolici negli organi/apparati locomotori, prevenendo lo sviluppo di malattie in essi;</li>
<li>aiuta a migliorare le funzioni di sostegno e mobilità;</li>
<li>riduce le manifestazioni di infiammazione e congestione degli organi locomotori;</li>
<li>contribuisce ad accelerare i processi di rigenerazione e riparazione dei tessuti del sistema degli organi di sostegno e di movimento;</li>
<li>aiuta a eliminare l'infiammazione delle articolazioni, delle membrane e delle „sacche” articolari, dei muscoli,</li>
<li>aiuta a eliminare o compensare la deformazione e l'atrofia di ossa, legamenti e del complesso muscolo-articolare.</li>
</ul>
</div></div>

<p>А „BioTrEM ACTIVE” modell EMF-IK terápiás készülék (a továbbiakban készülék) egy hordozható fizikoterápiás és reflexterápiás eszköz, amelynek rendeltetése az ízületi megbetegedések megelőzésére, a támasztás és mozgás szervrendszeri betegségekben szenvedő páciensek kezelése és rehabilitációja az ember bőrfelületének részeire irányuló extrém magas frekvenciás tartományban működő alacsonyintenzitású elektromágneses ráhatás révén. А készülék komplex megelőző és gyógyulást elősegítő programokban [&hellip;]</p>
