{"id":4737,"date":"2023-11-11T14:33:59","date_gmt":"2023-11-11T13:33:59","guid":{"rendered":"https:\/\/vetomshop.hu\/termek\/trio-men-jelado\/"},"modified":"2023-11-11T14:33:59","modified_gmt":"2023-11-11T13:33:59","slug":"trio-men-jelado","status":"publish","type":"product","link":"https:\/\/vetomshop.hu\/it\/prodotto\/trio-men-jelado\/","title":{"rendered":"Faro a tre uomini"},"content":{"rendered":"<h4>Emettitore speciale Trio-men<\/h4>\n<p>Per gli uomini, n. 23.<\/p>\n<p>\u00c8 indicato per: ottimizzare le riserve funzionali e la capacit\u00e0 di adattamento dell'organismo umano alle influenze ambientali negative, allo stile di vita o alle malattie.<br \/>\nCategoria di dipendenti: uomini.<\/p>\n<p><strong>Impatto:<\/strong> effetto di rinforzo generale specifico per il genere (livello psicoemotivo, regolazione neuroumorale).<\/p>\n<p><strong>Meccanismo d'azione:<\/strong> Il programma (frequenza portante, modulazione a bassa frequenza e parametri di ampiezza) \u00e8 stato progettato specificamente per l'organo maschile per assisterlo quando viene utilizzato in un sistema.<\/p>\n<p>Utilizzando la cura Trio-men 23. radiant, possiamo normalizzare i processi trofici e metabolici nei tessuti e nelle cellule, rigenerare la loro struttura, migliorare il funzionamento del corpo sia a livello sistemico che complessivo, aumentare la resistenza specifica dell'organismo.<\/p>\n<p>I risultati positivi sono dovuti al feedback di biorisonanza delle cellule, del sistema fisiologico atomico e del sistema di regolazione neuro-umorale, nonch\u00e9 all'attivazione del meccanismo di adattamento (sindrome generale di adattamento).<\/p>\n<div class=\"su-spoiler su-spoiler-style-defoult su-spoiler-icon-caret su-spoiler-closed\" data-scroll-offset=\"0\" data-anchor-in-url=\"no\"><div class=\"su-spoiler-title\" tabindex=\"0\" role=\"button\"><span class=\"su-spoiler-icon\"><\/span>Tutti<\/div><div class=\"su-spoiler-content su-u-clearfix su-u-trim\">\n<strong>Consigliato per:<\/strong><\/p>\n<ol>\n<li>Per la riduzione della capacit\u00e0 lavorativa e dell'umore, l'instabilit\u00e0 psico-emotiva, l'insonnia come conseguenza della stanchezza cronica.<\/li>\n<li>Malattie della prostata, menopausa maschile.<\/li>\n<li>Raffreddore e influenza comuni.<\/li>\n<li>Indebolimento generale del sistema immunitario dopo una grave malattia, per la riabilitazione<\/li>\n<\/ol>\n<\/div><\/div>","protected":false},"excerpt":{"rendered":"<p>Speci\u00e1lis Trio-men sug\u00e1rz\u00f3 F\u00e9rfiak sz\u00e1m\u00e1ra, 23. sz. Javallott: a funkcion\u00e1lis tartal\u00e9kok \u00e9s az emberi szervezet adapt\u00e1ci\u00f3s lehet\u0151s\u00e9geinek optimiz\u00e1l\u00e1s\u00e1hoz, melyek a negat\u00edv k\u00f6rnyezeti hat\u00e1sok, \u00e9letm\u00f3d vagy betegs\u00e9g k\u00f6vetkezt\u00e9ben l\u00e9ptek fel. Az alkalmaz\u00f3k kateg\u00f3ri\u00e1ja: f\u00e9rfiak. Hat\u00e1sa: a nemi hovatartoz\u00e1st figyelembe vev\u0151 \u00e1ltal\u00e1nos er\u0151s\u00edt\u0151 hat\u00e1s (pszichoemocion\u00e1lis szint, neurohumor\u00e1lis regul\u00e1ci\u00f3). Hat\u00e1smechanizmus: A program (hordoz\u00f3 frekvencia, alacsony frekvenci\u00e1j\u00fa modul\u00e1ci\u00f3 \u00e9s [&hellip;]<\/p>\n","protected":false},"featured_media":4736,"comment_status":"open","ping_status":"closed","template":"","meta":[],"product_brand":[],"product_cat":[35,32],"product_tag":[],"class_list":{"0":"post-4737","1":"product","2":"type-product","3":"status-publish","4":"has-post-thumbnail","6":"product_cat-csatlakoztathato-jeladok","7":"product_cat-triomed","9":"first","10":"instock","11":"taxable","12":"shipping-taxable","13":"purchasable","14":"product-type-simple"},"_links":{"self":[{"href":"https:\/\/vetomshop.hu\/it\/wp-json\/wp\/v2\/product\/4737","targetHints":{"allow":["GET"]}}],"collection":[{"href":"https:\/\/vetomshop.hu\/it\/wp-json\/wp\/v2\/product"}],"about":[{"href":"https:\/\/vetomshop.hu\/it\/wp-json\/wp\/v2\/types\/product"}],"replies":[{"embeddable":true,"href":"https:\/\/vetomshop.hu\/it\/wp-json\/wp\/v2\/comments?post=4737"}],"wp:featuredmedia":[{"embeddable":true,"href":"https:\/\/vetomshop.hu\/it\/wp-json\/wp\/v2\/media\/4736"}],"wp:attachment":[{"href":"https:\/\/vetomshop.hu\/it\/wp-json\/wp\/v2\/media?parent=4737"}],"wp:term":[{"taxonomy":"product_brand","embeddable":true,"href":"https:\/\/vetomshop.hu\/it\/wp-json\/wp\/v2\/product_brand?post=4737"},{"taxonomy":"product_cat","embeddable":true,"href":"https:\/\/vetomshop.hu\/it\/wp-json\/wp\/v2\/product_cat?post=4737"},{"taxonomy":"product_tag","embeddable":true,"href":"https:\/\/vetomshop.hu\/it\/wp-json\/wp\/v2\/product_tag?post=4737"}],"curies":[{"name":"wp","href":"https:\/\/api.w.org\/{rel}","templated":true}]}}

<h4>Emettitore speciale Trio-men</h4>
<p>Per gli uomini, n. 23.</p>
<p>È indicato per: ottimizzare le riserve funzionali e la capacità di adattamento dell'organismo umano alle influenze ambientali negative, allo stile di vita o alle malattie.<br />
Categoria di dipendenti: uomini.</p>
<p><strong>Impatto:</strong> effetto di rinforzo generale specifico per il genere (livello psicoemotivo, regolazione neuroumorale).</p>
<p><strong>Meccanismo d'azione:</strong> Il programma (frequenza portante, modulazione a bassa frequenza e parametri di ampiezza) è stato progettato specificamente per l'organo maschile per assisterlo quando viene utilizzato in un sistema.</p>
<p>Utilizzando la cura Trio-men 23. radiant, possiamo normalizzare i processi trofici e metabolici nei tessuti e nelle cellule, rigenerare la loro struttura, migliorare il funzionamento del corpo sia a livello sistemico che complessivo, aumentare la resistenza specifica dell'organismo.</p>
<p>I risultati positivi sono dovuti al feedback di biorisonanza delle cellule, del sistema fisiologico atomico e del sistema di regolazione neuro-umorale, nonché all'attivazione del meccanismo di adattamento (sindrome generale di adattamento).</p>
<div class="su-spoiler su-spoiler-style-defoult su-spoiler-icon-caret su-spoiler-closed" data-scroll-offset="0" data-anchor-in-url="no"><div class="su-spoiler-title" tabindex="0" role="button"><span class="su-spoiler-icon"></span>Tutti</div><div class="su-spoiler-content su-u-clearfix su-u-trim">
<strong>Consigliato per:</strong></p>
<ol>
<li>Per la riduzione della capacità lavorativa e dell'umore, l'instabilità psico-emotiva, l'insonnia come conseguenza della stanchezza cronica.</li>
<li>Malattie della prostata, menopausa maschile.</li>
<li>Raffreddore e influenza comuni.</li>
<li>Indebolimento generale del sistema immunitario dopo una grave malattia, per la riabilitazione</li>
</ol>
</div></div>

<p>Speciális Trio-men sugárzó Férfiak számára, 23. sz. Javallott: a funkcionális tartalékok és az emberi szervezet adaptációs lehetőségeinek optimizálásához, melyek a negatív környezeti hatások, életmód vagy betegség következtében léptek fel. Az alkalmazók kategóriája: férfiak. Hatása: a nemi hovatartozást figyelembe vevő általános erősítő hatás (pszichoemocionális szint, neurohumorális reguláció). Hatásmechanizmus: A program (hordozó frekvencia, alacsony frekvenciájú moduláció és [&hellip;]</p>
