{"id":4712,"date":"2023-11-11T14:33:54","date_gmt":"2023-11-11T13:33:54","guid":{"rendered":"https:\/\/vetomshop.hu\/termek\/biotrem-active\/"},"modified":"2023-11-11T14:33:54","modified_gmt":"2023-11-11T13:33:54","slug":"biotrem-active","status":"publish","type":"product","link":"https:\/\/vetomshop.hu\/lb\/product\/biotrem-active\/","title":{"rendered":"BioTrEM aktiv"},"content":{"rendered":"<p>\u0410 <strong>\u201eBioTrEM aktiv\u201d<\/strong> D'EMF-IK therapeutescht Apparat (im Folgenden als Apparat bezeechent) ass e portabelt Apparat fir kierperlech Therapie an Reflextherapie, entworf fir d'Pr\u00e4ventioun vu Gelenkerkrankungen, an d'Behandlung an d'Rehabilitatioun vu Patient\u00eb mat muskuloskeletale St\u00e9ierungen duerch elektromagnetesch Bestrahlung niddereger Intensit\u00e9it am extrem h\u00e9ijen Frequenzber\u00e4ich, geriicht op Deeler vun der m\u00ebnschlecher Hautuewerfl\u00e4ch.<\/p>\n<p>D'Apparat kann an komplexe pr\u00e4ventiven a heilenden Programmer fir muskuloskeletale St\u00e9ierungen agesat ginn, fir normal physiologesch Prozesser an de Zellen an de Geweider vum muskuloskeletale System er\u00ebmzestellen, P\u00e9ng ze linderen an d'Funktioun vum muskuloskeletale System ze verbesseren.<\/p>\n<div class=\"su-spoiler su-spoiler-style-defoult su-spoiler-icon-caret su-spoiler-closed\" data-scroll-offset=\"0\" data-anchor-in-url=\"no\"><div class=\"su-spoiler-title\" tabindex=\"0\" role=\"button\"><span class=\"su-spoiler-icon\"><\/span>Alles<\/div><div class=\"su-spoiler-content su-u-clearfix su-u-trim\">\n<p>Auswierkungen vum Gebrauch vum Apparat:<\/p>\n<ul>\n<li>Normalis\u00e9iert d'Blutzirkulatioun, den Immunstatus an d'metabolesch Prozesser an de motor\u00ebsche Organer\/Systemer a verh\u00ebnnert d'Entw\u00e9cklung vu Krankheeten an hinnen;<\/li>\n<li>F\u00ebrdert d'Verbesserung vun de St\u00ebtz- a Beweegungsfunktiounen;<\/li>\n<li>vermindert d'Manifestatioun vun entz\u00fcndlechen a kongestiven Ph\u00e4nomener an de motor\u00ebsche Organer;<\/li>\n<li>f\u00ebrdert d'Beschleunegung vun de regenerativen a restaurativen Prozesser an de Geweider vum muskuloskeletten System;<\/li>\n<li>F\u00ebrdert d'Eliminatioun vun entz\u00fcndleche Prozesser an de Gelenker, de Gelenkmembranen an de Gelenks\u00e4ck, an de Muskelen.,<\/li>\n<li>h\u00eblleft, d'Verformung an d'Atrophie vun de Been, de B\u00e4nner an dem muskuloskeletten Komplex ze elimin\u00e9ieren oder ze kompens\u00e9ieren.<\/li>\n<\/ul>\n<\/div><\/div>","protected":false},"excerpt":{"rendered":"<p>\u0410 \u201eBioTrEM ACTIVE\u201d modell EMF-IK ter\u00e1pi\u00e1s k\u00e9sz\u00fcl\u00e9k (a tov\u00e1bbiakban k\u00e9sz\u00fcl\u00e9k) egy hordozhat\u00f3 fizikoter\u00e1pi\u00e1s \u00e9s reflexter\u00e1pi\u00e1s eszk\u00f6z, amelynek rendeltet\u00e9se az \u00edz\u00fcleti megbeteged\u00e9sek megel\u0151z\u00e9s\u00e9re, a t\u00e1maszt\u00e1s \u00e9s mozg\u00e1s szervrendszeri betegs\u00e9gekben szenved\u0151 p\u00e1ciensek kezel\u00e9se \u00e9s rehabilit\u00e1ci\u00f3ja az ember b\u0151rfel\u00fclet\u00e9nek r\u00e9szeire ir\u00e1nyul\u00f3 extr\u00e9m magas frekvenci\u00e1s tartom\u00e1nyban m\u0171k\u00f6d\u0151 alacsonyintenzit\u00e1s\u00fa elektrom\u00e1gneses r\u00e1hat\u00e1s r\u00e9v\u00e9n. \u0410 k\u00e9sz\u00fcl\u00e9k komplex megel\u0151z\u0151 \u00e9s gy\u00f3gyul\u00e1st el\u0151seg\u00edt\u0151 programokban [&hellip;]<\/p>\n","protected":false},"featured_media":4711,"comment_status":"open","ping_status":"closed","template":"","meta":[],"product_brand":[],"product_cat":[34,32],"product_tag":[],"class_list":{"0":"post-4712","1":"product","2":"type-product","3":"status-publish","4":"has-post-thumbnail","6":"product_cat-keszulekek","7":"product_cat-triomed","9":"first","10":"instock","11":"taxable","12":"shipping-taxable","13":"purchasable","14":"product-type-simple"},"_links":{"self":[{"href":"https:\/\/vetomshop.hu\/lb\/wp-json\/wp\/v2\/product\/4712","targetHints":{"allow":["GET"]}}],"collection":[{"href":"https:\/\/vetomshop.hu\/lb\/wp-json\/wp\/v2\/product"}],"about":[{"href":"https:\/\/vetomshop.hu\/lb\/wp-json\/wp\/v2\/types\/product"}],"replies":[{"embeddable":true,"href":"https:\/\/vetomshop.hu\/lb\/wp-json\/wp\/v2\/comments?post=4712"}],"wp:featuredmedia":[{"embeddable":true,"href":"https:\/\/vetomshop.hu\/lb\/wp-json\/wp\/v2\/media\/4711"}],"wp:attachment":[{"href":"https:\/\/vetomshop.hu\/lb\/wp-json\/wp\/v2\/media?parent=4712"}],"wp:term":[{"taxonomy":"product_brand","embeddable":true,"href":"https:\/\/vetomshop.hu\/lb\/wp-json\/wp\/v2\/product_brand?post=4712"},{"taxonomy":"product_cat","embeddable":true,"href":"https:\/\/vetomshop.hu\/lb\/wp-json\/wp\/v2\/product_cat?post=4712"},{"taxonomy":"product_tag","embeddable":true,"href":"https:\/\/vetomshop.hu\/lb\/wp-json\/wp\/v2\/product_tag?post=4712"}],"curies":[{"name":"wp","href":"https:\/\/api.w.org\/{rel}","templated":true}]}}

<p>А <strong>„BioTrEM aktiv”</strong> D'EMF-IK therapeutescht Apparat (im Folgenden als Apparat bezeechent) ass e portabelt Apparat fir kierperlech Therapie an Reflextherapie, entworf fir d'Präventioun vu Gelenkerkrankungen, an d'Behandlung an d'Rehabilitatioun vu Patientë mat muskuloskeletale Stéierungen duerch elektromagnetesch Bestrahlung niddereger Intensitéit am extrem héijen Frequenzberäich, geriicht op Deeler vun der mënschlecher Hautuewerfläch.</p>
<p>D'Apparat kann an komplexe präventiven a heilenden Programmer fir muskuloskeletale Stéierungen agesat ginn, fir normal physiologesch Prozesser an de Zellen an de Geweider vum muskuloskeletale System erëmzestellen, Péng ze linderen an d'Funktioun vum muskuloskeletale System ze verbesseren.</p>
<div class="su-spoiler su-spoiler-style-defoult su-spoiler-icon-caret su-spoiler-closed" data-scroll-offset="0" data-anchor-in-url="no"><div class="su-spoiler-title" tabindex="0" role="button"><span class="su-spoiler-icon"></span>Alles</div><div class="su-spoiler-content su-u-clearfix su-u-trim">
<p>Auswierkungen vum Gebrauch vum Apparat:</p>
<ul>
<li>Normaliséiert d'Blutzirkulatioun, den Immunstatus an d'metabolesch Prozesser an de motorësche Organer/Systemer a verhënnert d'Entwécklung vu Krankheeten an hinnen;</li>
<li>Fërdert d'Verbesserung vun de Stëtz- a Beweegungsfunktiounen;</li>
<li>vermindert d'Manifestatioun vun entzündlechen a kongestiven Phänomener an de motorësche Organer;</li>
<li>fërdert d'Beschleunegung vun de regenerativen a restaurativen Prozesser an de Geweider vum muskuloskeletten System;</li>
<li>Fërdert d'Eliminatioun vun entzündleche Prozesser an de Gelenker, de Gelenkmembranen an de Gelenksäck, an de Muskelen.,</li>
<li>hëlleft, d'Verformung an d'Atrophie vun de Been, de Bänner an dem muskuloskeletten Komplex ze eliminéieren oder ze kompenséieren.</li>
</ul>
</div></div>

<p>А „BioTrEM ACTIVE” modell EMF-IK terápiás készülék (a továbbiakban készülék) egy hordozható fizikoterápiás és reflexterápiás eszköz, amelynek rendeltetése az ízületi megbetegedések megelőzésére, a támasztás és mozgás szervrendszeri betegségekben szenvedő páciensek kezelése és rehabilitációja az ember bőrfelületének részeire irányuló extrém magas frekvenciás tartományban működő alacsonyintenzitású elektromágneses ráhatás révén. А készülék komplex megelőző és gyógyulást elősegítő programokban [&hellip;]</p>
