{"id":4743,"date":"2023-11-11T14:34:00","date_gmt":"2023-11-11T13:34:00","guid":{"rendered":"https:\/\/vetomshop.hu\/termek\/siker-medal\/"},"modified":"2023-11-11T14:34:00","modified_gmt":"2023-11-11T13:34:00","slug":"siker-medal","status":"publish","type":"product","link":"https:\/\/vetomshop.hu\/lb\/product\/siker-medal\/","title":{"rendered":"Erfollegsmedail"},"content":{"rendered":"<h4>Erfollegsmedail fir Kanner<\/h4>\n<p><strong>Zil:<\/strong><\/p>\n<p>Kognitiv Funktiounen (kognitiv Prozesser) \u2013<\/p>\n<ol>\n<li>Opmierksamkeet, Observatiounsf\u00e4egkeeten<\/li>\n<li>S\u00ebnn-Wahrnehmung<\/li>\n<li>Er\u00ebnnerung<\/li>\n<li>kognitiv Funktiounen<\/li>\n<\/ol>\n<p>\u2013 e weidereppelegt Instrument, dat d'Aktiv\u00e9ierung \u00ebnnerst\u00ebtzt, der mat dem L\u00e9ieren verbonnen Middegkeet entg\u00e9intwierkt an d'emotionalt Wuelbefannen verbessert.<\/p>\n<p>\u00cbnnerst\u00ebtzt d'Erhuelung no enger bedeitender Informatiouns\u00fcberlaaschtung an h\u00eblleft, chronesch Middegkeet an d'Ersch\u00f6pfungssyndrom ze verh\u00ebnneren.<\/p>\n<div class=\"su-spoiler su-spoiler-style-defoult su-spoiler-icon-caret su-spoiler-closed\" data-scroll-offset=\"0\" data-anchor-in-url=\"no\"><div class=\"su-spoiler-title\" tabindex=\"0\" role=\"button\"><span class=\"su-spoiler-icon\"><\/span>Alles<\/div><div class=\"su-spoiler-content su-u-clearfix su-u-trim\">\n<h4>Kuerz Beschreiwung<\/h4>\n<p>D'Informatioun, d\u00e9i um elektronesche Datentr\u00e4ger \u2013 der SIKER Health Medal \u2013 gesp\u00e4ichert ass, entspr\u00e9cht dem Spektrum vun den elektromagnetesch Vibratiounen vun de Zellen an de Geweider vum zentrale Nervesystem an den Vibratiounen (elektromagnetescht Spektrum) vun antihomotoxesche Substanzen, d\u00e9i d'mental Leeschtung erh\u00e9ijen, d'Stressbest\u00e4ndegkeet vun de Studente a vun intellektuelle Aarbechter, an e optimale psychologeschen an emotionalen Hannergrond erhalen. D'Aktivit\u00e9iten vun de Studente ginn vun h\u00e9ichintensiven mentale Prozesser \u00ebnner Z\u00e4itdrock a grousser Informatiounslaascht begleet, wat stressend ass. D'Denken \u00ebmfaasst d\u00e9i aktiv Aspekter vun der Kognitioun: Opmierksamkeet, Wahrnehmung, assoziativ Prozesser, d'Bildung vu Konzepter an Evaluatiounen, an d'Komponente vun der realistescher Aktivit\u00e9it vun enger sozialer Persoun.<\/p>\n<p>D'Denken ass mat der Gehirnaktivit\u00e9it verbonnen, m\u00e4 d'F\u00e4egkeet, abstrakt ze denken, entw\u00e9ckelt sech duerch praktesch Erfahrung an d'Erwierwung vu Sproochreegelen, Logik a Kultur. D'Denken f\u00ebnnt an verschiddene Forme vu intellektueller a praktescher Aktivit\u00e9it statt, bei deenen d'kognitiv Erfarungen vun de Leit verallgemeinert a konsolid\u00e9iert ginn. D'Denken g\u00ebtt als Quell an als fundamentalt Instrument vum reellen m\u00ebnschleche Bestehen ugesinn.<\/p>\n<\/div><\/div>","protected":false},"excerpt":{"rendered":"<p>Siker Med\u00e1l gyerekeknek Rendeltet\u00e9se: A kognit\u00edv funkci\u00f3k (megismer\u0151 folyamatok) &#8211; figyelem, megfigyel\u0151k\u00e9pess\u00e9g \u00e9rz\u00e9kel\u00e9s-\u00e9szlel\u00e9s eml\u00e9kezet gondolkod\u00e1si funkci\u00f3k &#8211; aktiv\u00e1l\u00e1s\u00e1t seg\u00edt\u0151, a tanul\u00e1st k\u00eds\u00e9r\u0151 f\u00e1radts\u00e1g ellens\u00falyoz\u00e1s\u00e1t \u00e9s az emocion\u00e1lis k\u00f6z\u00e9rzet jav\u00edt\u00e1s\u00e1t szolg\u00e1l\u00f3 kieg\u00e9sz\u00edt\u0151 eszk\u00f6z. T\u00e1mogatja a jelent\u0151s inform\u00e1ci\u00f3s megterhel\u00e9s ut\u00e1ni helyre\u00e1ll\u00edt\u00e1st, a kr\u00f3nikus f\u00e1radts\u00e1g \u00e9s kimer\u00fclts\u00e9g szindr\u00f3ma megel\u0151z\u00e9s\u00e9t.<\/p>","protected":false},"featured_media":4742,"comment_status":"open","ping_status":"closed","template":"","meta":[],"product_brand":[],"product_cat":[33,32],"product_tag":[],"class_list":{"0":"post-4743","1":"product","2":"type-product","3":"status-publish","4":"has-post-thumbnail","6":"product_cat-egeszseg-medalok","7":"product_cat-triomed","9":"first","10":"instock","11":"taxable","12":"shipping-taxable","13":"purchasable","14":"product-type-simple"},"_links":{"self":[{"href":"https:\/\/vetomshop.hu\/lb\/wp-json\/wp\/v2\/product\/4743","targetHints":{"allow":["GET"]}}],"collection":[{"href":"https:\/\/vetomshop.hu\/lb\/wp-json\/wp\/v2\/product"}],"about":[{"href":"https:\/\/vetomshop.hu\/lb\/wp-json\/wp\/v2\/types\/product"}],"replies":[{"embeddable":true,"href":"https:\/\/vetomshop.hu\/lb\/wp-json\/wp\/v2\/comments?post=4743"}],"wp:featuredmedia":[{"embeddable":true,"href":"https:\/\/vetomshop.hu\/lb\/wp-json\/wp\/v2\/media\/4742"}],"wp:attachment":[{"href":"https:\/\/vetomshop.hu\/lb\/wp-json\/wp\/v2\/media?parent=4743"}],"wp:term":[{"taxonomy":"product_brand","embeddable":true,"href":"https:\/\/vetomshop.hu\/lb\/wp-json\/wp\/v2\/product_brand?post=4743"},{"taxonomy":"product_cat","embeddable":true,"href":"https:\/\/vetomshop.hu\/lb\/wp-json\/wp\/v2\/product_cat?post=4743"},{"taxonomy":"product_tag","embeddable":true,"href":"https:\/\/vetomshop.hu\/lb\/wp-json\/wp\/v2\/product_tag?post=4743"}],"curies":[{"name":"wp","href":"https:\/\/api.w.org\/{rel}","templated":true}]}}

<h4>Erfollegsmedail fir Kanner</h4>
<p><strong>Zil:</strong></p>
<p>Kognitiv Funktiounen (kognitiv Prozesser) –</p>
<ol>
<li>Opmierksamkeet, Observatiounsfäegkeeten</li>
<li>Sënn-Wahrnehmung</li>
<li>Erënnerung</li>
<li>kognitiv Funktiounen</li>
</ol>
<p>– e weidereppelegt Instrument, dat d'Aktivéierung ënnerstëtzt, der mat dem Léieren verbonnen Middegkeet entgéintwierkt an d'emotionalt Wuelbefannen verbessert.</p>
<p>Ënnerstëtzt d'Erhuelung no enger bedeitender Informatiounsüberlaaschtung an hëlleft, chronesch Middegkeet an d'Erschöpfungssyndrom ze verhënneren.</p>
<div class="su-spoiler su-spoiler-style-defoult su-spoiler-icon-caret su-spoiler-closed" data-scroll-offset="0" data-anchor-in-url="no"><div class="su-spoiler-title" tabindex="0" role="button"><span class="su-spoiler-icon"></span>Alles</div><div class="su-spoiler-content su-u-clearfix su-u-trim">
<h4>Kuerz Beschreiwung</h4>
<p>D'Informatioun, déi um elektronesche Datenträger – der SIKER Health Medal – gespäichert ass, entsprécht dem Spektrum vun den elektromagnetesch Vibratiounen vun de Zellen an de Geweider vum zentrale Nervesystem an den Vibratiounen (elektromagnetescht Spektrum) vun antihomotoxesche Substanzen, déi d'mental Leeschtung erhéijen, d'Stressbeständegkeet vun de Studente a vun intellektuelle Aarbechter, an e optimale psychologeschen an emotionalen Hannergrond erhalen. D'Aktivitéiten vun de Studente ginn vun héichintensiven mentale Prozesser ënner Zäitdrock a grousser Informatiounslaascht begleet, wat stressend ass. D'Denken ëmfaasst déi aktiv Aspekter vun der Kognitioun: Opmierksamkeet, Wahrnehmung, assoziativ Prozesser, d'Bildung vu Konzepter an Evaluatiounen, an d'Komponente vun der realistescher Aktivitéit vun enger sozialer Persoun.</p>
<p>D'Denken ass mat der Gehirnaktivitéit verbonnen, mä d'Fäegkeet, abstrakt ze denken, entwéckelt sech duerch praktesch Erfahrung an d'Erwierwung vu Sproochreegelen, Logik a Kultur. D'Denken fënnt an verschiddene Forme vu intellektueller a praktescher Aktivitéit statt, bei deenen d'kognitiv Erfarungen vun de Leit verallgemeinert a konsolidéiert ginn. D'Denken gëtt als Quell an als fundamentalt Instrument vum reellen mënschleche Bestehen ugesinn.</p>
</div></div>

<p>Siker Medál gyerekeknek Rendeltetése: A kognitív funkciók (megismerő folyamatok) &#8211; figyelem, megfigyelőképesség érzékelés-észlelés emlékezet gondolkodási funkciók &#8211; aktiválását segítő, a tanulást kísérő fáradtság ellensúlyozását és az emocionális közérzet javítását szolgáló kiegészítő eszköz. Támogatja a jelentős információs megterhelés utáni helyreállítást, a krónikus fáradtság és kimerültség szindróma megelőzését.</p>
