{"id":6957,"date":"2025-07-26T15:40:40","date_gmt":"2025-07-26T13:40:40","guid":{"rendered":"https:\/\/vetomshop.hu\/?post_type=product&#038;p=6957"},"modified":"2025-12-31T14:57:45","modified_gmt":"2025-12-31T13:57:45","slug":"bioseptin-probiotikus-kenocs-60-g","status":"publish","type":"product","link":"https:\/\/vetomshop.hu\/lb\/product\/bioseptin-probiotikus-kenocs-60-g\/","title":{"rendered":"Bioseptin Probiotik-Salbe <span style=\"color:red\">60<\/span> g"},"content":{"rendered":"<p><span style=\"font-size: x-large;\"><b>Bioseptin Probiotik-Salbe 60 g<\/b><\/span><\/p>\n<p><span style=\"font-size: x-large;\">Bioseptin-Salbe huet antiseptesch, entz\u00fcndungshemmend a proteolytesch Eegeschaften. D'Bacillus subtilis- a Bacillus licheniformis-Bakteriesporen, d\u00e9i si enth\u00e4lt, si effektiv g\u00e9int eng breet Palette vu Pathogenen. Si zerst\u00e9ieren pathogen Bakterien op der Wonnfl\u00e4ch, egal ob si sauerstoffofh\u00e4ngeg oder anaerob sinn, besonnesch Gram-positiv Bakterien. Si h\u00ebllefen, doud Gewebe an schiedlech Bakterien ofzebr\u00e9ngen, sou weider Infektiounen ze verh\u00ebnneren an d'Wonnheilung ze beschleunegen. D'Salbe verursaacht keng Reizung a et ass net bekannt, datt si allergesch Reaktiounen ausl\u00e9ist.<\/span><\/p>\n<p><span style=\"font-size: x-large;\"><b>Zesummesetzung a Verpakung:<\/b><\/span><\/p>\n<p><span style=\"font-size: x-large;\">D'Salbe enth\u00e4lt d'Sporen vun deenen zwee Bakterienst\u00e4mm an enger Agarose-(gell\u00e4hnlecher) Basis, souw\u00e9i Ethanol. Si enth\u00e4lt keng genetesch modifiz\u00e9iert Zutaten. All Gramm Salbe enth\u00e4lt mindestens eng Millioun lieweg Bakterienzellen.<\/span><\/p>\n<p>E puer L\u00e4nner, d\u00e9i zu d\u00e4r internationaler Organisatioun geh\u00e9ieren, hunn gemeinsam e Handelsembargo op Kosmetikprodukter agefouert, sou datt d'Bioseptin-Salbe a Ungarn als veterin\u00e4rmedizin\u00ebscht Produkt registr\u00e9iert gouf. .<\/p>\n<p><span style=\"font-size: x-large;\"><b>Uwendung:<\/b><\/span><\/p>\n<p><span style=\"font-size: x-large;\">\u00c4usserlech uwenden, eng d\u00ebnn Schicht op d'betraffe Hautfl\u00e4ch verdeelen, 1\u20132 Mol den Dag bis se geheelt ass. Et ass net n\u00e9ideg, d'behandelt Wonn ze verbanden.<\/span><\/p>\n<p><span style=\"font-size: x-large;\"><b>W\u00e9ini net ze benotzen:<\/b><\/span><\/p>\n<p><span style=\"font-size: x-large;\">\u00a0 \u00a0Wann Dir op ee vun de Bestanddeeler an d\u00ebsem Produkt empfindlech sidd, g\u00ebtt et net fir d'Benotzung recommand\u00e9iert. Ausserdeem soll et net zesumme mat Antibiotika, Sulfonamiden oder anere bakterie-bas\u00e9ierten Produkter benotzt ginn.<\/span><\/p>\n<p><span style=\"font-size: x-large;\"><b>Wichteg Informatiounen:<\/b><\/span><\/p>\n<p><span style=\"font-size: x-large;\"><span style=\"color: #127622;\"><b>Uwendung vun der Salbe fir M\u00ebnschen:<\/b><\/span><\/span><\/p>\n<p><span style=\"font-size: large;\">Tr\u00ebfft eng d\u00ebnn Schicht op d'betraffe Plaz 1\u20132 Mol den Dag, bis d'Wonn geheelt ass.<\/span><\/p>\n<p><span style=\"font-size: large;\">Eng Iwwerdosis ass net m\u00e9iglech.<\/span><\/p>\n<p><span style=\"font-size: x-large;\"><span style=\"color: #127622;\"><b>Uwendung vun der Salbe bei D\u00e9ieren:<\/b><\/span><\/span><\/p>\n<p><span style=\"font-size: x-large;\">No der Behandlung g\u00ebtt et keng Waardez\u00e4it, ier d'Fleesch oder aner Produkter (w\u00e9i Ee\u00ebr oder M\u00ebllech) als Liewensm\u00ebttel benotzt k\u00ebnne ginn \u2013 si k\u00ebnnen direkt konsum\u00e9iert ginn.<\/span><\/p>\n<p><span style=\"font-size: x-large;\"><b>Uwendungen:<\/b><\/span><\/p>\n<p><span style=\"font-size: x-large;\">Et kann benotzt ginn fir Wonnen, infiz\u00e9iert oder nekrotesch Gewebsverletzungen, Verbrennungen an Hautentz\u00fcndungen bei verschiddene D\u00e9ierspezien ze behandelen, dor\u00ebnner Hausd\u00e9ieren, Bauerenhaffd\u00e9ieren, W\u00eblld\u00e9ieren, Pelzd\u00e9ieren souw\u00e9i Villercher.<\/span><\/p>\n<p><span style=\"font-size: x-large;\"><b>Nebenwirkungen:<\/b><\/span><\/p>\n<p><span style=\"font-size: x-large;\">Wann et richteg benotzt g\u00ebtt, sinn d'Niewewierkungen rar oder kommen iwwerhaapt net vir.<\/span><\/p>\n<p><span style=\"font-size: x-large;\"><b>Lagerung:<\/b><\/span><\/p>\n<p><span style=\"font-size: x-large;\">D'Salbe soll an engem kille (0\u201310 \u00b0C), dr\u00e9che, d\u00e4ischter Plaz, ausserhalb vun der Reechw\u00e4it vu Kanner a D\u00e9ieren gelagert ginn. W\u00e4hrend dem Transport kann si bis zu 2 Wochen bei 20 \u00b0C opbeweert ginn. Si kann 2 Joer ab dem Fabrikatiounsdatum benotzt ginn.<\/span><\/p>","protected":false},"excerpt":{"rendered":"<p>A <strong>Bioseptin Sallef<\/strong> huet antiseptesch, entz\u00fcndungshemmend an proteindegrad\u00e9ierend Eegeschaften. De <strong>Bacillus subtilis<\/strong> an <strong>Bazillus licheniformis<\/strong> Bakteriell Sporen si effektiv g\u00e9int vill Aarte vu Pathogenen. Si zerst\u00e9ieren pathogen Bakterien op der Uewerfl\u00e4ch vun der Wonn, egal ob si sauerstoffofh\u00e4ngeg oder anaerob sinn, besonnesch Gram-positiv Bakterien. Si h\u00ebllefen, doud Gewebe an schiedlech Bakterien ofzebr\u00e9ngen, sou weider Infektiounen ze verh\u00ebnneren an d'Wonnheilung ze beschleunegen. D'Salbe verursaacht keng Reizung, an allergesch Reaktiounen si net typesch.<\/p>\n<div class=\"plashka\">\n<h5>Eegeschaften an Wirkungsmechanismus:<br \/>\nBioseptin \u2013 Salbe mat Hautpfleeg-, antisepteschen, entz\u00fcndungshemmenden a proteolyteschen Eegeschaften.<\/h5>\n<\/div>","protected":false},"featured_media":6958,"comment_status":"open","ping_status":"closed","template":"","meta":[],"product_brand":[],"product_cat":[22],"product_tag":[],"class_list":{"0":"post-6957","1":"product","2":"type-product","3":"status-publish","4":"has-post-thumbnail","6":"product_cat-vetom-probiotikumok","8":"first","9":"outofstock","10":"taxable","11":"shipping-taxable","12":"purchasable","13":"product-type-simple"},"_links":{"self":[{"href":"https:\/\/vetomshop.hu\/lb\/wp-json\/wp\/v2\/product\/6957","targetHints":{"allow":["GET"]}}],"collection":[{"href":"https:\/\/vetomshop.hu\/lb\/wp-json\/wp\/v2\/product"}],"about":[{"href":"https:\/\/vetomshop.hu\/lb\/wp-json\/wp\/v2\/types\/product"}],"replies":[{"embeddable":true,"href":"https:\/\/vetomshop.hu\/lb\/wp-json\/wp\/v2\/comments?post=6957"}],"wp:featuredmedia":[{"embeddable":true,"href":"https:\/\/vetomshop.hu\/lb\/wp-json\/wp\/v2\/media\/6958"}],"wp:attachment":[{"href":"https:\/\/vetomshop.hu\/lb\/wp-json\/wp\/v2\/media?parent=6957"}],"wp:term":[{"taxonomy":"product_brand","embeddable":true,"href":"https:\/\/vetomshop.hu\/lb\/wp-json\/wp\/v2\/product_brand?post=6957"},{"taxonomy":"product_cat","embeddable":true,"href":"https:\/\/vetomshop.hu\/lb\/wp-json\/wp\/v2\/product_cat?post=6957"},{"taxonomy":"product_tag","embeddable":true,"href":"https:\/\/vetomshop.hu\/lb\/wp-json\/wp\/v2\/product_tag?post=6957"}],"curies":[{"name":"wp","href":"https:\/\/api.w.org\/{rel}","templated":true}]}}

<p><span style="font-size: x-large;"><b>Bioseptin Probiotik-Salbe 60 g</b></span></p>
<p><span style="font-size: x-large;">Bioseptin-Salbe huet antiseptesch, entzündungshemmend a proteolytesch Eegeschaften. D'Bacillus subtilis- a Bacillus licheniformis-Bakteriesporen, déi si enthält, si effektiv géint eng breet Palette vu Pathogenen. Si zerstéieren pathogen Bakterien op der Wonnfläch, egal ob si sauerstoffofhängeg oder anaerob sinn, besonnesch Gram-positiv Bakterien. Si hëllefen, doud Gewebe an schiedlech Bakterien ofzebréngen, sou weider Infektiounen ze verhënneren an d'Wonnheilung ze beschleunegen. D'Salbe verursaacht keng Reizung a et ass net bekannt, datt si allergesch Reaktiounen ausléist.</span></p>
<p><span style="font-size: x-large;"><b>Zesummesetzung a Verpakung:</b></span></p>
<p><span style="font-size: x-large;">D'Salbe enthält d'Sporen vun deenen zwee Bakterienstämm an enger Agarose-(gellähnlecher) Basis, souwéi Ethanol. Si enthält keng genetesch modifizéiert Zutaten. All Gramm Salbe enthält mindestens eng Millioun lieweg Bakterienzellen.</span></p>
<p>E puer Länner, déi zu där internationaler Organisatioun gehéieren, hunn gemeinsam e Handelsembargo op Kosmetikprodukter agefouert, sou datt d'Bioseptin-Salbe a Ungarn als veterinärmedizinëscht Produkt registréiert gouf. .</p>
<p><span style="font-size: x-large;"><b>Uwendung:</b></span></p>
<p><span style="font-size: x-large;">Äusserlech uwenden, eng dënn Schicht op d'betraffe Hautfläch verdeelen, 1–2 Mol den Dag bis se geheelt ass. Et ass net néideg, d'behandelt Wonn ze verbanden.</span></p>
<p><span style="font-size: x-large;"><b>Wéini net ze benotzen:</b></span></p>
<p><span style="font-size: x-large;">   Wann Dir op ee vun de Bestanddeeler an dësem Produkt empfindlech sidd, gëtt et net fir d'Benotzung recommandéiert. Ausserdeem soll et net zesumme mat Antibiotika, Sulfonamiden oder anere bakterie-baséierten Produkter benotzt ginn.</span></p>
<p><span style="font-size: x-large;"><b>Wichteg Informatiounen:</b></span></p>
<p><span style="font-size: x-large;"><span style="color: #127622;"><b>Uwendung vun der Salbe fir Mënschen:</b></span></span></p>
<p><span style="font-size: large;">Trëfft eng dënn Schicht op d'betraffe Plaz 1–2 Mol den Dag, bis d'Wonn geheelt ass.</span></p>
<p><span style="font-size: large;">Eng Iwwerdosis ass net méiglech.</span></p>
<p><span style="font-size: x-large;"><span style="color: #127622;"><b>Uwendung vun der Salbe bei Déieren:</b></span></span></p>
<p><span style="font-size: x-large;">No der Behandlung gëtt et keng Waardezäit, ier d'Fleesch oder aner Produkter (wéi Eeër oder Mëllech) als Liewensmëttel benotzt kënne ginn – si kënnen direkt konsuméiert ginn.</span></p>
<p><span style="font-size: x-large;"><b>Uwendungen:</b></span></p>
<p><span style="font-size: x-large;">Et kann benotzt ginn fir Wonnen, infizéiert oder nekrotesch Gewebsverletzungen, Verbrennungen an Hautentzündungen bei verschiddene Déierspezien ze behandelen, dorënner Hausdéieren, Bauerenhaffdéieren, Wëlldéieren, Pelzdéieren souwéi Villercher.</span></p>
<p><span style="font-size: x-large;"><b>Nebenwirkungen:</b></span></p>
<p><span style="font-size: x-large;">Wann et richteg benotzt gëtt, sinn d'Niewewierkungen rar oder kommen iwwerhaapt net vir.</span></p>
<p><span style="font-size: x-large;"><b>Lagerung:</b></span></p>
<p><span style="font-size: x-large;">D'Salbe soll an engem kille (0–10 °C), dréche, däischter Plaz, ausserhalb vun der Reechwäit vu Kanner a Déieren gelagert ginn. Während dem Transport kann si bis zu 2 Wochen bei 20 °C opbeweert ginn. Si kann 2 Joer ab dem Fabrikatiounsdatum benotzt ginn.</span></p>

<p>A <strong>Bioseptin Sallef</strong> huet antiseptesch, entzündungshemmend an proteindegradéierend Eegeschaften. De <strong>Bacillus subtilis</strong> an <strong>Bazillus licheniformis</strong> Bakteriell Sporen si effektiv géint vill Aarte vu Pathogenen. Si zerstéieren pathogen Bakterien op der Uewerfläch vun der Wonn, egal ob si sauerstoffofhängeg oder anaerob sinn, besonnesch Gram-positiv Bakterien. Si hëllefen, doud Gewebe an schiedlech Bakterien ofzebréngen, sou weider Infektiounen ze verhënneren an d'Wonnheilung ze beschleunegen. D'Salbe verursaacht keng Reizung, an allergesch Reaktiounen si net typesch.</p>
<div class="plashka">
<h5>Eegeschaften an Wirkungsmechanismus:<br />
Bioseptin – Salbe mat Hautpfleeg-, antisepteschen, entzündungshemmenden a proteolyteschen Eegeschaften.</h5>
</div>
