{"id":4706,"date":"2023-11-11T14:33:52","date_gmt":"2023-11-11T13:33:52","guid":{"rendered":"https:\/\/vetomshop.hu\/termek\/odont-medal\/"},"modified":"2024-08-07T16:07:27","modified_gmt":"2024-08-07T14:07:27","slug":"odont-medal","status":"publish","type":"product","link":"https:\/\/vetomshop.hu\/mt\/product\/odont-medal\/","title":{"rendered":"Medaljun Odont"},"content":{"rendered":"<h4>Medaljun Odont<\/h4>\n<p>G\u0127ajnuna g\u0127all-prevenzjoni u r-riabilitazzjoni tal-mard periodontali u g\u0127all-titjib tal-pro\u010bessi rigenerattivi.<\/p>\n<p>Il-perjodontju \u2013 il-kompless ta' tessuti li jdawru l-snien.<\/p>\n<p>Il-perjodontju jdawwar u jappo\u0121\u0121ja s-snien. Il-perjodontju jipprovdi ankorar flessibbli g\u0127ar-g\u0127eruq tas-snien. Il-partijiet ewlenin tal-perjodontju huma: il-\u0121eniva, il-ligament periodontali, i\u010b-\u010bementu u l-g\u0127adam alveolari. Huma jaqsmu ori\u0121ini u funzjoni komuni.<\/p>\n<p>L-effett tal-medaljun \u201eODONT\u201d huwa li jattiva d-difi\u017ci tal-\u0121isem, jirrestawra l-pro\u010bessi fi\u017cjolo\u0121i\u010bi normali fi\u010b-\u010belloli u fit-tessuti tal-perjodontju, u j\u017cid ir-re\u017cistenza g\u0127al fatturi ambjentali avversi.<\/p>\n<p>Dan l-apparat g\u0127andu effett po\u017cittiv fuq l-istat tal-funzjonijiet tal-\u0121isem u jista' jintu\u017ca b\u0127ala g\u0127odda ottimali u korrettiva g\u0127al kundizzjonijiet o\u0127ra b\u0127al \u0121ingivite, periodontite, marda periodontali, lesjonijiet periodontali, sindromu ta' Itsenko-Cushing, sindromu ta' Elers-Danlos, sindromu ta' Shediak-Higashi, sindromu ta' Down, disturbi tad-demm, e\u010b\u010b.<\/p>\n<div class=\"su-spoiler su-spoiler-style-defoult su-spoiler-icon-caret su-spoiler-closed\" data-scroll-offset=\"0\" data-anchor-in-url=\"no\"><div class=\"su-spoiler-title\" tabindex=\"0\" role=\"button\"><span class=\"su-spoiler-icon\"><\/span>Kollha<\/div><div class=\"su-spoiler-content su-u-clearfix su-u-trim\">\n<strong>Effetti:<\/strong><\/p>\n<ul>\n<li>Jinormalizza \u010b-\u010birkolazzjoni tad-demm, l-istat immunitarju u l-pro\u010bessi metabol\u010bi periodontali, u jipprevjeni l-i\u017cvilupp ta' mard;<\/li>\n<li>jg\u0127in itejjeb il-funzjoni periodontali;<\/li>\n<li>jnaqqas is-severit\u00e0 tal-fenomeni infjammatorji u degenerattivi fil-marda periodontal;<\/li>\n<li>jg\u0127in biex j\u0127affef ir-regenerazzjoni u l-pro\u010bessi ta' tiswija periodontali;<\/li>\n<li>jg\u0127in biex ine\u0127\u0127i n-nifs \u0127a\u017cin;<\/li>\n<li>Jg\u0127in jipprevjeni l-mobilit\u00e0 patolo\u0121ika tas-snien.<\/li>\n<\/ul>\n<\/div><\/div>","protected":false},"excerpt":{"rendered":"<p>Odont Med\u00e1l Seg\u00e9deszk\u00f6z a periodont\u00e1lis betegs\u00e9gek megel\u0151z\u00e9s\u00e9re \u00e9s rehabilit\u00e1ci\u00f3j\u00e1ra, a regenerat\u00edv folyamatok fokoz\u00e1s\u00e1ra. A fog\u00e1gy (parodontium) &#8211; a fogakat k\u00f6r\u00fclvev\u0151 sz\u00f6vetek komplexuma. A parodontium k\u00f6r\u00fclveszi \u00e9s megt\u00e1masztja a fogakat. A fog\u00e1gy a fogak gy\u00f6ker\u00e9nek rugalmas elhorgonyz\u00e1s\u00e1t biztos\u00edtja. A parodontium f\u0151 r\u00e9szei: \u00edny, gy\u00f6k\u00e9rh\u00e1rtya, cement, fogmederny\u00falv\u00e1ny. Eredet\u00fck \u00e9s funkci\u00f3juk k\u00f6z\u00f6s. Az &#8222;ODONT&#8221; med\u00e1l hat\u00e1sa arra ir\u00e1nyul, [&hellip;]<\/p>\n","protected":false},"featured_media":4705,"comment_status":"open","ping_status":"closed","template":"","meta":[],"product_brand":[],"product_cat":[33,32],"product_tag":[],"class_list":{"0":"post-4706","1":"product","2":"type-product","3":"status-publish","4":"has-post-thumbnail","6":"product_cat-egeszseg-medalok","7":"product_cat-triomed","9":"first","10":"instock","11":"taxable","12":"shipping-taxable","13":"purchasable","14":"product-type-simple"},"_links":{"self":[{"href":"https:\/\/vetomshop.hu\/mt\/wp-json\/wp\/v2\/product\/4706","targetHints":{"allow":["GET"]}}],"collection":[{"href":"https:\/\/vetomshop.hu\/mt\/wp-json\/wp\/v2\/product"}],"about":[{"href":"https:\/\/vetomshop.hu\/mt\/wp-json\/wp\/v2\/types\/product"}],"replies":[{"embeddable":true,"href":"https:\/\/vetomshop.hu\/mt\/wp-json\/wp\/v2\/comments?post=4706"}],"wp:featuredmedia":[{"embeddable":true,"href":"https:\/\/vetomshop.hu\/mt\/wp-json\/wp\/v2\/media\/4705"}],"wp:attachment":[{"href":"https:\/\/vetomshop.hu\/mt\/wp-json\/wp\/v2\/media?parent=4706"}],"wp:term":[{"taxonomy":"product_brand","embeddable":true,"href":"https:\/\/vetomshop.hu\/mt\/wp-json\/wp\/v2\/product_brand?post=4706"},{"taxonomy":"product_cat","embeddable":true,"href":"https:\/\/vetomshop.hu\/mt\/wp-json\/wp\/v2\/product_cat?post=4706"},{"taxonomy":"product_tag","embeddable":true,"href":"https:\/\/vetomshop.hu\/mt\/wp-json\/wp\/v2\/product_tag?post=4706"}],"curies":[{"name":"wp","href":"https:\/\/api.w.org\/{rel}","templated":true}]}}

<h4>Medaljun Odont</h4>
<p>Għajnuna għall-prevenzjoni u r-riabilitazzjoni tal-mard periodontali u għall-titjib tal-proċessi rigenerattivi.</p>
<p>Il-perjodontju – il-kompless ta' tessuti li jdawru l-snien.</p>
<p>Il-perjodontju jdawwar u jappoġġja s-snien. Il-perjodontju jipprovdi ankorar flessibbli għar-għeruq tas-snien. Il-partijiet ewlenin tal-perjodontju huma: il-ġeniva, il-ligament periodontali, iċ-ċementu u l-għadam alveolari. Huma jaqsmu oriġini u funzjoni komuni.</p>
<p>L-effett tal-medaljun „ODONT” huwa li jattiva d-difiżi tal-ġisem, jirrestawra l-proċessi fiżjoloġiċi normali fiċ-ċelloli u fit-tessuti tal-perjodontju, u jżid ir-reżistenza għal fatturi ambjentali avversi.</p>
<p>Dan l-apparat għandu effett pożittiv fuq l-istat tal-funzjonijiet tal-ġisem u jista' jintuża bħala għodda ottimali u korrettiva għal kundizzjonijiet oħra bħal ġingivite, periodontite, marda periodontali, lesjonijiet periodontali, sindromu ta' Itsenko-Cushing, sindromu ta' Elers-Danlos, sindromu ta' Shediak-Higashi, sindromu ta' Down, disturbi tad-demm, eċċ.</p>
<div class="su-spoiler su-spoiler-style-defoult su-spoiler-icon-caret su-spoiler-closed" data-scroll-offset="0" data-anchor-in-url="no"><div class="su-spoiler-title" tabindex="0" role="button"><span class="su-spoiler-icon"></span>Kollha</div><div class="su-spoiler-content su-u-clearfix su-u-trim">
<strong>Effetti:</strong></p>
<ul>
<li>Jinormalizza ċ-ċirkolazzjoni tad-demm, l-istat immunitarju u l-proċessi metabolċi periodontali, u jipprevjeni l-iżvilupp ta' mard;</li>
<li>jgħin itejjeb il-funzjoni periodontali;</li>
<li>jnaqqas is-severità tal-fenomeni infjammatorji u degenerattivi fil-marda periodontal;</li>
<li>jgħin biex jħaffef ir-regenerazzjoni u l-proċessi ta' tiswija periodontali;</li>
<li>jgħin biex ineħħi n-nifs ħażin;</li>
<li>Jgħin jipprevjeni l-mobilità patoloġika tas-snien.</li>
</ul>
</div></div>

<p>Odont Medál Segédeszköz a periodontális betegségek megelőzésére és rehabilitációjára, a regeneratív folyamatok fokozására. A fogágy (parodontium) &#8211; a fogakat körülvevő szövetek komplexuma. A parodontium körülveszi és megtámasztja a fogakat. A fogágy a fogak gyökerének rugalmas elhorgonyzását biztosítja. A parodontium fő részei: íny, gyökérhártya, cement, fogmedernyúlvány. Eredetük és funkciójuk közös. Az &#8222;ODONT&#8221; medál hatása arra irányul, [&hellip;]</p>
