{"id":4737,"date":"2023-11-11T14:33:59","date_gmt":"2023-11-11T13:33:59","guid":{"rendered":"https:\/\/vetomshop.hu\/termek\/trio-men-jelado\/"},"modified":"2023-11-11T14:33:59","modified_gmt":"2023-11-11T13:33:59","slug":"trio-men-jelado","status":"publish","type":"product","link":"https:\/\/vetomshop.hu\/mt\/product\/trio-men-jelado\/","title":{"rendered":"Trasmettitur Trio-men"},"content":{"rendered":"<h4>Radiatur spe\u010bjali Trio-men<\/h4>\n<p>G\u0127all-ir\u0121iel, Nru. 23.<\/p>\n<p>Rakkomandat biex jottimizza r-ri\u017cervi funzjonali u l-abbilt\u00e0 tal-\u0121isem tal-bniedem li jadatta g\u0127al influwenzi negattivi mill-ambjent, fatturi ta' stil ta' \u0127ajja jew mard.<br \/>\nKategorija ta' utenti: ir\u0121iel.<\/p>\n<p><strong>Effett:<\/strong> effett \u0121enerali ta' sa\u0127\u0127a li jie\u0127u in konsiderazzjoni l-\u0121eneru (livell psiko-emotiv, regolazzjoni neuro-umorali).<\/p>\n<p><strong>Mekkani\u017cmu ta' azzjoni:<\/strong> Il-programm (frekwenza tal-portatur, modulazzjoni ta' frekwenza baxxa u parametri tal-ampiezza) \u0121ie ddisinjat apposta g\u0127all-\u0121isem tal-ir\u0121iel biex jg\u0127inh meta jintu\u017ca fis-sistema.<\/p>\n<p>Bil-23-il trattament radjanti tat-Trio-men, nistg\u0127u nnormalizzaw il-pro\u010bessi trof\u010bi u metabol\u010bi fit-tessuti u \u010b-\u010belloli, nirrigeneraw l-istruttura tag\u0127hom, intejbu l-funzjonament tal-\u0121isem kemm b'mod sistemiku kif ukoll b\u0127ala totalit\u00e0, u n\u017cidu r-re\u017cistenza mhux spe\u010bifika tal-\u0121isem.<\/p>\n<p>Ir-ri\u017cultati po\u017cittivi huma dovuti, minn na\u0127a wa\u0127da, g\u0127all-feedback tal-bioresonanza \u010bellulari, is-sistema atomiko-fi\u017cjolo\u0121ika u s-sistema regolatorja neuro-umorali, u minn na\u0127a l-o\u0127ra, g\u0127all-attivazzjoni tal-mekkani\u017cmu ta' adattament (sindromu \u0121enerali ta' adattament).<\/p>\n<div class=\"su-spoiler su-spoiler-style-defoult su-spoiler-icon-caret su-spoiler-closed\" data-scroll-offset=\"0\" data-anchor-in-url=\"no\"><div class=\"su-spoiler-title\" tabindex=\"0\" role=\"button\"><span class=\"su-spoiler-icon\"><\/span>Kollha<\/div><div class=\"su-spoiler-content su-u-clearfix su-u-trim\">\n<strong>Rakkomandat:<\/strong><\/p>\n<ol>\n<li>Kapa\u010bit\u00e0 tax-xog\u0127ol mnaqqsa u nuqqas ta' interess, instabbilt\u00e0 psiko-emotiva, insonnja ri\u017cultanti minn g\u0127eja kronika.<\/li>\n<li>Disturbi tal-prostata, menopaw\u017ca maskili.<\/li>\n<li>Raffa frekwenti, influwenza.<\/li>\n<li>Tnaqqis \u0121enerali fis-sistema immunitarja wara marda serja, g\u0127ar-riabilitazzjoni<\/li>\n<\/ol>\n<\/div><\/div>","protected":false},"excerpt":{"rendered":"<p>Speci\u00e1lis Trio-men sug\u00e1rz\u00f3 F\u00e9rfiak sz\u00e1m\u00e1ra, 23. sz. Javallott: a funkcion\u00e1lis tartal\u00e9kok \u00e9s az emberi szervezet adapt\u00e1ci\u00f3s lehet\u0151s\u00e9geinek optimiz\u00e1l\u00e1s\u00e1hoz, melyek a negat\u00edv k\u00f6rnyezeti hat\u00e1sok, \u00e9letm\u00f3d vagy betegs\u00e9g k\u00f6vetkezt\u00e9ben l\u00e9ptek fel. Az alkalmaz\u00f3k kateg\u00f3ri\u00e1ja: f\u00e9rfiak. Hat\u00e1sa: a nemi hovatartoz\u00e1st figyelembe vev\u0151 \u00e1ltal\u00e1nos er\u0151s\u00edt\u0151 hat\u00e1s (pszichoemocion\u00e1lis szint, neurohumor\u00e1lis regul\u00e1ci\u00f3). Hat\u00e1smechanizmus: A program (hordoz\u00f3 frekvencia, alacsony frekvenci\u00e1j\u00fa modul\u00e1ci\u00f3 \u00e9s [&hellip;]<\/p>\n","protected":false},"featured_media":4736,"comment_status":"open","ping_status":"closed","template":"","meta":[],"product_brand":[],"product_cat":[35,32],"product_tag":[],"class_list":{"0":"post-4737","1":"product","2":"type-product","3":"status-publish","4":"has-post-thumbnail","6":"product_cat-csatlakoztathato-jeladok","7":"product_cat-triomed","9":"first","10":"instock","11":"taxable","12":"shipping-taxable","13":"purchasable","14":"product-type-simple"},"_links":{"self":[{"href":"https:\/\/vetomshop.hu\/mt\/wp-json\/wp\/v2\/product\/4737","targetHints":{"allow":["GET"]}}],"collection":[{"href":"https:\/\/vetomshop.hu\/mt\/wp-json\/wp\/v2\/product"}],"about":[{"href":"https:\/\/vetomshop.hu\/mt\/wp-json\/wp\/v2\/types\/product"}],"replies":[{"embeddable":true,"href":"https:\/\/vetomshop.hu\/mt\/wp-json\/wp\/v2\/comments?post=4737"}],"wp:featuredmedia":[{"embeddable":true,"href":"https:\/\/vetomshop.hu\/mt\/wp-json\/wp\/v2\/media\/4736"}],"wp:attachment":[{"href":"https:\/\/vetomshop.hu\/mt\/wp-json\/wp\/v2\/media?parent=4737"}],"wp:term":[{"taxonomy":"product_brand","embeddable":true,"href":"https:\/\/vetomshop.hu\/mt\/wp-json\/wp\/v2\/product_brand?post=4737"},{"taxonomy":"product_cat","embeddable":true,"href":"https:\/\/vetomshop.hu\/mt\/wp-json\/wp\/v2\/product_cat?post=4737"},{"taxonomy":"product_tag","embeddable":true,"href":"https:\/\/vetomshop.hu\/mt\/wp-json\/wp\/v2\/product_tag?post=4737"}],"curies":[{"name":"wp","href":"https:\/\/api.w.org\/{rel}","templated":true}]}}

<h4>Radiatur speċjali Trio-men</h4>
<p>Għall-irġiel, Nru. 23.</p>
<p>Rakkomandat biex jottimizza r-riżervi funzjonali u l-abbiltà tal-ġisem tal-bniedem li jadatta għal influwenzi negattivi mill-ambjent, fatturi ta' stil ta' ħajja jew mard.<br />
Kategorija ta' utenti: irġiel.</p>
<p><strong>Effett:</strong> effett ġenerali ta' saħħa li jieħu in konsiderazzjoni l-ġeneru (livell psiko-emotiv, regolazzjoni neuro-umorali).</p>
<p><strong>Mekkaniżmu ta' azzjoni:</strong> Il-programm (frekwenza tal-portatur, modulazzjoni ta' frekwenza baxxa u parametri tal-ampiezza) ġie ddisinjat apposta għall-ġisem tal-irġiel biex jgħinh meta jintuża fis-sistema.</p>
<p>Bil-23-il trattament radjanti tat-Trio-men, nistgħu nnormalizzaw il-proċessi trofċi u metabolċi fit-tessuti u ċ-ċelloli, nirrigeneraw l-istruttura tagħhom, intejbu l-funzjonament tal-ġisem kemm b'mod sistemiku kif ukoll bħala totalità, u nżidu r-reżistenza mhux speċifika tal-ġisem.</p>
<p>Ir-riżultati pożittivi huma dovuti, minn naħa waħda, għall-feedback tal-bioresonanza ċellulari, is-sistema atomiko-fiżjoloġika u s-sistema regolatorja neuro-umorali, u minn naħa l-oħra, għall-attivazzjoni tal-mekkaniżmu ta' adattament (sindromu ġenerali ta' adattament).</p>
<div class="su-spoiler su-spoiler-style-defoult su-spoiler-icon-caret su-spoiler-closed" data-scroll-offset="0" data-anchor-in-url="no"><div class="su-spoiler-title" tabindex="0" role="button"><span class="su-spoiler-icon"></span>Kollha</div><div class="su-spoiler-content su-u-clearfix su-u-trim">
<strong>Rakkomandat:</strong></p>
<ol>
<li>Kapaċità tax-xogħol mnaqqsa u nuqqas ta' interess, instabbiltà psiko-emotiva, insonnja riżultanti minn għeja kronika.</li>
<li>Disturbi tal-prostata, menopawża maskili.</li>
<li>Raffa frekwenti, influwenza.</li>
<li>Tnaqqis ġenerali fis-sistema immunitarja wara marda serja, għar-riabilitazzjoni</li>
</ol>
</div></div>

<p>Speciális Trio-men sugárzó Férfiak számára, 23. sz. Javallott: a funkcionális tartalékok és az emberi szervezet adaptációs lehetőségeinek optimizálásához, melyek a negatív környezeti hatások, életmód vagy betegség következtében léptek fel. Az alkalmazók kategóriája: férfiak. Hatása: a nemi hovatartozást figyelembe vevő általános erősítő hatás (pszichoemocionális szint, neurohumorális reguláció). Hatásmechanizmus: A program (hordozó frekvencia, alacsony frekvenciájú moduláció és [&hellip;]</p>
