{"id":4720,"date":"2023-11-11T14:33:56","date_gmt":"2023-11-11T13:33:56","guid":{"rendered":"https:\/\/vetomshop.hu\/termek\/egeszseges-maj-jelado\/"},"modified":"2024-10-29T21:36:20","modified_gmt":"2024-10-29T20:36:20","slug":"egeszseges-maj-jelado","status":"publish","type":"product","link":"https:\/\/vetomshop.hu\/pt\/produto\/egeszseges-maj-jelado\/","title":{"rendered":"Sinalizador de f\u00edgado saud\u00e1vel"},"content":{"rendered":"<h4>\u00abRadiador \u00bbF\u00edgado saud\u00e1vel\" \u211614<\/h4>\n<p>Sua frequ\u00eancia corresponde \u00e0 frequ\u00eancia do tecido hep\u00e1tico e seu tempo de opera\u00e7\u00e3o \u00e9 de 12 minutos.<\/p>\n<p>Ele pode ser usado em programas de tratamento complexos para o f\u00edgado, a bile e os dutos biliares.<\/p>\n<ul>\n<li>Estimula o metabolismo (processos metab\u00f3licos) nos hepat\u00f3citos (c\u00e9lulas do f\u00edgado).<\/li>\n<li>Melhora as fun\u00e7\u00f5es sint\u00e9ticas e de desintoxica\u00e7\u00e3o do f\u00edgado.<\/li>\n<li>Reduz o edema.<\/li>\n<li>Estimula os processos de regenera\u00e7\u00e3o e reparo dos hepat\u00f3citos.<\/li>\n<li>Tem um efeito antiespasm\u00f3dico.<\/li>\n<li>Efeito analg\u00e9sico.<\/li>\n<li>Efeito anti-inflamat\u00f3rio.<\/li>\n<li>Melhora a circula\u00e7\u00e3o sangu\u00ednea.<\/li>\n<li>Otimiza a forma\u00e7\u00e3o e a secre\u00e7\u00e3o da bile.<\/li>\n<li>Previne les\u00f5es cirr\u00f3ticas do f\u00edgado.<\/li>\n<\/ul>\n<div class=\"su-spoiler su-spoiler-style-defoult su-spoiler-icon-caret su-spoiler-closed\" data-scroll-offset=\"0\" data-anchor-in-url=\"no\"><div class=\"su-spoiler-title\" tabindex=\"0\" role=\"button\"><span class=\"su-spoiler-icon\"><\/span>Todos<\/div><div class=\"su-spoiler-content su-u-clearfix su-u-trim\">\n<p>\u00c1reas de tratamento recomendadas: pontos e zonas biologicamente ativos, 12 a 12 minutos por ponto. Os tratamentos recomendados podem ser repetidos de 2 a 3 vezes por ano, ap\u00f3s um m\u00ednimo de 3 meses, at\u00e9 que a condi\u00e7\u00e3o melhore, e podem ser complementados com outros tratamentos bioinform\u00e1ticos.<\/p>\n<\/div><\/div>","protected":false},"excerpt":{"rendered":"<p>\u00abEg\u00e9szs\u00e9ges m\u00e1j\u00bb sug\u00e1rz\u00f3 \u211614 Frekvenci\u00e1ja megfelel a m\u00e1jsz\u00f6vet frekvenci\u00e1j\u00e1nak, m\u0171k\u00f6d\u00e9si ideje 12 perc. A m\u00e1j, az epe \u00e9s az epevezet\u00e9kek komplex kezel\u00e9si programjaiban alkalmazhat\u00f3. Serkenti a metabolizmus (anyagcsere) folyamatait a hepatocit\u00e1kban (a m\u00e1jsejtekben). Jav\u00edtja a m\u00e1j szintetikus \u00e9s dezintoxik\u00e1ci\u00f3s funkci\u00f3it. Cs\u00f6kkenti az \u00f6d\u00e9m\u00e1sod\u00e1st. Serkenti a hepatocit\u00e1k regener\u00e1ci\u00f3s \u00e9s repar\u00e1ci\u00f3s folyamatait. G\u00f6rcsold\u00f3 hat\u00e1sa van. F\u00e1jdalomcsillap\u00edt\u00f3 hat\u00e1s. [&hellip;]<\/p>\n","protected":false},"featured_media":4719,"comment_status":"open","ping_status":"closed","template":"","meta":[],"product_brand":[],"product_cat":[35,32],"product_tag":[],"class_list":{"0":"post-4720","1":"product","2":"type-product","3":"status-publish","4":"has-post-thumbnail","6":"product_cat-csatlakoztathato-jeladok","7":"product_cat-triomed","9":"first","10":"instock","11":"taxable","12":"shipping-taxable","13":"purchasable","14":"product-type-simple"},"_links":{"self":[{"href":"https:\/\/vetomshop.hu\/pt\/wp-json\/wp\/v2\/product\/4720","targetHints":{"allow":["GET"]}}],"collection":[{"href":"https:\/\/vetomshop.hu\/pt\/wp-json\/wp\/v2\/product"}],"about":[{"href":"https:\/\/vetomshop.hu\/pt\/wp-json\/wp\/v2\/types\/product"}],"replies":[{"embeddable":true,"href":"https:\/\/vetomshop.hu\/pt\/wp-json\/wp\/v2\/comments?post=4720"}],"wp:featuredmedia":[{"embeddable":true,"href":"https:\/\/vetomshop.hu\/pt\/wp-json\/wp\/v2\/media\/4719"}],"wp:attachment":[{"href":"https:\/\/vetomshop.hu\/pt\/wp-json\/wp\/v2\/media?parent=4720"}],"wp:term":[{"taxonomy":"product_brand","embeddable":true,"href":"https:\/\/vetomshop.hu\/pt\/wp-json\/wp\/v2\/product_brand?post=4720"},{"taxonomy":"product_cat","embeddable":true,"href":"https:\/\/vetomshop.hu\/pt\/wp-json\/wp\/v2\/product_cat?post=4720"},{"taxonomy":"product_tag","embeddable":true,"href":"https:\/\/vetomshop.hu\/pt\/wp-json\/wp\/v2\/product_tag?post=4720"}],"curies":[{"name":"wp","href":"https:\/\/api.w.org\/{rel}","templated":true}]}}

Sinalizador de fígado saudável

<h4>«Radiador »Fígado saudável" №14</h4>
<p>Sua frequência corresponde à frequência do tecido hepático e seu tempo de operação é de 12 minutos.</p>
<p>Ele pode ser usado em programas de tratamento complexos para o fígado, a bile e os dutos biliares.</p>
<ul>
<li>Estimula o metabolismo (processos metabólicos) nos hepatócitos (células do fígado).</li>
<li>Melhora as funções sintéticas e de desintoxicação do fígado.</li>
<li>Reduz o edema.</li>
<li>Estimula os processos de regeneração e reparo dos hepatócitos.</li>
<li>Tem um efeito antiespasmódico.</li>
<li>Efeito analgésico.</li>
<li>Efeito anti-inflamatório.</li>
<li>Melhora a circulação sanguínea.</li>
<li>Otimiza a formação e a secreção da bile.</li>
<li>Previne lesões cirróticas do fígado.</li>
</ul>
<div class="su-spoiler su-spoiler-style-defoult su-spoiler-icon-caret su-spoiler-closed" data-scroll-offset="0" data-anchor-in-url="no"><div class="su-spoiler-title" tabindex="0" role="button"><span class="su-spoiler-icon"></span>Todos</div><div class="su-spoiler-content su-u-clearfix su-u-trim">
<p>Áreas de tratamento recomendadas: pontos e zonas biologicamente ativos, 12 a 12 minutos por ponto. Os tratamentos recomendados podem ser repetidos de 2 a 3 vezes por ano, após um mínimo de 3 meses, até que a condição melhore, e podem ser complementados com outros tratamentos bioinformáticos.</p>
</div></div>

<p>«Egészséges máj» sugárzó №14 Frekvenciája megfelel a májszövet frekvenciájának, működési ideje 12 perc. A máj, az epe és az epevezetékek komplex kezelési programjaiban alkalmazható. Serkenti a metabolizmus (anyagcsere) folyamatait a hepatocitákban (a májsejtekben). Javítja a máj szintetikus és dezintoxikációs funkcióit. Csökkenti az ödémásodást. Serkenti a hepatociták regenerációs és reparációs folyamatait. Görcsoldó hatása van. Fájdalomcsillapító hatás. [&hellip;]</p>
