{"id":4743,"date":"2023-11-11T14:34:00","date_gmt":"2023-11-11T13:34:00","guid":{"rendered":"https:\/\/vetomshop.hu\/termek\/siker-medal\/"},"modified":"2023-11-11T14:34:00","modified_gmt":"2023-11-11T13:34:00","slug":"siker-medal","status":"publish","type":"product","link":"https:\/\/vetomshop.hu\/pt\/produto\/siker-medal\/","title":{"rendered":"Medalha de sucesso"},"content":{"rendered":"<h4>Medalha de sucesso para crian\u00e7as<\/h4>\n<p><strong>Objetivo:<\/strong><\/p>\n<p>Fun\u00e7\u00f5es cognitivas (processos cognitivos) -<\/p>\n<ol>\n<li>aten\u00e7\u00e3o, observa\u00e7\u00e3o<\/li>\n<li>detec\u00e7\u00e3o-detec\u00e7\u00e3o<\/li>\n<li>mem\u00f3ria<\/li>\n<li>fun\u00e7\u00f5es de pensamento<\/li>\n<\/ol>\n<p>- como uma ferramenta complementar para ajudar a ativar, neutralizar a fadiga do aprendizado e melhorar o bem-estar emocional.<\/p>\n<p>Auxilia na recupera\u00e7\u00e3o de uma sobrecarga significativa de informa\u00e7\u00f5es, prevenindo a fadiga cr\u00f4nica e a s\u00edndrome da exaust\u00e3o.<\/p>\n<div class=\"su-spoiler su-spoiler-style-defoult su-spoiler-icon-caret su-spoiler-closed\" data-scroll-offset=\"0\" data-anchor-in-url=\"no\"><div class=\"su-spoiler-title\" tabindex=\"0\" role=\"button\"><span class=\"su-spoiler-icon\"><\/span>Todos<\/div><div class=\"su-spoiler-content su-u-clearfix su-u-trim\">\n<h4>Breve descri\u00e7\u00e3o<\/h4>\n<p>As informa\u00e7\u00f5es registradas no portador de informa\u00e7\u00f5es eletr\u00f4nicas - a Medalha de Sa\u00fade SIKER - correspondem ao espectro de vibra\u00e7\u00f5es eletromagn\u00e9ticas das c\u00e9lulas e dos tecidos do sistema nervoso central e \u00e0s vibra\u00e7\u00f5es (espectro eletromagn\u00e9tico) de subst\u00e2ncias anti-homot\u00f3xicas que aumentam a capacidade de trabalho mental, a estabilidade antiestresse de estudantes e trabalhadores intelectuais e mant\u00eam um hist\u00f3rico psicoemocional ideal. As atividades dos alunos s\u00e3o acompanhadas por uma alta intensidade de processos mentais sob condi\u00e7\u00f5es de press\u00e3o de tempo e alta densidade de informa\u00e7\u00f5es, que t\u00eam o car\u00e1ter de estresse. O pensamento envolve os aspectos ativos da cogni\u00e7\u00e3o: aten\u00e7\u00e3o, percep\u00e7\u00e3o, processos de associa\u00e7\u00e3o, forma\u00e7\u00e3o de conceitos e avalia\u00e7\u00f5es, um componente da atividade realista da pessoa social.<\/p>\n<p>O pensamento est\u00e1 relacionado \u00e0 atividade do c\u00e9rebro, mas a capacidade de pensar abstratamente vem da aquisi\u00e7\u00e3o de exist\u00eancia pr\u00e1tica, regras de linguagem, l\u00f3gica e cultura. O pensamento ocorre em diferentes formas de atividade intelectual e pr\u00e1tica, no decorrer das quais as experi\u00eancias cognitivas das pessoas s\u00e3o generalizadas e agregadas. O pensamento \u00e9 considerado a fonte e o meio fundamental da exist\u00eancia humana real.<\/p>\n<\/div><\/div>","protected":false},"excerpt":{"rendered":"<p>Siker Med\u00e1l gyerekeknek Rendeltet\u00e9se: A kognit\u00edv funkci\u00f3k (megismer\u0151 folyamatok) &#8211; figyelem, megfigyel\u0151k\u00e9pess\u00e9g \u00e9rz\u00e9kel\u00e9s-\u00e9szlel\u00e9s eml\u00e9kezet gondolkod\u00e1si funkci\u00f3k &#8211; aktiv\u00e1l\u00e1s\u00e1t seg\u00edt\u0151, a tanul\u00e1st k\u00eds\u00e9r\u0151 f\u00e1radts\u00e1g ellens\u00falyoz\u00e1s\u00e1t \u00e9s az emocion\u00e1lis k\u00f6z\u00e9rzet jav\u00edt\u00e1s\u00e1t szolg\u00e1l\u00f3 kieg\u00e9sz\u00edt\u0151 eszk\u00f6z. T\u00e1mogatja a jelent\u0151s inform\u00e1ci\u00f3s megterhel\u00e9s ut\u00e1ni helyre\u00e1ll\u00edt\u00e1st, a kr\u00f3nikus f\u00e1radts\u00e1g \u00e9s kimer\u00fclts\u00e9g szindr\u00f3ma megel\u0151z\u00e9s\u00e9t.<\/p>","protected":false},"featured_media":4742,"comment_status":"open","ping_status":"closed","template":"","meta":[],"product_brand":[],"product_cat":[33,32],"product_tag":[],"class_list":{"0":"post-4743","1":"product","2":"type-product","3":"status-publish","4":"has-post-thumbnail","6":"product_cat-egeszseg-medalok","7":"product_cat-triomed","9":"first","10":"instock","11":"taxable","12":"shipping-taxable","13":"purchasable","14":"product-type-simple"},"_links":{"self":[{"href":"https:\/\/vetomshop.hu\/pt\/wp-json\/wp\/v2\/product\/4743","targetHints":{"allow":["GET"]}}],"collection":[{"href":"https:\/\/vetomshop.hu\/pt\/wp-json\/wp\/v2\/product"}],"about":[{"href":"https:\/\/vetomshop.hu\/pt\/wp-json\/wp\/v2\/types\/product"}],"replies":[{"embeddable":true,"href":"https:\/\/vetomshop.hu\/pt\/wp-json\/wp\/v2\/comments?post=4743"}],"wp:featuredmedia":[{"embeddable":true,"href":"https:\/\/vetomshop.hu\/pt\/wp-json\/wp\/v2\/media\/4742"}],"wp:attachment":[{"href":"https:\/\/vetomshop.hu\/pt\/wp-json\/wp\/v2\/media?parent=4743"}],"wp:term":[{"taxonomy":"product_brand","embeddable":true,"href":"https:\/\/vetomshop.hu\/pt\/wp-json\/wp\/v2\/product_brand?post=4743"},{"taxonomy":"product_cat","embeddable":true,"href":"https:\/\/vetomshop.hu\/pt\/wp-json\/wp\/v2\/product_cat?post=4743"},{"taxonomy":"product_tag","embeddable":true,"href":"https:\/\/vetomshop.hu\/pt\/wp-json\/wp\/v2\/product_tag?post=4743"}],"curies":[{"name":"wp","href":"https:\/\/api.w.org\/{rel}","templated":true}]}}

<h4>Medalha de sucesso para crianças</h4>
<p><strong>Objetivo:</strong></p>
<p>Funções cognitivas (processos cognitivos) -</p>
<ol>
<li>atenção, observação</li>
<li>detecção-detecção</li>
<li>memória</li>
<li>funções de pensamento</li>
</ol>
<p>- como uma ferramenta complementar para ajudar a ativar, neutralizar a fadiga do aprendizado e melhorar o bem-estar emocional.</p>
<p>Auxilia na recuperação de uma sobrecarga significativa de informações, prevenindo a fadiga crônica e a síndrome da exaustão.</p>
<div class="su-spoiler su-spoiler-style-defoult su-spoiler-icon-caret su-spoiler-closed" data-scroll-offset="0" data-anchor-in-url="no"><div class="su-spoiler-title" tabindex="0" role="button"><span class="su-spoiler-icon"></span>Todos</div><div class="su-spoiler-content su-u-clearfix su-u-trim">
<h4>Breve descrição</h4>
<p>As informações registradas no portador de informações eletrônicas - a Medalha de Saúde SIKER - correspondem ao espectro de vibrações eletromagnéticas das células e dos tecidos do sistema nervoso central e às vibrações (espectro eletromagnético) de substâncias anti-homotóxicas que aumentam a capacidade de trabalho mental, a estabilidade antiestresse de estudantes e trabalhadores intelectuais e mantêm um histórico psicoemocional ideal. As atividades dos alunos são acompanhadas por uma alta intensidade de processos mentais sob condições de pressão de tempo e alta densidade de informações, que têm o caráter de estresse. O pensamento envolve os aspectos ativos da cognição: atenção, percepção, processos de associação, formação de conceitos e avaliações, um componente da atividade realista da pessoa social.</p>
<p>O pensamento está relacionado à atividade do cérebro, mas a capacidade de pensar abstratamente vem da aquisição de existência prática, regras de linguagem, lógica e cultura. O pensamento ocorre em diferentes formas de atividade intelectual e prática, no decorrer das quais as experiências cognitivas das pessoas são generalizadas e agregadas. O pensamento é considerado a fonte e o meio fundamental da existência humana real.</p>
</div></div>

<p>Siker Medál gyerekeknek Rendeltetése: A kognitív funkciók (megismerő folyamatok) &#8211; figyelem, megfigyelőképesség érzékelés-észlelés emlékezet gondolkodási funkciók &#8211; aktiválását segítő, a tanulást kísérő fáradtság ellensúlyozását és az emocionális közérzet javítását szolgáló kiegészítő eszköz. Támogatja a jelentős információs megterhelés utáni helyreállítást, a krónikus fáradtság és kimerültség szindróma megelőzését.</p>
