{"id":6957,"date":"2025-07-26T15:40:40","date_gmt":"2025-07-26T13:40:40","guid":{"rendered":"https:\/\/vetomshop.hu\/?post_type=product&#038;p=6957"},"modified":"2025-12-31T14:57:45","modified_gmt":"2025-12-31T13:57:45","slug":"bioseptin-probiotikus-kenocs-60-g","status":"publish","type":"product","link":"https:\/\/vetomshop.hu\/sk\/produkt\/bioseptin-probiotikus-kenocs-60-g\/","title":{"rendered":"Probiotick\u00e1 mas\u0165 Bioseptin <span style=\"color:red\">60<\/span> g"},"content":{"rendered":"<p><span style=\"font-size: x-large;\"><b>Biosept\u00edn probiotick\u00e1 mas\u0165 60 g<\/b><\/span><\/p>\n<p><span style=\"font-size: x-large;\">Biosept\u00ednov\u00e1 mas\u0165 m\u00e1 antiseptick\u00e9, protiz\u00e1palov\u00e9 a bielkoviny odb\u00faravaj\u00face vlastnosti. Obsahuje sp\u00f3ry bakt\u00e9ri\u00ed Bacillus subtilis a Bacillus licheniformis, ktor\u00e9 s\u00fa \u00fa\u010dinn\u00e9 proti \u0161irok\u00e9mu spektru patog\u00e9nov. Ni\u010dia patog\u00e9nne bakt\u00e9rie na povrchu rany, \u010di u\u017e v prostred\u00ed n\u00e1ro\u010dnom na kysl\u00edk alebo bez neho, najm\u00e4 grampozit\u00edvne typy. Pom\u00e1haj\u00fa rozklada\u0165 odumret\u00e9 tkanivo a \u0161kodliv\u00e9 bakt\u00e9rie, \u010d\u00edm zabra\u0148uj\u00fa op\u00e4tovnej infekcii a ur\u00fdch\u013euj\u00fa hojenie r\u00e1n. Mas\u0165 nesp\u00f4sobuje podr\u00e1\u017edenie a nedoch\u00e1dza k alergick\u00fdm reakci\u00e1m.<\/span><\/p>\n<p><span style=\"font-size: x-large;\"><b>Zlo\u017eenie a prezent\u00e1cia:<\/b><\/span><\/p>\n<p><span style=\"font-size: x-large;\">Mas\u0165 obsahuje sp\u00f3ry dvoch bakteri\u00e1lnych kme\u0148ov v agarovom (g\u00e9lovom) z\u00e1klade a etylalkohol. Neobsahuje \u017eiadne geneticky modifikovan\u00e9 zlo\u017eky. Ka\u017ed\u00fd gram masti obsahuje najmenej jeden mili\u00f3n \u017eiv\u00fdch bakteri\u00e1lnych buniek.<\/span><\/p>\n<p>Nieko\u013eko kraj\u00edn medzin\u00e1rodnej organiz\u00e1cie spolo\u010dne zaviedlo z\u00e1kaz obchodovania (embargo) s kozmetick\u00fdmi v\u00fdrobkami, preto bola mas\u0165 Bioseptin v Ma\u010farsku registrovan\u00e1 ako veterin\u00e1rny liek. .<\/p>\n<p><span style=\"font-size: x-large;\"><b>Ako pou\u017e\u00edva\u0165:<\/b><\/span><\/p>\n<p><span style=\"font-size: x-large;\">Mal by sa aplikova\u0165 zvonka, tenu\u010dk\u00fdm rozotret\u00edm na po\u0161koden\u00fa oblas\u0165 poko\u017eky, 1-2 kr\u00e1t denne a\u017e do vylie\u010denia. O\u0161etren\u00fa oblas\u0165 nie je potrebn\u00e9 obv\u00e4zova\u0165.<\/span><\/p>\n<p><span style=\"font-size: x-large;\"><b>Kedy nepou\u017e\u00edva\u0165:<\/b><\/span><\/p>\n<p><span style=\"font-size: x-large;\">\u00a0 \u00a0Ak ste citliv\u00ed na niektor\u00fa zo zlo\u017eiek tohto v\u00fdrobku, neodpor\u00fa\u010da sa. Nemal by sa tie\u017e pou\u017e\u00edva\u0165 v kombin\u00e1cii s antibiotikami, sulfonamidmi alebo in\u00fdmi pr\u00edpravkami na b\u00e1ze bakt\u00e9ri\u00ed.<\/span><\/p>\n<p><span style=\"font-size: x-large;\"><b>D\u00f4le\u017eit\u00e9 inform\u00e1cie:<\/b><\/span><\/p>\n<p><span style=\"font-size: x-large;\"><span style=\"color: #127622;\"><b>U \u013eud\u00ed sa pou\u017e\u00edva mas\u0165:<\/b><\/span><\/span><\/p>\n<p><span style=\"font-size: large;\">Nan\u00e1\u0161ajte tenk\u00fa vrstvu 1-2 kr\u00e1t denne, k\u00fdm sa rana nezahoj\u00ed.<\/span><\/p>\n<p><span style=\"font-size: large;\">Pred\u00e1vkovanie nie je mo\u017en\u00e9.<\/span><\/p>\n<p><span style=\"font-size: x-large;\"><span style=\"color: #127622;\"><b>U zvierat aplik\u00e1cia masti:<\/b><\/span><\/span><\/p>\n<p><span style=\"font-size: x-large;\">Po o\u0161etren\u00ed zvierat nie je potrebn\u00e9 \u010daka\u0165, k\u00fdm sa ich m\u00e4so alebo in\u00e9 produkty (napr. vajcia, mlieko) m\u00f4\u017eu pou\u017ei\u0165 ako potravina - t. j. m\u00f4\u017eu sa okam\u017eite skonzumova\u0165.<\/span><\/p>\n<p><span style=\"font-size: x-large;\"><b>Oblasti pou\u017eitia:<\/b><\/span><\/p>\n<p><span style=\"font-size: x-large;\">M\u00f4\u017ee sa pou\u017e\u00edva\u0165 na o\u0161etrenie r\u00e1n, infikovan\u00e9ho alebo odumret\u00e9ho tkaniva, pop\u00e1len\u00edn a dermatit\u00eddy u r\u00f4znych druhov zvierat - dom\u00e1cich, hospod\u00e1rskych, vo\u013ene \u017eij\u00facich a ko\u017eu\u0161inov\u00fdch zvierat a hydiny.<\/span><\/p>\n<p><span style=\"font-size: x-large;\"><b>Ne\u017eiaduce \u00fa\u010dinky:<\/b><\/span><\/p>\n<p><span style=\"font-size: x-large;\">Pri spr\u00e1vnom pou\u017e\u00edvan\u00ed s\u00fa ved\u013eaj\u0161ie \u00fa\u010dinky zriedkav\u00e9 alebo neexistuj\u00fa v\u00f4bec.<\/span><\/p>\n<p><span style=\"font-size: x-large;\"><b>Ukladanie :<\/b><\/span><\/p>\n<p><span style=\"font-size: x-large;\">Mas\u0165 sa m\u00e1 uchov\u00e1va\u0165 na chladnom (0-10 \u00b0C), suchom a tmavom mieste, mimo dosahu det\u00ed a zvierat. Po\u010das prepravy by mala zosta\u0165 pri teplote 20 \u00b0C maxim\u00e1lne 2 t\u00fd\u017edne. M\u00f4\u017ee sa pou\u017e\u00edva\u0165 2 roky od d\u00e1tumu v\u00fdroby.<\/span><\/p>","protected":false},"excerpt":{"rendered":"<p>A <strong>Biosept\u00ednov\u00e1 mas\u0165<\/strong> antiseptick\u00e9, protiz\u00e1palov\u00e9 a proteolytick\u00e9 vlastnosti. Obsahuje <strong>Bacillus subtilis<\/strong> a <strong>Bacillus licheniformis<\/strong> bakteri\u00e1lne sp\u00f3ry s\u00fa \u00fa\u010dinn\u00e9 proti \u0161irok\u00e9mu spektru patog\u00e9nov. Zab\u00edjaj\u00fa patog\u00e9nne bakt\u00e9rie na povrchu rany bez oh\u013eadu na to, \u010di \u017eij\u00fa v prostred\u00ed n\u00e1ro\u010dnom na kysl\u00edk alebo bez neho, najm\u00e4 grampozit\u00edvne typy. Pom\u00e1haj\u00fa rozklada\u0165 odumret\u00e9 tkanivo a \u0161kodliv\u00e9 bakt\u00e9rie, \u010d\u00edm zabra\u0148uj\u00fa op\u00e4tovnej infekcii a ur\u00fdch\u013euj\u00fa hojenie r\u00e1n. Mas\u0165 nesp\u00f4sobuje podr\u00e1\u017edenie a nedoch\u00e1dza k alergick\u00fdm reakci\u00e1m.<\/p>\n<div class=\"plashka\">\n<h5>Vlastnosti a mechanizmus \u00fa\u010dinku:<br \/>\nBiosept\u00edn - mas\u0165 s o\u0161etruj\u00facimi, antiseptick\u00fdmi, protiz\u00e1palov\u00fdmi a proteolytick\u00fdmi \u00fa\u010dinkami.<\/h5>\n<\/div>","protected":false},"featured_media":6958,"comment_status":"open","ping_status":"closed","template":"","meta":[],"product_brand":[],"product_cat":[22],"product_tag":[],"class_list":{"0":"post-6957","1":"product","2":"type-product","3":"status-publish","4":"has-post-thumbnail","6":"product_cat-vetom-probiotikumok","8":"first","9":"outofstock","10":"taxable","11":"shipping-taxable","12":"purchasable","13":"product-type-simple"},"_links":{"self":[{"href":"https:\/\/vetomshop.hu\/sk\/wp-json\/wp\/v2\/product\/6957","targetHints":{"allow":["GET"]}}],"collection":[{"href":"https:\/\/vetomshop.hu\/sk\/wp-json\/wp\/v2\/product"}],"about":[{"href":"https:\/\/vetomshop.hu\/sk\/wp-json\/wp\/v2\/types\/product"}],"replies":[{"embeddable":true,"href":"https:\/\/vetomshop.hu\/sk\/wp-json\/wp\/v2\/comments?post=6957"}],"wp:featuredmedia":[{"embeddable":true,"href":"https:\/\/vetomshop.hu\/sk\/wp-json\/wp\/v2\/media\/6958"}],"wp:attachment":[{"href":"https:\/\/vetomshop.hu\/sk\/wp-json\/wp\/v2\/media?parent=6957"}],"wp:term":[{"taxonomy":"product_brand","embeddable":true,"href":"https:\/\/vetomshop.hu\/sk\/wp-json\/wp\/v2\/product_brand?post=6957"},{"taxonomy":"product_cat","embeddable":true,"href":"https:\/\/vetomshop.hu\/sk\/wp-json\/wp\/v2\/product_cat?post=6957"},{"taxonomy":"product_tag","embeddable":true,"href":"https:\/\/vetomshop.hu\/sk\/wp-json\/wp\/v2\/product_tag?post=6957"}],"curies":[{"name":"wp","href":"https:\/\/api.w.org\/{rel}","templated":true}]}}

Probiotická masť Bioseptin <span style="color:red">60</span> g

<p><span style="font-size: x-large;"><b>Bioseptín probiotická masť 60 g</b></span></p>
<p><span style="font-size: x-large;">Bioseptínová masť má antiseptické, protizápalové a bielkoviny odbúravajúce vlastnosti. Obsahuje spóry baktérií Bacillus subtilis a Bacillus licheniformis, ktoré sú účinné proti širokému spektru patogénov. Ničia patogénne baktérie na povrchu rany, či už v prostredí náročnom na kyslík alebo bez neho, najmä grampozitívne typy. Pomáhajú rozkladať odumreté tkanivo a škodlivé baktérie, čím zabraňujú opätovnej infekcii a urýchľujú hojenie rán. Masť nespôsobuje podráždenie a nedochádza k alergickým reakciám.</span></p>
<p><span style="font-size: x-large;"><b>Zloženie a prezentácia:</b></span></p>
<p><span style="font-size: x-large;">Masť obsahuje spóry dvoch bakteriálnych kmeňov v agarovom (gélovom) základe a etylalkohol. Neobsahuje žiadne geneticky modifikované zložky. Každý gram masti obsahuje najmenej jeden milión živých bakteriálnych buniek.</span></p>
<p>Niekoľko krajín medzinárodnej organizácie spoločne zaviedlo zákaz obchodovania (embargo) s kozmetickými výrobkami, preto bola masť Bioseptin v Maďarsku registrovaná ako veterinárny liek. .</p>
<p><span style="font-size: x-large;"><b>Ako používať:</b></span></p>
<p><span style="font-size: x-large;">Mal by sa aplikovať zvonka, tenučkým rozotretím na poškodenú oblasť pokožky, 1-2 krát denne až do vyliečenia. Ošetrenú oblasť nie je potrebné obväzovať.</span></p>
<p><span style="font-size: x-large;"><b>Kedy nepoužívať:</b></span></p>
<p><span style="font-size: x-large;">   Ak ste citliví na niektorú zo zložiek tohto výrobku, neodporúča sa. Nemal by sa tiež používať v kombinácii s antibiotikami, sulfonamidmi alebo inými prípravkami na báze baktérií.</span></p>
<p><span style="font-size: x-large;"><b>Dôležité informácie:</b></span></p>
<p><span style="font-size: x-large;"><span style="color: #127622;"><b>U ľudí sa používa masť:</b></span></span></p>
<p><span style="font-size: large;">Nanášajte tenkú vrstvu 1-2 krát denne, kým sa rana nezahojí.</span></p>
<p><span style="font-size: large;">Predávkovanie nie je možné.</span></p>
<p><span style="font-size: x-large;"><span style="color: #127622;"><b>U zvierat aplikácia masti:</b></span></span></p>
<p><span style="font-size: x-large;">Po ošetrení zvierat nie je potrebné čakať, kým sa ich mäso alebo iné produkty (napr. vajcia, mlieko) môžu použiť ako potravina - t. j. môžu sa okamžite skonzumovať.</span></p>
<p><span style="font-size: x-large;"><b>Oblasti použitia:</b></span></p>
<p><span style="font-size: x-large;">Môže sa používať na ošetrenie rán, infikovaného alebo odumretého tkaniva, popálenín a dermatitídy u rôznych druhov zvierat - domácich, hospodárskych, voľne žijúcich a kožušinových zvierat a hydiny.</span></p>
<p><span style="font-size: x-large;"><b>Nežiaduce účinky:</b></span></p>
<p><span style="font-size: x-large;">Pri správnom používaní sú vedľajšie účinky zriedkavé alebo neexistujú vôbec.</span></p>
<p><span style="font-size: x-large;"><b>Ukladanie :</b></span></p>
<p><span style="font-size: x-large;">Masť sa má uchovávať na chladnom (0-10 °C), suchom a tmavom mieste, mimo dosahu detí a zvierat. Počas prepravy by mala zostať pri teplote 20 °C maximálne 2 týždne. Môže sa používať 2 roky od dátumu výroby.</span></p>

<p>A <strong>Bioseptínová masť</strong> antiseptické, protizápalové a proteolytické vlastnosti. Obsahuje <strong>Bacillus subtilis</strong> a <strong>Bacillus licheniformis</strong> bakteriálne spóry sú účinné proti širokému spektru patogénov. Zabíjajú patogénne baktérie na povrchu rany bez ohľadu na to, či žijú v prostredí náročnom na kyslík alebo bez neho, najmä grampozitívne typy. Pomáhajú rozkladať odumreté tkanivo a škodlivé baktérie, čím zabraňujú opätovnej infekcii a urýchľujú hojenie rán. Masť nespôsobuje podráždenie a nedochádza k alergickým reakciám.</p>
<div class="plashka">
<h5>Vlastnosti a mechanizmus účinku:<br />
Bioseptín - masť s ošetrujúcimi, antiseptickými, protizápalovými a proteolytickými účinkami.</h5>
</div>
