{"id":4741,"date":"2023-11-11T14:34:00","date_gmt":"2023-11-11T13:34:00","guid":{"rendered":"https:\/\/vetomshop.hu\/termek\/sigma-medal\/"},"modified":"2023-11-11T14:34:00","modified_gmt":"2023-11-11T13:34:00","slug":"sigma-medal","status":"publish","type":"product","link":"https:\/\/vetomshop.hu\/sv\/produkt\/sigma-medal\/","title":{"rendered":"Sigma-medalj"},"content":{"rendered":"<p>A <strong>SIGMA H\u00e4lsomedalj<\/strong> \u00e4r att \u00e5terst\u00e4lla h\u00e5rs\u00e4ckarnas normala fysiologiska processer, att \u00f6ka deras motst\u00e5ndskraft mot negativa milj\u00f6faktorer och \u00f6kad stress, att f\u00f6rl\u00e4nga h\u00e5rv\u00e4xtfasen och d\u00e4rmed \u00f6ka den totala h\u00e5rt\u00e4theten.<\/p>\n<p><strong>Effekter:<\/strong><\/p>\n<ul>\n<li>normaliserar blodcirkulationen, immunf\u00f6rsvaret och \u00e4mnesoms\u00e4ttningen i h\u00e5rs\u00e4ckarna, vilket f\u00f6rhindrar utvecklingen av atrofi;<\/li>\n<li>minskar sv\u00e5righetsgraden av inflammatoriska processer i huden och h\u00e5rs\u00e4ckarna;<\/li>\n<li>bidrar till att normalisera \u00e4mnesoms\u00e4ttningen i huden och i kroppen som helhet; f\u00f6rebygger utvecklingen av alopecia areata (fl\u00e4ckvis h\u00e5ravfall).<\/li>\n<\/ul>\n<p>SIGMA h\u00e4lsoh\u00e4nge har en positiv effekt p\u00e5 kroppens funktioner och kan anv\u00e4ndas som ett verktyg f\u00f6r optimering och korrigering i kombination med andra behandlingar f\u00f6r alopecia areata (fl\u00e4ckvis h\u00e5ravfall)<br \/>\noch andra f\u00f6rebyggande metoder.<\/p>\n<div class=\"su-spoiler su-spoiler-style-defoult su-spoiler-icon-caret su-spoiler-closed\" data-scroll-offset=\"0\" data-anchor-in-url=\"no\"><div class=\"su-spoiler-title\" tabindex=\"0\" role=\"button\"><span class=\"su-spoiler-icon\"><\/span>Alla<\/div><div class=\"su-spoiler-content su-u-clearfix su-u-trim\">\n<p><strong>Typer av fl\u00e4ckvis h\u00e5ravfall:<\/strong><\/p>\n<p>Baserat p\u00e5 omfattningen av h\u00e5ravfallet delas fl\u00e4ckvis h\u00e5ravfall in i f\u00f6ljande typer:<\/p>\n<ul>\n<li>Alopecia areata unilocularis: h\u00e5ret faller av i endast en fl\u00e4ck<\/li>\n<li>Alopecia areata multilocularis: flera fl\u00e4ckar med \u00e4rrbildning<\/li>\n<li>Alopecia areata subtotalis: h\u00e5ret faller av n\u00e4stan \u00f6ver hela skalpenp3<\/li>\n<li>Alopecia areata totalis: alla h\u00e5rstr\u00e5n faller av i h\u00e5rbotten Alopecia areata universalis: h\u00e5ravfallet drabbar h\u00e5rbotten och hela kroppen<\/li>\n<li>Ophiasis-typ: en specifik form av alopecia areata, som k\u00e4nnetecknas av att h\u00e5ret faller av fr\u00e4mst fr\u00e5n de yttre delarna av h\u00e5rbotten, vanligtvis fr\u00e5n bakhuvudet, ibland fr\u00e5n<br \/>\nfr\u00e5n tinningarna eller pannan.<\/li>\n<\/ul>\n<p>Ut\u00f6ver de typer som anges ovan kan SIGMA Medallion anv\u00e4ndas vid h\u00e5ravfall som orsakas av kemoterapi, str\u00e5lbehandling eller endokrin dysfunktion.<\/p>\n<\/div><\/div>","protected":false},"excerpt":{"rendered":"<p>A SIGMA Eg\u00e9szs\u00e9g Med\u00e1l feladata a sz\u0151rt\u00fcsz\u0151k norm\u00e1l fiziol\u00f3giai folyamatainak helyre\u00e1ll\u00edt\u00e1sa, a kedvez\u0151tlen k\u00f6rnyezeti t\u00e9nyez\u0151kkel \u00e9s a megn\u00f6vekedett stresszterhel\u00e9ssel szembeni ellen\u00e1ll\u00f3 k\u00e9pess\u00e9g\u00fck n\u00f6vel\u00e9se, a hajn\u00f6veked\u00e9s szakasz\u00e1nak meghosszabb\u00edt\u00e1sa, ez\u00e1ltal a teljes hajs\u0171r\u0171s\u00e9g n\u00f6vel\u00e9se. Hat\u00e1sok: normaliz\u00e1lja a v\u00e9rkering\u00e9st, az immun\u00e1llapotot \u00e9s az anyagcser\u00e9t a sz\u0151rt\u00fcsz\u0151kben, megel\u0151zve az atr\u00f3fia kialakul\u00e1s\u00e1t; cs\u00f6kkenti a b\u0151r \u00e9s a sz\u0151rt\u00fcsz\u0151k gyullad\u00e1sos folyamatainak [&hellip;]<\/p>\n","protected":false},"featured_media":4740,"comment_status":"open","ping_status":"closed","template":"","meta":[],"product_brand":[],"product_cat":[33,32],"product_tag":[],"class_list":{"0":"post-4741","1":"product","2":"type-product","3":"status-publish","4":"has-post-thumbnail","6":"product_cat-egeszseg-medalok","7":"product_cat-triomed","9":"first","10":"instock","11":"taxable","12":"shipping-taxable","13":"purchasable","14":"product-type-simple"},"_links":{"self":[{"href":"https:\/\/vetomshop.hu\/sv\/wp-json\/wp\/v2\/product\/4741","targetHints":{"allow":["GET"]}}],"collection":[{"href":"https:\/\/vetomshop.hu\/sv\/wp-json\/wp\/v2\/product"}],"about":[{"href":"https:\/\/vetomshop.hu\/sv\/wp-json\/wp\/v2\/types\/product"}],"replies":[{"embeddable":true,"href":"https:\/\/vetomshop.hu\/sv\/wp-json\/wp\/v2\/comments?post=4741"}],"wp:featuredmedia":[{"embeddable":true,"href":"https:\/\/vetomshop.hu\/sv\/wp-json\/wp\/v2\/media\/4740"}],"wp:attachment":[{"href":"https:\/\/vetomshop.hu\/sv\/wp-json\/wp\/v2\/media?parent=4741"}],"wp:term":[{"taxonomy":"product_brand","embeddable":true,"href":"https:\/\/vetomshop.hu\/sv\/wp-json\/wp\/v2\/product_brand?post=4741"},{"taxonomy":"product_cat","embeddable":true,"href":"https:\/\/vetomshop.hu\/sv\/wp-json\/wp\/v2\/product_cat?post=4741"},{"taxonomy":"product_tag","embeddable":true,"href":"https:\/\/vetomshop.hu\/sv\/wp-json\/wp\/v2\/product_tag?post=4741"}],"curies":[{"name":"wp","href":"https:\/\/api.w.org\/{rel}","templated":true}]}}

<p>A <strong>SIGMA Hälsomedalj</strong> är att återställa hårsäckarnas normala fysiologiska processer, att öka deras motståndskraft mot negativa miljöfaktorer och ökad stress, att förlänga hårväxtfasen och därmed öka den totala hårtätheten.</p>
<p><strong>Effekter:</strong></p>
<ul>
<li>normaliserar blodcirkulationen, immunförsvaret och ämnesomsättningen i hårsäckarna, vilket förhindrar utvecklingen av atrofi;</li>
<li>minskar svårighetsgraden av inflammatoriska processer i huden och hårsäckarna;</li>
<li>bidrar till att normalisera ämnesomsättningen i huden och i kroppen som helhet; förebygger utvecklingen av alopecia areata (fläckvis håravfall).</li>
</ul>
<p>SIGMA hälsohänge har en positiv effekt på kroppens funktioner och kan användas som ett verktyg för optimering och korrigering i kombination med andra behandlingar för alopecia areata (fläckvis håravfall)<br />
och andra förebyggande metoder.</p>
<div class="su-spoiler su-spoiler-style-defoult su-spoiler-icon-caret su-spoiler-closed" data-scroll-offset="0" data-anchor-in-url="no"><div class="su-spoiler-title" tabindex="0" role="button"><span class="su-spoiler-icon"></span>Alla</div><div class="su-spoiler-content su-u-clearfix su-u-trim">
<p><strong>Typer av fläckvis håravfall:</strong></p>
<p>Baserat på omfattningen av håravfallet delas fläckvis håravfall in i följande typer:</p>
<ul>
<li>Alopecia areata unilocularis: håret faller av i endast en fläck</li>
<li>Alopecia areata multilocularis: flera fläckar med ärrbildning</li>
<li>Alopecia areata subtotalis: håret faller av nästan över hela skalpenp3</li>
<li>Alopecia areata totalis: alla hårstrån faller av i hårbotten Alopecia areata universalis: håravfallet drabbar hårbotten och hela kroppen</li>
<li>Ophiasis-typ: en specifik form av alopecia areata, som kännetecknas av att håret faller av främst från de yttre delarna av hårbotten, vanligtvis från bakhuvudet, ibland från<br />
från tinningarna eller pannan.</li>
</ul>
<p>Utöver de typer som anges ovan kan SIGMA Medallion användas vid håravfall som orsakas av kemoterapi, strålbehandling eller endokrin dysfunktion.</p>
</div></div>

<p>A SIGMA Egészség Medál feladata a szőrtüszők normál fiziológiai folyamatainak helyreállítása, a kedvezőtlen környezeti tényezőkkel és a megnövekedett stresszterheléssel szembeni ellenálló képességük növelése, a hajnövekedés szakaszának meghosszabbítása, ezáltal a teljes hajsűrűség növelése. Hatások: normalizálja a vérkeringést, az immunállapotot és az anyagcserét a szőrtüszőkben, megelőzve az atrófia kialakulását; csökkenti a bőr és a szőrtüszők gyulladásos folyamatainak [&hellip;]</p>
